--
-- Host: 127.0.0.1    Database: nest
-- ------------------------------------------------------


--
-- Table structure for table `activations`
--

CREATE TABLE `activations` (
  `id` bigint unsigned NOT NULL AUTO_INCREMENT,
  `user_id` bigint unsigned NOT NULL,
  `code` varchar(120) COLLATE utf8mb4_unicode_ci NOT NULL,
  `completed` tinyint(1) NOT NULL DEFAULT '0',
  `completed_at` timestamp NULL DEFAULT NULL,
  `created_at` timestamp NULL DEFAULT NULL,
  `updated_at` timestamp NULL DEFAULT NULL,
  PRIMARY KEY (`id`),
  KEY `activations_user_id_index` (`user_id`)
) ENGINE=InnoDB AUTO_INCREMENT=2 DEFAULT CHARSET=utf8mb4 COLLATE=utf8mb4_unicode_ci;

--
-- Dumping data for table `activations`
--

INSERT INTO `activations` VALUES (1,1,'4gICiUwvDxra5e4BEjccC6MGpQD6pT1f',1,'2024-06-02 03:59:13','2024-06-02 03:59:13','2024-06-02 03:59:13');

--
-- Table structure for table `admin_notifications`
--

CREATE TABLE `admin_notifications` (
  `id` bigint unsigned NOT NULL AUTO_INCREMENT,
  `title` varchar(191) COLLATE utf8mb4_unicode_ci NOT NULL,
  `action_label` varchar(191) COLLATE utf8mb4_unicode_ci DEFAULT NULL,
  `action_url` varchar(191) COLLATE utf8mb4_unicode_ci DEFAULT NULL,
  `description` varchar(400) COLLATE utf8mb4_unicode_ci DEFAULT NULL,
  `read_at` timestamp NULL DEFAULT NULL,
  `created_at` timestamp NULL DEFAULT NULL,
  `updated_at` timestamp NULL DEFAULT NULL,
  `permission` varchar(191) COLLATE utf8mb4_unicode_ci DEFAULT NULL,
  PRIMARY KEY (`id`)
) ENGINE=InnoDB DEFAULT CHARSET=utf8mb4 COLLATE=utf8mb4_unicode_ci;

--
-- Dumping data for table `admin_notifications`
--


--
-- Table structure for table `ads`
--

CREATE TABLE `ads` (
  `id` bigint unsigned NOT NULL AUTO_INCREMENT,
  `name` varchar(191) COLLATE utf8mb4_unicode_ci NOT NULL,
  `expired_at` datetime DEFAULT NULL,
  `location` varchar(120) COLLATE utf8mb4_unicode_ci DEFAULT NULL,
  `key` varchar(120) COLLATE utf8mb4_unicode_ci NOT NULL,
  `image` varchar(191) COLLATE utf8mb4_unicode_ci DEFAULT NULL,
  `url` varchar(191) COLLATE utf8mb4_unicode_ci DEFAULT NULL,
  `clicked` bigint NOT NULL DEFAULT '0',
  `order` int DEFAULT '0',
  `status` varchar(60) COLLATE utf8mb4_unicode_ci NOT NULL DEFAULT 'published',
  `created_at` timestamp NULL DEFAULT NULL,
  `updated_at` timestamp NULL DEFAULT NULL,
  `open_in_new_tab` tinyint(1) NOT NULL DEFAULT '1',
  `tablet_image` varchar(191) COLLATE utf8mb4_unicode_ci DEFAULT NULL,
  `mobile_image` varchar(191) COLLATE utf8mb4_unicode_ci DEFAULT NULL,
  `ads_type` varchar(191) COLLATE utf8mb4_unicode_ci DEFAULT NULL,
  `google_adsense_slot_id` varchar(191) COLLATE utf8mb4_unicode_ci DEFAULT NULL,
  PRIMARY KEY (`id`),
  UNIQUE KEY `ads_key_unique` (`key`)
) ENGINE=InnoDB AUTO_INCREMENT=13 DEFAULT CHARSET=utf8mb4 COLLATE=utf8mb4_unicode_ci;

--
-- Dumping data for table `ads`
--

INSERT INTO `ads` VALUES (1,'Everyday Fresh','2029-06-02 00:00:00','not_set','IZ6WU8KUALYD','promotion/1.png','/products',0,1,'published','2024-06-02 03:59:16','2024-06-02 03:59:16',1,NULL,NULL,NULL,NULL),(2,'Make your Breakfast','2029-06-02 00:00:00','not_set','ILSFJVYFGCPZ','promotion/2.png','/products',0,2,'published','2024-06-02 03:59:16','2024-06-02 03:59:16',1,NULL,NULL,NULL,NULL),(3,'The best Organic','2029-06-02 00:00:00','not_set','ILSDKVYFGXPH','promotion/3.png','/products',0,3,'published','2024-06-02 03:59:16','2024-06-02 03:59:16',1,NULL,NULL,NULL,NULL),(4,'Bring nature into your home','2029-06-02 00:00:00','not_set','IZ6WU8KUALYG','promotion/4.png','/products',0,4,'published','2024-06-02 03:59:16','2024-06-02 03:59:16',1,NULL,NULL,NULL,NULL),(5,'Delivered to your home','2029-06-02 00:00:00','not_set','IZ6WU8KUALYH','promotion/5.png','/products',0,5,'published','2024-06-02 03:59:16','2024-06-02 03:59:16',1,NULL,NULL,NULL,NULL),(6,'Save 17% on Oganic Juice','2029-06-02 00:00:00','not_set','IZ6WU8KUALYI','promotion/6.png','/products',0,6,'published','2024-06-02 03:59:16','2024-06-02 03:59:16',1,NULL,NULL,NULL,NULL),(7,'Everyday Fresh & Clean with Our Products','2029-06-02 00:00:00','not_set','IZ6WU8KUALYJ','promotion/7.png','/products',0,7,'published','2024-06-02 03:59:16','2024-06-02 03:59:16',1,NULL,NULL,NULL,NULL),(8,'The best Organic Products Online','2029-06-02 00:00:00','not_set','IZ6WU8KUALYK','promotion/8.png','/products',0,8,'published','2024-06-02 03:59:16','2024-06-02 03:59:16',1,NULL,NULL,NULL,NULL),(9,'Everyday Fresh with Our Products','2029-06-02 00:00:00','not_set','IZ6WU8KUALYL','promotion/9.png',NULL,0,9,'published','2024-06-02 03:59:16','2024-06-02 03:59:16',1,NULL,NULL,NULL,NULL),(10,'100% guaranteed all Fresh items','2029-06-02 00:00:00','not_set','IZ6WU8KUALYM','promotion/10.png',NULL,0,10,'published','2024-06-02 03:59:16','2024-06-02 03:59:16',1,NULL,NULL,NULL,NULL),(11,'Special grocery sale off this month','2029-06-02 00:00:00','not_set','IZ6WU8KUALYN','promotion/11.png',NULL,0,11,'published','2024-06-02 03:59:16','2024-06-02 03:59:16',1,NULL,NULL,NULL,NULL),(12,'Enjoy 15% OFF for all vegetable and fruit','2029-06-02 00:00:00','not_set','IZ6WU8KUALYO','promotion/12.png',NULL,0,12,'published','2024-06-02 03:59:16','2024-06-02 03:59:16',1,NULL,NULL,NULL,NULL);

--
-- Table structure for table `ads_translations`
--

CREATE TABLE `ads_translations` (
  `lang_code` varchar(191) COLLATE utf8mb4_unicode_ci NOT NULL,
  `ads_id` bigint unsigned NOT NULL,
  `name` varchar(191) COLLATE utf8mb4_unicode_ci DEFAULT NULL,
  `image` varchar(191) COLLATE utf8mb4_unicode_ci DEFAULT NULL,
  `url` varchar(191) COLLATE utf8mb4_unicode_ci DEFAULT NULL,
  PRIMARY KEY (`lang_code`,`ads_id`)
) ENGINE=InnoDB DEFAULT CHARSET=utf8mb4 COLLATE=utf8mb4_unicode_ci;

--
-- Dumping data for table `ads_translations`
--


--
-- Table structure for table `audit_histories`
--

CREATE TABLE `audit_histories` (
  `id` bigint unsigned NOT NULL AUTO_INCREMENT,
  `user_id` bigint unsigned NOT NULL,
  `module` varchar(60) COLLATE utf8mb4_unicode_ci NOT NULL,
  `request` longtext COLLATE utf8mb4_unicode_ci,
  `action` varchar(120) COLLATE utf8mb4_unicode_ci NOT NULL,
  `user_agent` text COLLATE utf8mb4_unicode_ci,
  `ip_address` varchar(45) COLLATE utf8mb4_unicode_ci DEFAULT NULL,
  `reference_user` bigint unsigned NOT NULL,
  `reference_id` bigint unsigned NOT NULL,
  `reference_name` varchar(191) COLLATE utf8mb4_unicode_ci NOT NULL,
  `type` varchar(20) COLLATE utf8mb4_unicode_ci NOT NULL,
  `created_at` timestamp NULL DEFAULT NULL,
  `updated_at` timestamp NULL DEFAULT NULL,
  PRIMARY KEY (`id`),
  KEY `audit_histories_user_id_index` (`user_id`),
  KEY `audit_histories_module_index` (`module`)
) ENGINE=InnoDB DEFAULT CHARSET=utf8mb4 COLLATE=utf8mb4_unicode_ci;

--
-- Dumping data for table `audit_histories`
--


--
-- Table structure for table `categories`
--

CREATE TABLE `categories` (
  `id` bigint unsigned NOT NULL AUTO_INCREMENT,
  `name` varchar(120) COLLATE utf8mb4_unicode_ci NOT NULL,
  `parent_id` bigint unsigned NOT NULL DEFAULT '0',
  `description` varchar(400) COLLATE utf8mb4_unicode_ci DEFAULT NULL,
  `status` varchar(60) COLLATE utf8mb4_unicode_ci NOT NULL DEFAULT 'published',
  `author_id` bigint unsigned DEFAULT NULL,
  `author_type` varchar(191) COLLATE utf8mb4_unicode_ci NOT NULL DEFAULT 'Botble\\ACL\\Models\\User',
  `icon` varchar(60) COLLATE utf8mb4_unicode_ci DEFAULT NULL,
  `order` tinyint NOT NULL DEFAULT '0',
  `is_featured` tinyint NOT NULL DEFAULT '0',
  `is_default` tinyint unsigned NOT NULL DEFAULT '0',
  `created_at` timestamp NULL DEFAULT NULL,
  `updated_at` timestamp NULL DEFAULT NULL,
  PRIMARY KEY (`id`),
  KEY `categories_parent_id_index` (`parent_id`),
  KEY `categories_status_index` (`status`),
  KEY `categories_created_at_index` (`created_at`)
) ENGINE=InnoDB AUTO_INCREMENT=5 DEFAULT CHARSET=utf8mb4 COLLATE=utf8mb4_unicode_ci;

--
-- Dumping data for table `categories`
--

INSERT INTO `categories` VALUES (1,'Ecommerce',0,'Cum excepturi iusto placeat quis voluptate unde sapiente. Ullam nam aperiam unde voluptas hic veniam. Consequatur veniam itaque vel velit.','published',1,'Botble\\ACL\\Models\\User',NULL,0,0,1,'2024-06-02 03:59:12','2024-06-02 03:59:12'),(2,'Fashion',0,'Quas reiciendis facilis nihil ut. Mollitia architecto ut consequatur ut vero laborum. Possimus error nemo minima quis quia et.','published',1,'Botble\\ACL\\Models\\User',NULL,0,1,0,'2024-06-02 03:59:12','2024-06-02 03:59:12'),(3,'Electronic',0,'Velit iure eos odit inventore inventore. Rem molestiae alias id maxime ipsam omnis. Sunt cumque tempore eos est.','published',1,'Botble\\ACL\\Models\\User',NULL,0,1,0,'2024-06-02 03:59:12','2024-06-02 03:59:12'),(4,'Commercial',0,'Perspiciatis rerum magnam blanditiis. Et dignissimos veniam distinctio sed. Explicabo recusandae labore cupiditate.','published',1,'Botble\\ACL\\Models\\User',NULL,0,1,0,'2024-06-02 03:59:12','2024-06-02 03:59:12');

--
-- Table structure for table `categories_translations`
--

CREATE TABLE `categories_translations` (
  `lang_code` varchar(20) COLLATE utf8mb4_unicode_ci NOT NULL,
  `categories_id` bigint unsigned NOT NULL,
  `name` varchar(191) COLLATE utf8mb4_unicode_ci DEFAULT NULL,
  `description` varchar(400) COLLATE utf8mb4_unicode_ci DEFAULT NULL,
  PRIMARY KEY (`lang_code`,`categories_id`)
) ENGINE=InnoDB DEFAULT CHARSET=utf8mb4 COLLATE=utf8mb4_unicode_ci;

--
-- Dumping data for table `categories_translations`
--


--
-- Table structure for table `cities`
--

CREATE TABLE `cities` (
  `id` bigint unsigned NOT NULL AUTO_INCREMENT,
  `name` varchar(120) COLLATE utf8mb4_unicode_ci NOT NULL,
  `slug` varchar(120) COLLATE utf8mb4_unicode_ci DEFAULT NULL,
  `state_id` bigint unsigned DEFAULT NULL,
  `country_id` bigint unsigned DEFAULT NULL,
  `record_id` varchar(40) COLLATE utf8mb4_unicode_ci DEFAULT NULL,
  `order` tinyint NOT NULL DEFAULT '0',
  `image` varchar(191) COLLATE utf8mb4_unicode_ci DEFAULT NULL,
  `is_default` tinyint unsigned NOT NULL DEFAULT '0',
  `status` varchar(60) COLLATE utf8mb4_unicode_ci NOT NULL DEFAULT 'published',
  `created_at` timestamp NULL DEFAULT NULL,
  `updated_at` timestamp NULL DEFAULT NULL,
  PRIMARY KEY (`id`),
  UNIQUE KEY `cities_slug_unique` (`slug`)
) ENGINE=InnoDB DEFAULT CHARSET=utf8mb4 COLLATE=utf8mb4_unicode_ci;

--
-- Dumping data for table `cities`
--


--
-- Table structure for table `cities_translations`
--

CREATE TABLE `cities_translations` (
  `lang_code` varchar(20) COLLATE utf8mb4_unicode_ci NOT NULL,
  `cities_id` bigint unsigned NOT NULL,
  `name` varchar(120) COLLATE utf8mb4_unicode_ci DEFAULT NULL,
  `slug` varchar(120) COLLATE utf8mb4_unicode_ci DEFAULT NULL,
  PRIMARY KEY (`lang_code`,`cities_id`)
) ENGINE=InnoDB DEFAULT CHARSET=utf8mb4 COLLATE=utf8mb4_unicode_ci;

--
-- Dumping data for table `cities_translations`
--


--
-- Table structure for table `contact_custom_field_options`
--

CREATE TABLE `contact_custom_field_options` (
  `id` bigint unsigned NOT NULL AUTO_INCREMENT,
  `custom_field_id` bigint unsigned NOT NULL,
  `label` varchar(191) COLLATE utf8mb4_unicode_ci DEFAULT NULL,
  `value` varchar(191) COLLATE utf8mb4_unicode_ci NOT NULL,
  `order` int NOT NULL DEFAULT '999',
  `created_at` timestamp NULL DEFAULT NULL,
  `updated_at` timestamp NULL DEFAULT NULL,
  PRIMARY KEY (`id`)
) ENGINE=InnoDB DEFAULT CHARSET=utf8mb4 COLLATE=utf8mb4_unicode_ci;

--
-- Dumping data for table `contact_custom_field_options`
--


--
-- Table structure for table `contact_custom_field_options_translations`
--

CREATE TABLE `contact_custom_field_options_translations` (
  `contact_custom_field_options_id` bigint unsigned NOT NULL,
  `lang_code` varchar(191) COLLATE utf8mb4_unicode_ci NOT NULL,
  `label` varchar(191) COLLATE utf8mb4_unicode_ci DEFAULT NULL,
  `value` varchar(191) COLLATE utf8mb4_unicode_ci DEFAULT NULL,
  PRIMARY KEY (`lang_code`,`contact_custom_field_options_id`)
) ENGINE=InnoDB DEFAULT CHARSET=utf8mb4 COLLATE=utf8mb4_unicode_ci;

--
-- Dumping data for table `contact_custom_field_options_translations`
--


--
-- Table structure for table `contact_custom_fields`
--

CREATE TABLE `contact_custom_fields` (
  `id` bigint unsigned NOT NULL AUTO_INCREMENT,
  `type` varchar(191) COLLATE utf8mb4_unicode_ci NOT NULL,
  `required` tinyint(1) NOT NULL DEFAULT '0',
  `name` varchar(191) COLLATE utf8mb4_unicode_ci NOT NULL,
  `placeholder` varchar(191) COLLATE utf8mb4_unicode_ci DEFAULT NULL,
  `order` int NOT NULL DEFAULT '999',
  `status` varchar(191) COLLATE utf8mb4_unicode_ci NOT NULL DEFAULT 'published',
  `created_at` timestamp NULL DEFAULT NULL,
  `updated_at` timestamp NULL DEFAULT NULL,
  PRIMARY KEY (`id`)
) ENGINE=InnoDB DEFAULT CHARSET=utf8mb4 COLLATE=utf8mb4_unicode_ci;

--
-- Dumping data for table `contact_custom_fields`
--


--
-- Table structure for table `contact_custom_fields_translations`
--

CREATE TABLE `contact_custom_fields_translations` (
  `contact_custom_fields_id` bigint unsigned NOT NULL,
  `lang_code` varchar(191) COLLATE utf8mb4_unicode_ci NOT NULL,
  `name` varchar(191) COLLATE utf8mb4_unicode_ci DEFAULT NULL,
  `placeholder` varchar(191) COLLATE utf8mb4_unicode_ci DEFAULT NULL,
  PRIMARY KEY (`lang_code`,`contact_custom_fields_id`)
) ENGINE=InnoDB DEFAULT CHARSET=utf8mb4 COLLATE=utf8mb4_unicode_ci;

--
-- Dumping data for table `contact_custom_fields_translations`
--


--
-- Table structure for table `contact_replies`
--

CREATE TABLE `contact_replies` (
  `id` bigint unsigned NOT NULL AUTO_INCREMENT,
  `message` longtext COLLATE utf8mb4_unicode_ci NOT NULL,
  `contact_id` bigint unsigned NOT NULL,
  `created_at` timestamp NULL DEFAULT NULL,
  `updated_at` timestamp NULL DEFAULT NULL,
  PRIMARY KEY (`id`)
) ENGINE=InnoDB DEFAULT CHARSET=utf8mb4 COLLATE=utf8mb4_unicode_ci;

--
-- Dumping data for table `contact_replies`
--


--
-- Table structure for table `contacts`
--

CREATE TABLE `contacts` (
  `id` bigint unsigned NOT NULL AUTO_INCREMENT,
  `name` varchar(60) COLLATE utf8mb4_unicode_ci NOT NULL,
  `email` varchar(60) COLLATE utf8mb4_unicode_ci DEFAULT NULL,
  `phone` varchar(60) COLLATE utf8mb4_unicode_ci DEFAULT NULL,
  `address` varchar(120) COLLATE utf8mb4_unicode_ci DEFAULT NULL,
  `subject` varchar(120) COLLATE utf8mb4_unicode_ci DEFAULT NULL,
  `content` longtext COLLATE utf8mb4_unicode_ci NOT NULL,
  `custom_fields` text COLLATE utf8mb4_unicode_ci,
  `status` varchar(60) COLLATE utf8mb4_unicode_ci NOT NULL DEFAULT 'unread',
  `created_at` timestamp NULL DEFAULT NULL,
  `updated_at` timestamp NULL DEFAULT NULL,
  PRIMARY KEY (`id`)
) ENGINE=InnoDB DEFAULT CHARSET=utf8mb4 COLLATE=utf8mb4_unicode_ci;

--
-- Dumping data for table `contacts`
--


--
-- Table structure for table `countries`
--

CREATE TABLE `countries` (
  `id` bigint unsigned NOT NULL AUTO_INCREMENT,
  `name` varchar(120) COLLATE utf8mb4_unicode_ci NOT NULL,
  `nationality` varchar(120) COLLATE utf8mb4_unicode_ci DEFAULT NULL,
  `order` tinyint NOT NULL DEFAULT '0',
  `is_default` tinyint unsigned NOT NULL DEFAULT '0',
  `status` varchar(60) COLLATE utf8mb4_unicode_ci NOT NULL DEFAULT 'published',
  `created_at` timestamp NULL DEFAULT NULL,
  `updated_at` timestamp NULL DEFAULT NULL,
  `code` varchar(10) COLLATE utf8mb4_unicode_ci DEFAULT NULL,
  PRIMARY KEY (`id`)
) ENGINE=InnoDB DEFAULT CHARSET=utf8mb4 COLLATE=utf8mb4_unicode_ci;

--
-- Dumping data for table `countries`
--


--
-- Table structure for table `countries_translations`
--

CREATE TABLE `countries_translations` (
  `lang_code` varchar(20) COLLATE utf8mb4_unicode_ci NOT NULL,
  `countries_id` bigint unsigned NOT NULL,
  `name` varchar(120) COLLATE utf8mb4_unicode_ci DEFAULT NULL,
  `nationality` varchar(120) COLLATE utf8mb4_unicode_ci DEFAULT NULL,
  PRIMARY KEY (`lang_code`,`countries_id`)
) ENGINE=InnoDB DEFAULT CHARSET=utf8mb4 COLLATE=utf8mb4_unicode_ci;

--
-- Dumping data for table `countries_translations`
--


--
-- Table structure for table `dashboard_widget_settings`
--

CREATE TABLE `dashboard_widget_settings` (
  `id` bigint unsigned NOT NULL AUTO_INCREMENT,
  `settings` text COLLATE utf8mb4_unicode_ci,
  `user_id` bigint unsigned NOT NULL,
  `widget_id` bigint unsigned NOT NULL,
  `order` tinyint unsigned NOT NULL DEFAULT '0',
  `status` tinyint unsigned NOT NULL DEFAULT '1',
  `created_at` timestamp NULL DEFAULT NULL,
  `updated_at` timestamp NULL DEFAULT NULL,
  PRIMARY KEY (`id`),
  KEY `dashboard_widget_settings_user_id_index` (`user_id`),
  KEY `dashboard_widget_settings_widget_id_index` (`widget_id`)
) ENGINE=InnoDB DEFAULT CHARSET=utf8mb4 COLLATE=utf8mb4_unicode_ci;

--
-- Dumping data for table `dashboard_widget_settings`
--


--
-- Table structure for table `dashboard_widgets`
--

CREATE TABLE `dashboard_widgets` (
  `id` bigint unsigned NOT NULL AUTO_INCREMENT,
  `name` varchar(120) COLLATE utf8mb4_unicode_ci NOT NULL,
  `created_at` timestamp NULL DEFAULT NULL,
  `updated_at` timestamp NULL DEFAULT NULL,
  PRIMARY KEY (`id`)
) ENGINE=InnoDB DEFAULT CHARSET=utf8mb4 COLLATE=utf8mb4_unicode_ci;

--
-- Dumping data for table `dashboard_widgets`
--


--
-- Table structure for table `ec_brands`
--

CREATE TABLE `ec_brands` (
  `id` bigint unsigned NOT NULL AUTO_INCREMENT,
  `name` varchar(191) COLLATE utf8mb4_unicode_ci NOT NULL,
  `description` mediumtext COLLATE utf8mb4_unicode_ci,
  `website` varchar(191) COLLATE utf8mb4_unicode_ci DEFAULT NULL,
  `logo` varchar(191) COLLATE utf8mb4_unicode_ci DEFAULT NULL,
  `status` varchar(60) COLLATE utf8mb4_unicode_ci NOT NULL DEFAULT 'published',
  `order` tinyint unsigned NOT NULL DEFAULT '0',
  `is_featured` tinyint unsigned NOT NULL DEFAULT '0',
  `created_at` timestamp NULL DEFAULT NULL,
  `updated_at` timestamp NULL DEFAULT NULL,
  PRIMARY KEY (`id`)
) ENGINE=InnoDB AUTO_INCREMENT=8 DEFAULT CHARSET=utf8mb4 COLLATE=utf8mb4_unicode_ci;

--
-- Dumping data for table `ec_brands`
--

INSERT INTO `ec_brands` VALUES (1,'Perxsion',NULL,NULL,NULL,'published',0,1,'2024-06-02 03:58:58','2024-06-02 03:58:58'),(2,'Hiching',NULL,NULL,NULL,'published',1,1,'2024-06-02 03:58:58','2024-06-02 03:58:58'),(3,'Kepslo',NULL,NULL,NULL,'published',2,1,'2024-06-02 03:58:58','2024-06-02 03:58:58'),(4,'Groneba',NULL,NULL,NULL,'published',3,1,'2024-06-02 03:58:58','2024-06-02 03:58:58'),(5,'Babian',NULL,NULL,NULL,'published',4,1,'2024-06-02 03:58:58','2024-06-02 03:58:58'),(6,'Valorant',NULL,NULL,NULL,'published',5,1,'2024-06-02 03:58:58','2024-06-02 03:58:58'),(7,'Pure',NULL,NULL,NULL,'published',6,1,'2024-06-02 03:58:58','2024-06-02 03:58:58');

--
-- Table structure for table `ec_brands_translations`
--

CREATE TABLE `ec_brands_translations` (
  `lang_code` varchar(191) COLLATE utf8mb4_unicode_ci NOT NULL,
  `ec_brands_id` bigint unsigned NOT NULL,
  `name` varchar(191) COLLATE utf8mb4_unicode_ci DEFAULT NULL,
  `description` mediumtext COLLATE utf8mb4_unicode_ci,
  PRIMARY KEY (`lang_code`,`ec_brands_id`)
) ENGINE=InnoDB DEFAULT CHARSET=utf8mb4 COLLATE=utf8mb4_unicode_ci;

--
-- Dumping data for table `ec_brands_translations`
--


--
-- Table structure for table `ec_cart`
--

CREATE TABLE `ec_cart` (
  `identifier` varchar(60) COLLATE utf8mb4_unicode_ci NOT NULL,
  `instance` varchar(60) COLLATE utf8mb4_unicode_ci NOT NULL,
  `content` longtext COLLATE utf8mb4_unicode_ci NOT NULL,
  `created_at` timestamp NULL DEFAULT NULL,
  `updated_at` timestamp NULL DEFAULT NULL,
  PRIMARY KEY (`identifier`,`instance`)
) ENGINE=InnoDB DEFAULT CHARSET=utf8mb4 COLLATE=utf8mb4_unicode_ci;

--
-- Dumping data for table `ec_cart`
--


--
-- Table structure for table `ec_currencies`
--

CREATE TABLE `ec_currencies` (
  `id` bigint unsigned NOT NULL AUTO_INCREMENT,
  `title` varchar(191) COLLATE utf8mb4_unicode_ci NOT NULL,
  `symbol` varchar(10) COLLATE utf8mb4_unicode_ci NOT NULL,
  `is_prefix_symbol` tinyint unsigned NOT NULL DEFAULT '0',
  `decimals` tinyint unsigned DEFAULT '0',
  `order` int unsigned DEFAULT '0',
  `is_default` tinyint NOT NULL DEFAULT '0',
  `exchange_rate` double NOT NULL DEFAULT '1',
  `created_at` timestamp NULL DEFAULT NULL,
  `updated_at` timestamp NULL DEFAULT NULL,
  PRIMARY KEY (`id`)
) ENGINE=InnoDB AUTO_INCREMENT=5 DEFAULT CHARSET=utf8mb4 COLLATE=utf8mb4_unicode_ci;

--
-- Dumping data for table `ec_currencies`
--

INSERT INTO `ec_currencies` VALUES (1,'USD','$',1,2,0,1,1,'2024-06-02 03:58:58','2024-06-02 03:58:58'),(2,'EUR','€',0,2,1,0,0.84,'2024-06-02 03:58:58','2024-06-02 03:58:58'),(3,'VND','₫',0,0,2,0,23203,'2024-06-02 03:58:58','2024-06-02 03:58:58'),(4,'NGN','₦',1,2,2,0,895.52,'2024-06-02 03:58:58','2024-06-02 03:58:58');

--
-- Table structure for table `ec_customer_addresses`
--

CREATE TABLE `ec_customer_addresses` (
  `id` bigint unsigned NOT NULL AUTO_INCREMENT,
  `name` varchar(191) COLLATE utf8mb4_unicode_ci NOT NULL,
  `email` varchar(60) COLLATE utf8mb4_unicode_ci DEFAULT NULL,
  `phone` varchar(20) COLLATE utf8mb4_unicode_ci DEFAULT NULL,
  `country` varchar(120) COLLATE utf8mb4_unicode_ci DEFAULT NULL,
  `state` varchar(120) COLLATE utf8mb4_unicode_ci DEFAULT NULL,
  `city` varchar(120) COLLATE utf8mb4_unicode_ci DEFAULT NULL,
  `address` varchar(191) COLLATE utf8mb4_unicode_ci DEFAULT NULL,
  `customer_id` bigint unsigned NOT NULL,
  `is_default` tinyint unsigned NOT NULL DEFAULT '0',
  `created_at` timestamp NULL DEFAULT NULL,
  `updated_at` timestamp NULL DEFAULT NULL,
  `zip_code` varchar(20) COLLATE utf8mb4_unicode_ci DEFAULT NULL,
  PRIMARY KEY (`id`)
) ENGINE=InnoDB AUTO_INCREMENT=13 DEFAULT CHARSET=utf8mb4 COLLATE=utf8mb4_unicode_ci;

--
-- Dumping data for table `ec_customer_addresses`
--

INSERT INTO `ec_customer_addresses` VALUES (1,'Alanna Schaden','customer@botble.com','+18302356792','PY','South Dakota','Port Amira','2772 Creola Parkway Apt. 965',1,1,'2024-06-02 03:59:06','2024-06-02 03:59:06','92581-9010'),(2,'Alanna Schaden','customer@botble.com','+18084122319','MN','Alabama','Shieldston','6061 Zboncak Crossroad',1,0,'2024-06-02 03:59:06','2024-06-02 03:59:06','93178'),(3,'Dr. Sunny Dicki','vendor@botble.com','+17606475706','AE','Kansas','North Nikkifurt','927 Hillary Forge Apt. 396',2,1,'2024-06-02 03:59:06','2024-06-02 03:59:06','97832-7497'),(4,'Dr. Sunny Dicki','vendor@botble.com','+18164074097','FR','Wyoming','Lake Aurorefurt','262 Buster Road',2,0,'2024-06-02 03:59:06','2024-06-02 03:59:06','64414-9846'),(5,'Tristin Langosh','ikeeling@example.org','+17077829604','VE','Louisiana','Freemanbury','63761 West Field',3,1,'2024-06-02 03:59:06','2024-06-02 03:59:06','32079-7203'),(6,'Evie Lang III','steuber.ena@example.net','+13105077333','ET','Wisconsin','Clayburgh','34889 Pollich Ford Suite 574',4,1,'2024-06-02 03:59:07','2024-06-02 03:59:07','31086-0927'),(7,'Jonathon Vandervort','kattie.muller@example.net','+16092292062','IO','North Dakota','Port Moriah','1529 Ryley Brooks Apt. 166',5,1,'2024-06-02 03:59:07','2024-06-02 03:59:07','78318-7957'),(8,'Grady Stehr','keegan.kshlerin@example.com','+15678728645','GH','New Mexico','Rutherfordview','3059 Reyna Ports Apt. 145',6,1,'2024-06-02 03:59:07','2024-06-02 03:59:07','27788-7838'),(9,'Cristina Kemmer','lee.cremin@example.com','+15188561069','KP','Kentucky','Lake Giastad','8272 Andrew Land',7,1,'2024-06-02 03:59:07','2024-06-02 03:59:07','97769-6091'),(10,'Vern Stokes','little.elliott@example.com','+12834060615','TK','Montana','Blaiseside','78122 Jakubowski Viaduct Apt. 078',8,1,'2024-06-02 03:59:07','2024-06-02 03:59:07','79092'),(11,'Abdul Denesik','laverne.breitenberg@example.org','+19845779544','KY','Virginia','Montyton','77847 Isadore Stream Suite 806',9,1,'2024-06-02 03:59:08','2024-06-02 03:59:08','85520'),(12,'Rozella Thiel','nschimmel@example.org','+13323364343','IT','North Dakota','Clotildeborough','211 Nader Lane Suite 510',10,1,'2024-06-02 03:59:08','2024-06-02 03:59:08','60003-8786');

--
-- Table structure for table `ec_customer_deletion_requests`
--

CREATE TABLE `ec_customer_deletion_requests` (
  `id` bigint unsigned NOT NULL AUTO_INCREMENT,
  `customer_id` bigint unsigned NOT NULL,
  `customer_name` varchar(191) COLLATE utf8mb4_unicode_ci DEFAULT NULL,
  `customer_phone` varchar(191) COLLATE utf8mb4_unicode_ci DEFAULT NULL,
  `customer_email` varchar(191) COLLATE utf8mb4_unicode_ci DEFAULT NULL,
  `token` varchar(191) COLLATE utf8mb4_unicode_ci NOT NULL,
  `status` varchar(50) COLLATE utf8mb4_unicode_ci NOT NULL DEFAULT 'waiting_for_confirmation',
  `reason` text COLLATE utf8mb4_unicode_ci,
  `confirmed_at` datetime DEFAULT NULL,
  `created_at` timestamp NULL DEFAULT NULL,
  `updated_at` timestamp NULL DEFAULT NULL,
  PRIMARY KEY (`id`),
  UNIQUE KEY `ec_customer_deletion_requests_token_unique` (`token`)
) ENGINE=InnoDB DEFAULT CHARSET=utf8mb4 COLLATE=utf8mb4_unicode_ci;

--
-- Dumping data for table `ec_customer_deletion_requests`
--


--
-- Table structure for table `ec_customer_password_resets`
--

CREATE TABLE `ec_customer_password_resets` (
  `email` varchar(191) COLLATE utf8mb4_unicode_ci NOT NULL,
  `token` varchar(191) COLLATE utf8mb4_unicode_ci NOT NULL,
  `created_at` timestamp NULL DEFAULT NULL,
  KEY `ec_customer_password_resets_email_index` (`email`),
  KEY `ec_customer_password_resets_token_index` (`token`)
) ENGINE=InnoDB DEFAULT CHARSET=utf8mb4 COLLATE=utf8mb4_unicode_ci;

--
-- Dumping data for table `ec_customer_password_resets`
--


--
-- Table structure for table `ec_customer_recently_viewed_products`
--

CREATE TABLE `ec_customer_recently_viewed_products` (
  `id` bigint unsigned NOT NULL AUTO_INCREMENT,
  `customer_id` bigint unsigned NOT NULL,
  `product_id` bigint unsigned NOT NULL,
  PRIMARY KEY (`id`)
) ENGINE=InnoDB DEFAULT CHARSET=utf8mb4 COLLATE=utf8mb4_unicode_ci;

--
-- Dumping data for table `ec_customer_recently_viewed_products`
--


--
-- Table structure for table `ec_customer_used_coupons`
--

CREATE TABLE `ec_customer_used_coupons` (
  `discount_id` bigint unsigned NOT NULL,
  `customer_id` bigint unsigned NOT NULL,
  PRIMARY KEY (`discount_id`,`customer_id`)
) ENGINE=InnoDB DEFAULT CHARSET=utf8mb4 COLLATE=utf8mb4_unicode_ci;

--
-- Dumping data for table `ec_customer_used_coupons`
--


--
-- Table structure for table `ec_customers`
--

CREATE TABLE `ec_customers` (
  `id` bigint unsigned NOT NULL AUTO_INCREMENT,
  `name` varchar(191) COLLATE utf8mb4_unicode_ci NOT NULL,
  `email` varchar(191) COLLATE utf8mb4_unicode_ci NOT NULL,
  `password` varchar(191) COLLATE utf8mb4_unicode_ci NOT NULL,
  `avatar` varchar(191) COLLATE utf8mb4_unicode_ci DEFAULT NULL,
  `dob` date DEFAULT NULL,
  `phone` varchar(20) COLLATE utf8mb4_unicode_ci DEFAULT NULL,
  `remember_token` varchar(100) COLLATE utf8mb4_unicode_ci DEFAULT NULL,
  `created_at` timestamp NULL DEFAULT NULL,
  `updated_at` timestamp NULL DEFAULT NULL,
  `confirmed_at` datetime DEFAULT NULL,
  `email_verify_token` varchar(120) COLLATE utf8mb4_unicode_ci DEFAULT NULL,
  `status` varchar(60) COLLATE utf8mb4_unicode_ci NOT NULL DEFAULT 'activated',
  `private_notes` text COLLATE utf8mb4_unicode_ci,
  `is_vendor` tinyint(1) NOT NULL DEFAULT '0',
  `vendor_verified_at` datetime DEFAULT NULL,
  PRIMARY KEY (`id`),
  UNIQUE KEY `ec_customers_email_unique` (`email`)
) ENGINE=InnoDB AUTO_INCREMENT=11 DEFAULT CHARSET=utf8mb4 COLLATE=utf8mb4_unicode_ci;

--
-- Dumping data for table `ec_customers`
--

INSERT INTO `ec_customers` VALUES (1,'Alanna Schaden','customer@botble.com','$2y$12$zxGpIXL.H1xUTeCb0rvJHe5DgnkexgUIo2/IPVoE.yKfhv2frSNmu','customers/3.jpg','1979-05-24','+15717931941',NULL,'2024-06-02 03:59:06','2024-06-02 03:59:06','2024-06-02 10:59:06',NULL,'activated',NULL,0,NULL),(2,'Dr. Sunny Dicki','vendor@botble.com','$2y$12$gaPpzgnRXSqmYPfe5HyOPujITmAWyw8Y1B2S0blAvjJ93I0Iq8I/6','customers/3.jpg','1975-05-27','+19479104186',NULL,'2024-06-02 03:59:06','2024-06-02 03:59:17','2024-06-02 10:59:06',NULL,'activated',NULL,1,'2024-06-02 10:59:17'),(3,'Tristin Langosh','ikeeling@example.org','$2y$12$0QXUvKR0MMBJKUcV1hB88eVM7BoApqNsVPhcl88c38PtDPR2tBqJG','customers/1.jpg','1998-05-05','+18208156669',NULL,'2024-06-02 03:59:06','2024-06-02 03:59:17','2024-06-02 10:59:06',NULL,'activated',NULL,1,'2024-06-02 10:59:17'),(4,'Evie Lang III','steuber.ena@example.net','$2y$12$IW8VF1IB1Wr7gK76IsnzvO75yoDFoVDz4.unOVyQDwm0c/IITOS72','customers/2.jpg','2002-05-08','+16054400392',NULL,'2024-06-02 03:59:07','2024-06-02 03:59:07','2024-06-02 10:59:07',NULL,'activated',NULL,0,NULL),(5,'Jonathon Vandervort','kattie.muller@example.net','$2y$12$H6CNpwMWfQc4bo7.sdrO3Oc69OPVXIMH7TS9ZsfpeWSfW6rUF/9xa','customers/3.jpg','1989-05-17','+19108733795',NULL,'2024-06-02 03:59:07','2024-06-02 03:59:07','2024-06-02 10:59:07',NULL,'activated',NULL,0,NULL),(6,'Grady Stehr','keegan.kshlerin@example.com','$2y$12$v1TBOmw1rHsxVoisBqAu7.D985j5GNLDsz7FM7f26T/qP2FY9EqE.','customers/4.jpg','1976-05-24','+16263120057',NULL,'2024-06-02 03:59:07','2024-06-02 03:59:18','2024-06-02 10:59:07',NULL,'activated',NULL,1,'2024-06-02 10:59:18'),(7,'Cristina Kemmer','lee.cremin@example.com','$2y$12$9qPe/QuPYLeumxYM7GTDuuTLtT8JfLmctBSd1HuVRipCVvVFuedZ.','customers/5.jpg','1980-05-14','+16403049381',NULL,'2024-06-02 03:59:07','2024-06-02 03:59:18','2024-06-02 10:59:07',NULL,'activated',NULL,1,'2024-06-02 10:59:18'),(8,'Vern Stokes','little.elliott@example.com','$2y$12$nraEZTHXHRhMnLgbRrbAiuE56UoPrQ9VT0SrhzyfB0NmSpVAG9yFm','customers/6.jpg','1996-05-18','+16892825550',NULL,'2024-06-02 03:59:07','2024-06-02 03:59:07','2024-06-02 10:59:07',NULL,'activated',NULL,0,NULL),(9,'Abdul Denesik','laverne.breitenberg@example.org','$2y$12$nHTZVfItMX5fn6GPTAP/tul6J68WgaqTCq2NX0.7qFjT9x/CRZlBi','customers/7.jpg','1997-05-14','+16829578128',NULL,'2024-06-02 03:59:08','2024-06-02 03:59:18','2024-06-02 10:59:08',NULL,'activated',NULL,1,'2024-06-02 10:59:18'),(10,'Rozella Thiel','nschimmel@example.org','$2y$12$xTk68o2Qs4qJ8SYBXMW9RejeJ1Hsg5ARICTqZB5EyO9QRARaF20zu','customers/8.jpg','1992-05-29','+19012005008',NULL,'2024-06-02 03:59:08','2024-06-02 03:59:18','2024-06-02 10:59:08',NULL,'activated',NULL,1,'2024-06-02 10:59:18');

--
-- Table structure for table `ec_discount_customers`
--

CREATE TABLE `ec_discount_customers` (
  `discount_id` bigint unsigned NOT NULL,
  `customer_id` bigint unsigned NOT NULL,
  PRIMARY KEY (`discount_id`,`customer_id`)
) ENGINE=InnoDB DEFAULT CHARSET=utf8mb4 COLLATE=utf8mb4_unicode_ci;

--
-- Dumping data for table `ec_discount_customers`
--


--
-- Table structure for table `ec_discount_product_categories`
--

CREATE TABLE `ec_discount_product_categories` (
  `discount_id` bigint unsigned NOT NULL,
  `product_category_id` bigint unsigned NOT NULL,
  PRIMARY KEY (`discount_id`,`product_category_id`)
) ENGINE=InnoDB DEFAULT CHARSET=utf8mb4 COLLATE=utf8mb4_unicode_ci;

--
-- Dumping data for table `ec_discount_product_categories`
--


--
-- Table structure for table `ec_discount_product_collections`
--

CREATE TABLE `ec_discount_product_collections` (
  `discount_id` bigint unsigned NOT NULL,
  `product_collection_id` bigint unsigned NOT NULL,
  PRIMARY KEY (`discount_id`,`product_collection_id`)
) ENGINE=InnoDB DEFAULT CHARSET=utf8mb4 COLLATE=utf8mb4_unicode_ci;

--
-- Dumping data for table `ec_discount_product_collections`
--


--
-- Table structure for table `ec_discount_products`
--

CREATE TABLE `ec_discount_products` (
  `discount_id` bigint unsigned NOT NULL,
  `product_id` bigint unsigned NOT NULL,
  PRIMARY KEY (`discount_id`,`product_id`)
) ENGINE=InnoDB DEFAULT CHARSET=utf8mb4 COLLATE=utf8mb4_unicode_ci;

--
-- Dumping data for table `ec_discount_products`
--


--
-- Table structure for table `ec_discounts`
--

CREATE TABLE `ec_discounts` (
  `id` bigint unsigned NOT NULL AUTO_INCREMENT,
  `title` varchar(120) COLLATE utf8mb4_unicode_ci DEFAULT NULL,
  `code` varchar(20) COLLATE utf8mb4_unicode_ci DEFAULT NULL,
  `start_date` datetime DEFAULT NULL,
  `end_date` datetime DEFAULT NULL,
  `quantity` int DEFAULT NULL,
  `total_used` int unsigned NOT NULL DEFAULT '0',
  `value` double DEFAULT NULL,
  `type` varchar(60) COLLATE utf8mb4_unicode_ci DEFAULT 'coupon',
  `can_use_with_promotion` tinyint(1) NOT NULL DEFAULT '0',
  `discount_on` varchar(20) COLLATE utf8mb4_unicode_ci DEFAULT NULL,
  `product_quantity` int unsigned DEFAULT NULL,
  `type_option` varchar(100) COLLATE utf8mb4_unicode_ci NOT NULL DEFAULT 'amount',
  `target` varchar(100) COLLATE utf8mb4_unicode_ci NOT NULL DEFAULT 'all-orders',
  `min_order_price` decimal(15,2) DEFAULT NULL,
  `apply_via_url` tinyint(1) NOT NULL DEFAULT '0',
  `display_at_checkout` tinyint(1) NOT NULL DEFAULT '0',
  `created_at` timestamp NULL DEFAULT NULL,
  `updated_at` timestamp NULL DEFAULT NULL,
  `description` varchar(400) COLLATE utf8mb4_unicode_ci DEFAULT NULL,
  `store_id` bigint unsigned DEFAULT NULL,
  PRIMARY KEY (`id`),
  UNIQUE KEY `ec_discounts_code_unique` (`code`)
) ENGINE=InnoDB DEFAULT CHARSET=utf8mb4 COLLATE=utf8mb4_unicode_ci;

--
-- Dumping data for table `ec_discounts`
--


--
-- Table structure for table `ec_flash_sale_products`
--

CREATE TABLE `ec_flash_sale_products` (
  `flash_sale_id` bigint unsigned NOT NULL,
  `product_id` bigint unsigned NOT NULL,
  `price` double unsigned DEFAULT NULL,
  `quantity` int unsigned DEFAULT NULL,
  `sold` int unsigned NOT NULL DEFAULT '0'
) ENGINE=InnoDB DEFAULT CHARSET=utf8mb4 COLLATE=utf8mb4_unicode_ci;

--
-- Dumping data for table `ec_flash_sale_products`
--

INSERT INTO `ec_flash_sale_products` VALUES (1,13,1208.2,11,1),(2,4,329.175,20,3),(3,7,988.16,8,5),(4,1,1310.4,14,2),(5,17,723.8,11,3),(5,1,1092,18,3),(5,2,1050.4,7,2),(5,3,890.25,20,3),(5,4,265.65,8,1),(5,5,667.8,8,3);

--
-- Table structure for table `ec_flash_sales`
--

CREATE TABLE `ec_flash_sales` (
  `id` bigint unsigned NOT NULL AUTO_INCREMENT,
  `name` varchar(191) COLLATE utf8mb4_unicode_ci NOT NULL,
  `end_date` datetime NOT NULL,
  `status` varchar(60) COLLATE utf8mb4_unicode_ci NOT NULL DEFAULT 'published',
  `created_at` timestamp NULL DEFAULT NULL,
  `updated_at` timestamp NULL DEFAULT NULL,
  PRIMARY KEY (`id`)
) ENGINE=InnoDB AUTO_INCREMENT=6 DEFAULT CHARSET=utf8mb4 COLLATE=utf8mb4_unicode_ci;

--
-- Dumping data for table `ec_flash_sales`
--

INSERT INTO `ec_flash_sales` VALUES (1,'Deal of the Day','2024-07-04 00:00:00','published','2024-06-02 03:59:09','2024-06-02 03:59:09'),(2,'Winter Sale','2024-07-12 00:00:00','published','2024-06-02 03:59:09','2024-06-02 03:59:09'),(3,'Gadgets &amp; Accessories','2024-06-24 00:00:00','published','2024-06-02 03:59:09','2024-06-02 03:59:09'),(4,'Hot products','2024-06-30 00:00:00','published','2024-06-02 03:59:09','2024-06-02 03:59:09'),(5,'Best sale items','2024-06-17 00:00:00','published','2024-06-02 03:59:09','2024-06-02 03:59:09');

--
-- Table structure for table `ec_flash_sales_translations`
--

CREATE TABLE `ec_flash_sales_translations` (
  `lang_code` varchar(191) COLLATE utf8mb4_unicode_ci NOT NULL,
  `ec_flash_sales_id` bigint unsigned NOT NULL,
  `name` varchar(191) COLLATE utf8mb4_unicode_ci DEFAULT NULL,
  PRIMARY KEY (`lang_code`,`ec_flash_sales_id`)
) ENGINE=InnoDB DEFAULT CHARSET=utf8mb4 COLLATE=utf8mb4_unicode_ci;

--
-- Dumping data for table `ec_flash_sales_translations`
--


--
-- Table structure for table `ec_global_option_value`
--

CREATE TABLE `ec_global_option_value` (
  `option_id` bigint unsigned NOT NULL COMMENT 'option id',
  `id` bigint unsigned NOT NULL AUTO_INCREMENT,
  `option_value` tinytext COLLATE utf8mb4_unicode_ci COMMENT 'option value',
  `affect_price` double DEFAULT NULL COMMENT 'value of price of this option affect',
  `order` int NOT NULL DEFAULT '9999',
  `affect_type` tinyint NOT NULL DEFAULT '0' COMMENT '0. fixed 1. percent',
  `created_at` timestamp NULL DEFAULT NULL,
  `updated_at` timestamp NULL DEFAULT NULL,
  PRIMARY KEY (`id`)
) ENGINE=InnoDB AUTO_INCREMENT=13 DEFAULT CHARSET=utf8mb4 COLLATE=utf8mb4_unicode_ci;

--
-- Dumping data for table `ec_global_option_value`
--

INSERT INTO `ec_global_option_value` VALUES (1,1,'1 Year',0,9999,0,'2024-06-02 03:59:16','2024-06-02 03:59:16'),(1,2,'2 Year',10,9999,0,'2024-06-02 03:59:16','2024-06-02 03:59:16'),(1,3,'3 Year',20,9999,0,'2024-06-02 03:59:16','2024-06-02 03:59:16'),(2,4,'4GB',0,9999,0,'2024-06-02 03:59:16','2024-06-02 03:59:16'),(2,5,'8GB',10,9999,0,'2024-06-02 03:59:16','2024-06-02 03:59:16'),(2,6,'16GB',20,9999,0,'2024-06-02 03:59:16','2024-06-02 03:59:16'),(3,7,'Core i5',0,9999,0,'2024-06-02 03:59:16','2024-06-02 03:59:16'),(3,8,'Core i7',10,9999,0,'2024-06-02 03:59:16','2024-06-02 03:59:16'),(3,9,'Core i9',20,9999,0,'2024-06-02 03:59:16','2024-06-02 03:59:16'),(4,10,'128GB',0,9999,0,'2024-06-02 03:59:16','2024-06-02 03:59:16'),(4,11,'256GB',10,9999,0,'2024-06-02 03:59:16','2024-06-02 03:59:16'),(4,12,'512GB',20,9999,0,'2024-06-02 03:59:16','2024-06-02 03:59:16');

--
-- Table structure for table `ec_global_option_value_translations`
--

CREATE TABLE `ec_global_option_value_translations` (
  `lang_code` varchar(191) COLLATE utf8mb4_unicode_ci NOT NULL,
  `ec_global_option_value_id` bigint unsigned NOT NULL,
  `option_value` varchar(191) COLLATE utf8mb4_unicode_ci DEFAULT NULL,
  PRIMARY KEY (`lang_code`,`ec_global_option_value_id`)
) ENGINE=InnoDB DEFAULT CHARSET=utf8mb4 COLLATE=utf8mb4_unicode_ci;

--
-- Dumping data for table `ec_global_option_value_translations`
--


--
-- Table structure for table `ec_global_options`
--

CREATE TABLE `ec_global_options` (
  `id` bigint unsigned NOT NULL AUTO_INCREMENT,
  `name` varchar(191) COLLATE utf8mb4_unicode_ci NOT NULL COMMENT 'Name of options',
  `option_type` varchar(191) COLLATE utf8mb4_unicode_ci NOT NULL COMMENT 'option type',
  `required` tinyint(1) NOT NULL DEFAULT '0' COMMENT 'Checked if this option is required',
  `created_at` timestamp NULL DEFAULT NULL,
  `updated_at` timestamp NULL DEFAULT NULL,
  PRIMARY KEY (`id`)
) ENGINE=InnoDB AUTO_INCREMENT=5 DEFAULT CHARSET=utf8mb4 COLLATE=utf8mb4_unicode_ci;

--
-- Dumping data for table `ec_global_options`
--

INSERT INTO `ec_global_options` VALUES (1,'Warranty','Botble\\Ecommerce\\Option\\OptionType\\RadioButton',1,'2024-06-02 03:59:16','2024-06-02 03:59:16'),(2,'RAM','Botble\\Ecommerce\\Option\\OptionType\\RadioButton',1,'2024-06-02 03:59:16','2024-06-02 03:59:16'),(3,'CPU','Botble\\Ecommerce\\Option\\OptionType\\RadioButton',1,'2024-06-02 03:59:16','2024-06-02 03:59:16'),(4,'HDD','Botble\\Ecommerce\\Option\\OptionType\\Dropdown',0,'2024-06-02 03:59:16','2024-06-02 03:59:16');

--
-- Table structure for table `ec_global_options_translations`
--

CREATE TABLE `ec_global_options_translations` (
  `lang_code` varchar(191) COLLATE utf8mb4_unicode_ci NOT NULL,
  `ec_global_options_id` bigint unsigned NOT NULL,
  `name` varchar(191) COLLATE utf8mb4_unicode_ci DEFAULT NULL,
  PRIMARY KEY (`lang_code`,`ec_global_options_id`)
) ENGINE=InnoDB DEFAULT CHARSET=utf8mb4 COLLATE=utf8mb4_unicode_ci;

--
-- Dumping data for table `ec_global_options_translations`
--


--
-- Table structure for table `ec_grouped_products`
--

CREATE TABLE `ec_grouped_products` (
  `id` bigint unsigned NOT NULL AUTO_INCREMENT,
  `parent_product_id` bigint unsigned NOT NULL,
  `product_id` bigint unsigned NOT NULL,
  `fixed_qty` int NOT NULL DEFAULT '1',
  PRIMARY KEY (`id`)
) ENGINE=InnoDB DEFAULT CHARSET=utf8mb4 COLLATE=utf8mb4_unicode_ci;

--
-- Dumping data for table `ec_grouped_products`
--


--
-- Table structure for table `ec_invoice_items`
--

CREATE TABLE `ec_invoice_items` (
  `id` bigint unsigned NOT NULL AUTO_INCREMENT,
  `invoice_id` bigint unsigned NOT NULL,
  `reference_type` varchar(191) COLLATE utf8mb4_unicode_ci NOT NULL,
  `reference_id` bigint unsigned NOT NULL,
  `name` varchar(191) COLLATE utf8mb4_unicode_ci NOT NULL,
  `description` varchar(400) COLLATE utf8mb4_unicode_ci DEFAULT NULL,
  `image` varchar(191) COLLATE utf8mb4_unicode_ci DEFAULT NULL,
  `qty` int unsigned NOT NULL,
  `price` decimal(15,2) NOT NULL DEFAULT '0.00',
  `sub_total` decimal(15,2) unsigned NOT NULL,
  `tax_amount` decimal(15,2) unsigned NOT NULL DEFAULT '0.00',
  `discount_amount` decimal(15,2) unsigned NOT NULL DEFAULT '0.00',
  `amount` decimal(15,2) unsigned NOT NULL,
  `options` text COLLATE utf8mb4_unicode_ci,
  `created_at` timestamp NULL DEFAULT NULL,
  `updated_at` timestamp NULL DEFAULT NULL,
  PRIMARY KEY (`id`),
  KEY `ec_invoice_items_reference_type_reference_id_index` (`reference_type`,`reference_id`)
) ENGINE=InnoDB DEFAULT CHARSET=utf8mb4 COLLATE=utf8mb4_unicode_ci;

--
-- Dumping data for table `ec_invoice_items`
--


--
-- Table structure for table `ec_invoices`
--

CREATE TABLE `ec_invoices` (
  `id` bigint unsigned NOT NULL AUTO_INCREMENT,
  `reference_type` varchar(191) COLLATE utf8mb4_unicode_ci NOT NULL,
  `reference_id` bigint unsigned NOT NULL,
  `code` varchar(191) COLLATE utf8mb4_unicode_ci NOT NULL,
  `customer_name` varchar(191) COLLATE utf8mb4_unicode_ci DEFAULT NULL,
  `company_name` varchar(191) COLLATE utf8mb4_unicode_ci DEFAULT NULL,
  `company_logo` varchar(191) COLLATE utf8mb4_unicode_ci DEFAULT NULL,
  `customer_email` varchar(191) COLLATE utf8mb4_unicode_ci DEFAULT NULL,
  `customer_phone` varchar(191) COLLATE utf8mb4_unicode_ci DEFAULT NULL,
  `customer_address` varchar(191) COLLATE utf8mb4_unicode_ci DEFAULT NULL,
  `customer_tax_id` varchar(191) COLLATE utf8mb4_unicode_ci DEFAULT NULL,
  `sub_total` decimal(15,2) unsigned NOT NULL,
  `tax_amount` decimal(15,2) unsigned NOT NULL DEFAULT '0.00',
  `shipping_amount` decimal(15,2) unsigned NOT NULL DEFAULT '0.00',
  `discount_amount` decimal(15,2) unsigned NOT NULL DEFAULT '0.00',
  `shipping_option` varchar(60) COLLATE utf8mb4_unicode_ci DEFAULT NULL,
  `shipping_method` varchar(60) COLLATE utf8mb4_unicode_ci NOT NULL DEFAULT 'default',
  `coupon_code` varchar(120) COLLATE utf8mb4_unicode_ci DEFAULT NULL,
  `discount_description` varchar(191) COLLATE utf8mb4_unicode_ci DEFAULT NULL,
  `amount` decimal(15,2) unsigned NOT NULL,
  `description` text COLLATE utf8mb4_unicode_ci,
  `payment_id` bigint unsigned DEFAULT NULL,
  `status` varchar(191) COLLATE utf8mb4_unicode_ci NOT NULL DEFAULT 'pending',
  `paid_at` timestamp NULL DEFAULT NULL,
  `created_at` timestamp NULL DEFAULT NULL,
  `updated_at` timestamp NULL DEFAULT NULL,
  PRIMARY KEY (`id`),
  UNIQUE KEY `ec_invoices_code_unique` (`code`),
  KEY `ec_invoices_reference_type_reference_id_index` (`reference_type`,`reference_id`),
  KEY `ec_invoices_payment_id_index` (`payment_id`),
  KEY `ec_invoices_status_index` (`status`)
) ENGINE=InnoDB DEFAULT CHARSET=utf8mb4 COLLATE=utf8mb4_unicode_ci;

--
-- Dumping data for table `ec_invoices`
--


--
-- Table structure for table `ec_option_value`
--

CREATE TABLE `ec_option_value` (
  `option_id` bigint unsigned NOT NULL COMMENT 'option id',
  `id` bigint unsigned NOT NULL AUTO_INCREMENT,
  `option_value` tinytext COLLATE utf8mb4_unicode_ci COMMENT 'option value',
  `affect_price` double DEFAULT NULL COMMENT 'value of price of this option affect',
  `order` int NOT NULL DEFAULT '9999',
  `affect_type` tinyint NOT NULL DEFAULT '0' COMMENT '0. fixed 1. percent',
  `created_at` timestamp NULL DEFAULT NULL,
  `updated_at` timestamp NULL DEFAULT NULL,
  PRIMARY KEY (`id`)
) ENGINE=InnoDB DEFAULT CHARSET=utf8mb4 COLLATE=utf8mb4_unicode_ci;

--
-- Dumping data for table `ec_option_value`
--


--
-- Table structure for table `ec_option_value_translations`
--

CREATE TABLE `ec_option_value_translations` (
  `lang_code` varchar(191) COLLATE utf8mb4_unicode_ci NOT NULL,
  `ec_option_value_id` bigint unsigned NOT NULL,
  `option_value` varchar(191) COLLATE utf8mb4_unicode_ci DEFAULT NULL,
  PRIMARY KEY (`lang_code`,`ec_option_value_id`)
) ENGINE=InnoDB DEFAULT CHARSET=utf8mb4 COLLATE=utf8mb4_unicode_ci;

--
-- Dumping data for table `ec_option_value_translations`
--


--
-- Table structure for table `ec_options`
--

CREATE TABLE `ec_options` (
  `id` bigint unsigned NOT NULL AUTO_INCREMENT,
  `name` varchar(191) COLLATE utf8mb4_unicode_ci NOT NULL COMMENT 'Name of options',
  `option_type` varchar(191) COLLATE utf8mb4_unicode_ci DEFAULT NULL COMMENT 'option type',
  `product_id` bigint unsigned NOT NULL DEFAULT '0',
  `order` int NOT NULL DEFAULT '9999',
  `required` tinyint(1) NOT NULL DEFAULT '0' COMMENT 'Checked if this option is required',
  `created_at` timestamp NULL DEFAULT NULL,
  `updated_at` timestamp NULL DEFAULT NULL,
  PRIMARY KEY (`id`)
) ENGINE=InnoDB DEFAULT CHARSET=utf8mb4 COLLATE=utf8mb4_unicode_ci;

--
-- Dumping data for table `ec_options`
--


--
-- Table structure for table `ec_options_translations`
--

CREATE TABLE `ec_options_translations` (
  `lang_code` varchar(191) COLLATE utf8mb4_unicode_ci NOT NULL,
  `ec_options_id` bigint unsigned NOT NULL,
  `name` varchar(191) COLLATE utf8mb4_unicode_ci DEFAULT NULL,
  PRIMARY KEY (`lang_code`,`ec_options_id`)
) ENGINE=InnoDB DEFAULT CHARSET=utf8mb4 COLLATE=utf8mb4_unicode_ci;

--
-- Dumping data for table `ec_options_translations`
--


--
-- Table structure for table `ec_order_addresses`
--

CREATE TABLE `ec_order_addresses` (
  `id` bigint unsigned NOT NULL AUTO_INCREMENT,
  `name` varchar(191) COLLATE utf8mb4_unicode_ci NOT NULL,
  `phone` varchar(20) COLLATE utf8mb4_unicode_ci DEFAULT NULL,
  `email` varchar(191) COLLATE utf8mb4_unicode_ci DEFAULT NULL,
  `country` varchar(120) COLLATE utf8mb4_unicode_ci DEFAULT NULL,
  `state` varchar(120) COLLATE utf8mb4_unicode_ci DEFAULT NULL,
  `city` varchar(120) COLLATE utf8mb4_unicode_ci DEFAULT NULL,
  `address` varchar(191) COLLATE utf8mb4_unicode_ci DEFAULT NULL,
  `order_id` bigint unsigned NOT NULL,
  `zip_code` varchar(20) COLLATE utf8mb4_unicode_ci DEFAULT NULL,
  `type` varchar(60) COLLATE utf8mb4_unicode_ci NOT NULL DEFAULT 'shipping_address',
  PRIMARY KEY (`id`)
) ENGINE=InnoDB DEFAULT CHARSET=utf8mb4 COLLATE=utf8mb4_unicode_ci;

--
-- Dumping data for table `ec_order_addresses`
--


--
-- Table structure for table `ec_order_histories`
--

CREATE TABLE `ec_order_histories` (
  `id` bigint unsigned NOT NULL AUTO_INCREMENT,
  `action` varchar(120) COLLATE utf8mb4_unicode_ci NOT NULL,
  `description` varchar(400) COLLATE utf8mb4_unicode_ci DEFAULT NULL,
  `user_id` bigint unsigned DEFAULT NULL,
  `order_id` bigint unsigned NOT NULL,
  `extras` text COLLATE utf8mb4_unicode_ci,
  `created_at` timestamp NULL DEFAULT NULL,
  `updated_at` timestamp NULL DEFAULT NULL,
  PRIMARY KEY (`id`)
) ENGINE=InnoDB DEFAULT CHARSET=utf8mb4 COLLATE=utf8mb4_unicode_ci;

--
-- Dumping data for table `ec_order_histories`
--


--
-- Table structure for table `ec_order_product`
--

CREATE TABLE `ec_order_product` (
  `id` bigint unsigned NOT NULL AUTO_INCREMENT,
  `order_id` bigint unsigned NOT NULL,
  `qty` int NOT NULL,
  `price` decimal(15,2) NOT NULL,
  `tax_amount` decimal(15,2) NOT NULL,
  `options` text COLLATE utf8mb4_unicode_ci,
  `product_options` text COLLATE utf8mb4_unicode_ci COMMENT 'product option data',
  `product_id` bigint unsigned DEFAULT NULL,
  `product_name` varchar(191) COLLATE utf8mb4_unicode_ci NOT NULL,
  `product_image` varchar(191) COLLATE utf8mb4_unicode_ci DEFAULT NULL,
  `weight` double(8,2) DEFAULT '0.00',
  `restock_quantity` int unsigned DEFAULT '0',
  `created_at` timestamp NULL DEFAULT NULL,
  `updated_at` timestamp NULL DEFAULT NULL,
  `product_type` varchar(60) COLLATE utf8mb4_unicode_ci NOT NULL DEFAULT 'physical',
  `times_downloaded` int NOT NULL DEFAULT '0',
  `license_code` char(36) COLLATE utf8mb4_unicode_ci DEFAULT NULL,
  PRIMARY KEY (`id`)
) ENGINE=InnoDB DEFAULT CHARSET=utf8mb4 COLLATE=utf8mb4_unicode_ci;

--
-- Dumping data for table `ec_order_product`
--


--
-- Table structure for table `ec_order_referrals`
--

CREATE TABLE `ec_order_referrals` (
  `id` bigint unsigned NOT NULL AUTO_INCREMENT,
  `ip` varchar(39) COLLATE utf8mb4_unicode_ci DEFAULT NULL,
  `landing_domain` varchar(191) COLLATE utf8mb4_unicode_ci DEFAULT NULL,
  `landing_page` varchar(191) COLLATE utf8mb4_unicode_ci DEFAULT NULL,
  `landing_params` varchar(191) COLLATE utf8mb4_unicode_ci DEFAULT NULL,
  `referral` varchar(191) COLLATE utf8mb4_unicode_ci DEFAULT NULL,
  `gclid` varchar(191) COLLATE utf8mb4_unicode_ci DEFAULT NULL,
  `fclid` varchar(191) COLLATE utf8mb4_unicode_ci DEFAULT NULL,
  `utm_source` varchar(191) COLLATE utf8mb4_unicode_ci DEFAULT NULL,
  `utm_campaign` varchar(191) COLLATE utf8mb4_unicode_ci DEFAULT NULL,
  `utm_medium` varchar(191) COLLATE utf8mb4_unicode_ci DEFAULT NULL,
  `utm_term` varchar(191) COLLATE utf8mb4_unicode_ci DEFAULT NULL,
  `utm_content` varchar(191) COLLATE utf8mb4_unicode_ci DEFAULT NULL,
  `referrer_url` text COLLATE utf8mb4_unicode_ci,
  `referrer_domain` varchar(191) COLLATE utf8mb4_unicode_ci DEFAULT NULL,
  `order_id` bigint unsigned DEFAULT NULL,
  `created_at` timestamp NULL DEFAULT NULL,
  `updated_at` timestamp NULL DEFAULT NULL,
  PRIMARY KEY (`id`),
  KEY `ec_order_referrals_order_id_index` (`order_id`)
) ENGINE=InnoDB DEFAULT CHARSET=utf8mb4 COLLATE=utf8mb4_unicode_ci;

--
-- Dumping data for table `ec_order_referrals`
--


--
-- Table structure for table `ec_order_return_histories`
--

CREATE TABLE `ec_order_return_histories` (
  `id` bigint unsigned NOT NULL AUTO_INCREMENT,
  `user_id` bigint unsigned DEFAULT NULL,
  `order_return_id` bigint unsigned NOT NULL,
  `action` varchar(191) COLLATE utf8mb4_unicode_ci NOT NULL,
  `description` varchar(400) COLLATE utf8mb4_unicode_ci DEFAULT NULL,
  `reason` varchar(191) COLLATE utf8mb4_unicode_ci DEFAULT NULL,
  `created_at` timestamp NULL DEFAULT NULL,
  `updated_at` timestamp NULL DEFAULT NULL,
  PRIMARY KEY (`id`)
) ENGINE=InnoDB DEFAULT CHARSET=utf8mb4 COLLATE=utf8mb4_unicode_ci;

--
-- Dumping data for table `ec_order_return_histories`
--


--
-- Table structure for table `ec_order_return_items`
--

CREATE TABLE `ec_order_return_items` (
  `id` bigint unsigned NOT NULL AUTO_INCREMENT,
  `order_return_id` bigint unsigned NOT NULL COMMENT 'Order return id',
  `order_product_id` bigint unsigned NOT NULL COMMENT 'Order product id',
  `product_id` bigint unsigned NOT NULL COMMENT 'Product id',
  `product_name` varchar(191) COLLATE utf8mb4_unicode_ci NOT NULL,
  `product_image` varchar(191) COLLATE utf8mb4_unicode_ci DEFAULT NULL,
  `qty` int NOT NULL COMMENT 'Quantity return',
  `price` decimal(15,2) NOT NULL COMMENT 'Price Product',
  `reason` text COLLATE utf8mb4_unicode_ci,
  `created_at` timestamp NULL DEFAULT NULL,
  `updated_at` timestamp NULL DEFAULT NULL,
  `refund_amount` decimal(12,2) DEFAULT '0.00',
  PRIMARY KEY (`id`)
) ENGINE=InnoDB DEFAULT CHARSET=utf8mb4 COLLATE=utf8mb4_unicode_ci;

--
-- Dumping data for table `ec_order_return_items`
--


--
-- Table structure for table `ec_order_returns`
--

CREATE TABLE `ec_order_returns` (
  `id` bigint unsigned NOT NULL AUTO_INCREMENT,
  `code` varchar(191) COLLATE utf8mb4_unicode_ci DEFAULT NULL,
  `order_id` bigint unsigned NOT NULL COMMENT 'Order ID',
  `store_id` bigint unsigned DEFAULT NULL COMMENT 'Store ID',
  `user_id` bigint unsigned NOT NULL COMMENT 'Customer ID',
  `reason` text COLLATE utf8mb4_unicode_ci COMMENT 'Reason return order',
  `order_status` varchar(191) COLLATE utf8mb4_unicode_ci DEFAULT NULL COMMENT 'Order current status',
  `return_status` varchar(191) COLLATE utf8mb4_unicode_ci NOT NULL COMMENT 'Return status',
  `created_at` timestamp NULL DEFAULT NULL,
  `updated_at` timestamp NULL DEFAULT NULL,
  PRIMARY KEY (`id`),
  UNIQUE KEY `ec_order_returns_code_unique` (`code`)
) ENGINE=InnoDB DEFAULT CHARSET=utf8mb4 COLLATE=utf8mb4_unicode_ci;

--
-- Dumping data for table `ec_order_returns`
--


--
-- Table structure for table `ec_order_tax_information`
--

CREATE TABLE `ec_order_tax_information` (
  `id` bigint unsigned NOT NULL AUTO_INCREMENT,
  `order_id` bigint unsigned NOT NULL,
  `company_name` varchar(120) COLLATE utf8mb4_unicode_ci NOT NULL,
  `company_address` varchar(191) COLLATE utf8mb4_unicode_ci NOT NULL,
  `company_tax_code` varchar(20) COLLATE utf8mb4_unicode_ci NOT NULL,
  `company_email` varchar(60) COLLATE utf8mb4_unicode_ci NOT NULL,
  `created_at` timestamp NULL DEFAULT NULL,
  `updated_at` timestamp NULL DEFAULT NULL,
  PRIMARY KEY (`id`),
  KEY `ec_order_tax_information_order_id_index` (`order_id`)
) ENGINE=InnoDB DEFAULT CHARSET=utf8mb4 COLLATE=utf8mb4_unicode_ci;

--
-- Dumping data for table `ec_order_tax_information`
--


--
-- Table structure for table `ec_orders`
--

CREATE TABLE `ec_orders` (
  `id` bigint unsigned NOT NULL AUTO_INCREMENT,
  `code` varchar(191) COLLATE utf8mb4_unicode_ci DEFAULT NULL,
  `user_id` bigint unsigned NOT NULL,
  `shipping_option` varchar(60) COLLATE utf8mb4_unicode_ci DEFAULT NULL,
  `shipping_method` varchar(60) COLLATE utf8mb4_unicode_ci NOT NULL DEFAULT 'default',
  `status` varchar(120) COLLATE utf8mb4_unicode_ci NOT NULL DEFAULT 'pending',
  `amount` decimal(15,2) NOT NULL,
  `tax_amount` decimal(15,2) DEFAULT NULL,
  `shipping_amount` decimal(15,2) DEFAULT NULL,
  `description` text COLLATE utf8mb4_unicode_ci,
  `coupon_code` varchar(120) COLLATE utf8mb4_unicode_ci DEFAULT NULL,
  `discount_amount` decimal(15,2) DEFAULT NULL,
  `sub_total` decimal(15,2) NOT NULL,
  `is_confirmed` tinyint(1) NOT NULL DEFAULT '0',
  `discount_description` varchar(191) COLLATE utf8mb4_unicode_ci DEFAULT NULL,
  `is_finished` tinyint(1) DEFAULT '0',
  `cancellation_reason` varchar(191) COLLATE utf8mb4_unicode_ci DEFAULT NULL,
  `cancellation_reason_description` varchar(191) COLLATE utf8mb4_unicode_ci DEFAULT NULL,
  `completed_at` timestamp NULL DEFAULT NULL,
  `token` varchar(120) COLLATE utf8mb4_unicode_ci DEFAULT NULL,
  `payment_id` bigint unsigned DEFAULT NULL,
  `created_at` timestamp NULL DEFAULT NULL,
  `updated_at` timestamp NULL DEFAULT NULL,
  `proof_file` varchar(191) COLLATE utf8mb4_unicode_ci DEFAULT NULL,
  `store_id` bigint unsigned DEFAULT NULL,
  PRIMARY KEY (`id`),
  UNIQUE KEY `ec_orders_code_unique` (`code`),
  KEY `ec_orders_user_id_status_created_at_index` (`user_id`,`status`,`created_at`)
) ENGINE=InnoDB DEFAULT CHARSET=utf8mb4 COLLATE=utf8mb4_unicode_ci;

--
-- Dumping data for table `ec_orders`
--


--
-- Table structure for table `ec_product_attribute_sets`
--

CREATE TABLE `ec_product_attribute_sets` (
  `id` bigint unsigned NOT NULL AUTO_INCREMENT,
  `title` varchar(120) COLLATE utf8mb4_unicode_ci NOT NULL,
  `slug` varchar(120) COLLATE utf8mb4_unicode_ci DEFAULT NULL,
  `display_layout` varchar(191) COLLATE utf8mb4_unicode_ci NOT NULL DEFAULT 'swatch_dropdown',
  `is_searchable` tinyint unsigned NOT NULL DEFAULT '1',
  `is_comparable` tinyint unsigned NOT NULL DEFAULT '1',
  `is_use_in_product_listing` tinyint unsigned NOT NULL DEFAULT '0',
  `status` varchar(60) COLLATE utf8mb4_unicode_ci NOT NULL DEFAULT 'published',
  `order` tinyint unsigned NOT NULL DEFAULT '0',
  `created_at` timestamp NULL DEFAULT NULL,
  `updated_at` timestamp NULL DEFAULT NULL,
  `use_image_from_product_variation` tinyint unsigned NOT NULL DEFAULT '0',
  PRIMARY KEY (`id`)
) ENGINE=InnoDB AUTO_INCREMENT=3 DEFAULT CHARSET=utf8mb4 COLLATE=utf8mb4_unicode_ci;

--
-- Dumping data for table `ec_product_attribute_sets`
--

INSERT INTO `ec_product_attribute_sets` VALUES (1,'Weight','weight','text',1,1,1,'published',0,'2024-06-02 03:59:00','2024-06-02 03:59:00',0),(2,'Boxes','boxes','text',1,1,1,'published',1,'2024-06-02 03:59:00','2024-06-02 03:59:00',0);

--
-- Table structure for table `ec_product_attribute_sets_translations`
--

CREATE TABLE `ec_product_attribute_sets_translations` (
  `lang_code` varchar(191) COLLATE utf8mb4_unicode_ci NOT NULL,
  `ec_product_attribute_sets_id` bigint unsigned NOT NULL,
  `title` varchar(191) COLLATE utf8mb4_unicode_ci DEFAULT NULL,
  PRIMARY KEY (`lang_code`,`ec_product_attribute_sets_id`)
) ENGINE=InnoDB DEFAULT CHARSET=utf8mb4 COLLATE=utf8mb4_unicode_ci;

--
-- Dumping data for table `ec_product_attribute_sets_translations`
--


--
-- Table structure for table `ec_product_attributes`
--

CREATE TABLE `ec_product_attributes` (
  `id` bigint unsigned NOT NULL AUTO_INCREMENT,
  `attribute_set_id` bigint unsigned NOT NULL,
  `title` varchar(120) COLLATE utf8mb4_unicode_ci NOT NULL,
  `slug` varchar(120) COLLATE utf8mb4_unicode_ci DEFAULT NULL,
  `color` varchar(50) COLLATE utf8mb4_unicode_ci DEFAULT NULL,
  `image` varchar(191) COLLATE utf8mb4_unicode_ci DEFAULT NULL,
  `is_default` tinyint unsigned NOT NULL DEFAULT '0',
  `order` tinyint unsigned NOT NULL DEFAULT '0',
  `created_at` timestamp NULL DEFAULT NULL,
  `updated_at` timestamp NULL DEFAULT NULL,
  PRIMARY KEY (`id`),
  KEY `attribute_set_status_index` (`attribute_set_id`)
) ENGINE=InnoDB AUTO_INCREMENT=11 DEFAULT CHARSET=utf8mb4 COLLATE=utf8mb4_unicode_ci;

--
-- Dumping data for table `ec_product_attributes`
--

INSERT INTO `ec_product_attributes` VALUES (1,1,'1KG','1kg',NULL,NULL,1,1,'2024-06-02 03:59:00','2024-06-02 03:59:00'),(2,1,'2KG','2kg',NULL,NULL,0,2,'2024-06-02 03:59:00','2024-06-02 03:59:00'),(3,1,'3KG','3kg',NULL,NULL,0,3,'2024-06-02 03:59:00','2024-06-02 03:59:00'),(4,1,'4KG','4kg',NULL,NULL,0,4,'2024-06-02 03:59:00','2024-06-02 03:59:00'),(5,1,'5KG','5kg',NULL,NULL,0,5,'2024-06-02 03:59:00','2024-06-02 03:59:00'),(6,2,'1 Box','1-box',NULL,NULL,1,1,'2024-06-02 03:59:00','2024-06-02 03:59:00'),(7,2,'2 Boxes','2-boxes',NULL,NULL,0,2,'2024-06-02 03:59:00','2024-06-02 03:59:00'),(8,2,'3 Boxes','3-boxes',NULL,NULL,0,3,'2024-06-02 03:59:00','2024-06-02 03:59:00'),(9,2,'4 Boxes','4-boxes',NULL,NULL,0,4,'2024-06-02 03:59:00','2024-06-02 03:59:00'),(10,2,'5 Boxes','5-boxes',NULL,NULL,0,5,'2024-06-02 03:59:00','2024-06-02 03:59:00');

--
-- Table structure for table `ec_product_attributes_translations`
--

CREATE TABLE `ec_product_attributes_translations` (
  `lang_code` varchar(191) COLLATE utf8mb4_unicode_ci NOT NULL,
  `ec_product_attributes_id` bigint unsigned NOT NULL,
  `title` varchar(191) COLLATE utf8mb4_unicode_ci DEFAULT NULL,
  PRIMARY KEY (`lang_code`,`ec_product_attributes_id`)
) ENGINE=InnoDB DEFAULT CHARSET=utf8mb4 COLLATE=utf8mb4_unicode_ci;

--
-- Dumping data for table `ec_product_attributes_translations`
--


--
-- Table structure for table `ec_product_categories`
--

CREATE TABLE `ec_product_categories` (
  `id` bigint unsigned NOT NULL AUTO_INCREMENT,
  `name` varchar(191) COLLATE utf8mb4_unicode_ci NOT NULL,
  `parent_id` bigint unsigned NOT NULL DEFAULT '0',
  `description` mediumtext COLLATE utf8mb4_unicode_ci,
  `status` varchar(60) COLLATE utf8mb4_unicode_ci NOT NULL DEFAULT 'published',
  `order` int unsigned NOT NULL DEFAULT '0',
  `image` varchar(191) COLLATE utf8mb4_unicode_ci DEFAULT NULL,
  `is_featured` tinyint unsigned NOT NULL DEFAULT '0',
  `created_at` timestamp NULL DEFAULT NULL,
  `updated_at` timestamp NULL DEFAULT NULL,
  `icon` varchar(191) COLLATE utf8mb4_unicode_ci DEFAULT NULL,
  `icon_image` varchar(191) COLLATE utf8mb4_unicode_ci DEFAULT NULL,
  PRIMARY KEY (`id`),
  KEY `ec_product_categories_parent_id_status_created_at_index` (`parent_id`,`status`,`created_at`),
  KEY `ec_product_categories_parent_id_status_index` (`parent_id`,`status`)
) ENGINE=InnoDB AUTO_INCREMENT=15 DEFAULT CHARSET=utf8mb4 COLLATE=utf8mb4_unicode_ci;

--
-- Dumping data for table `ec_product_categories`
--

INSERT INTO `ec_product_categories` VALUES (1,'Milks and Dairies',0,NULL,'published',0,'product-categories/image-1.png',1,'2024-06-02 03:59:00','2024-06-02 03:59:00',NULL,'product-categories/icon-1.png'),(2,'Clothing & beauty',0,NULL,'published',1,'product-categories/image-2.png',1,'2024-06-02 03:59:00','2024-06-02 03:59:00',NULL,'product-categories/icon-2.png'),(3,'Pet Toy',0,NULL,'published',2,'product-categories/image-3.png',1,'2024-06-02 03:59:00','2024-06-02 03:59:00',NULL,'product-categories/icon-3.png'),(4,'Baking material',0,NULL,'published',3,'product-categories/image-4.png',1,'2024-06-02 03:59:00','2024-06-02 03:59:00',NULL,'product-categories/icon-4.png'),(5,'Fresh Fruit',0,NULL,'published',4,'product-categories/image-5.png',1,'2024-06-02 03:59:00','2024-06-02 03:59:00',NULL,'product-categories/icon-5.png'),(6,'Wines & Drinks',0,NULL,'published',5,'product-categories/image-6.png',1,'2024-06-02 03:59:00','2024-06-02 03:59:00',NULL,'product-categories/icon-6.png'),(7,'Fresh Seafood',0,NULL,'published',6,'product-categories/image-7.png',1,'2024-06-02 03:59:00','2024-06-02 03:59:00',NULL,'product-categories/icon-7.png'),(8,'Fast food',0,NULL,'published',7,'product-categories/image-8.png',1,'2024-06-02 03:59:00','2024-06-02 03:59:00',NULL,'product-categories/icon-8.png'),(9,'Vegetables',0,NULL,'published',8,'product-categories/image-9.png',1,'2024-06-02 03:59:00','2024-06-02 03:59:00',NULL,'product-categories/icon-9.png'),(10,'Bread and Juice',0,NULL,'published',9,'product-categories/image-10.png',1,'2024-06-02 03:59:00','2024-06-02 03:59:00',NULL,'product-categories/icon-10.png'),(11,'Cake & Milk',0,NULL,'published',10,'product-categories/image-11.png',1,'2024-06-02 03:59:00','2024-06-02 03:59:00',NULL,'product-categories/icon-11.png'),(12,'Coffee & Teas',0,NULL,'published',11,'product-categories/image-12.png',1,'2024-06-02 03:59:00','2024-06-02 03:59:00',NULL,'product-categories/icon-12.png'),(13,'Pet Foods',0,NULL,'published',12,'product-categories/image-13.png',0,'2024-06-02 03:59:00','2024-06-02 03:59:00',NULL,'product-categories/icon-13.png'),(14,'Diet Foods',0,NULL,'published',13,'product-categories/image-14.png',0,'2024-06-02 03:59:00','2024-06-02 03:59:00',NULL,'product-categories/icon-14.png');

--
-- Table structure for table `ec_product_categories_translations`
--

CREATE TABLE `ec_product_categories_translations` (
  `lang_code` varchar(191) COLLATE utf8mb4_unicode_ci NOT NULL,
  `ec_product_categories_id` bigint unsigned NOT NULL,
  `name` varchar(191) COLLATE utf8mb4_unicode_ci DEFAULT NULL,
  `description` mediumtext COLLATE utf8mb4_unicode_ci,
  PRIMARY KEY (`lang_code`,`ec_product_categories_id`)
) ENGINE=InnoDB DEFAULT CHARSET=utf8mb4 COLLATE=utf8mb4_unicode_ci;

--
-- Dumping data for table `ec_product_categories_translations`
--


--
-- Table structure for table `ec_product_categorizables`
--

CREATE TABLE `ec_product_categorizables` (
  `category_id` bigint unsigned NOT NULL,
  `reference_id` bigint unsigned NOT NULL,
  `reference_type` varchar(120) COLLATE utf8mb4_unicode_ci NOT NULL,
  PRIMARY KEY (`category_id`,`reference_id`,`reference_type`),
  KEY `ec_product_categorizables_category_id_index` (`category_id`),
  KEY `ec_product_categorizables_reference_id_index` (`reference_id`),
  KEY `ec_product_categorizables_reference_type_index` (`reference_type`)
) ENGINE=InnoDB DEFAULT CHARSET=utf8mb4 COLLATE=utf8mb4_unicode_ci;

--
-- Dumping data for table `ec_product_categorizables`
--


--
-- Table structure for table `ec_product_category_product`
--

CREATE TABLE `ec_product_category_product` (
  `category_id` bigint unsigned NOT NULL,
  `product_id` bigint unsigned NOT NULL,
  PRIMARY KEY (`product_id`,`category_id`),
  KEY `ec_product_category_product_category_id_index` (`category_id`),
  KEY `ec_product_category_product_product_id_index` (`product_id`)
) ENGINE=InnoDB DEFAULT CHARSET=utf8mb4 COLLATE=utf8mb4_unicode_ci;

--
-- Dumping data for table `ec_product_category_product`
--

INSERT INTO `ec_product_category_product` VALUES (1,4),(1,10),(1,11),(1,12),(1,15),(1,19),(1,22),(1,24),(2,1),(2,2),(2,3),(2,7),(2,8),(2,11),(2,20),(2,21),(3,3),(3,5),(3,12),(4,2),(4,5),(4,6),(4,7),(4,16),(4,18),(4,20),(4,24),(5,2),(5,7),(5,9),(5,12),(5,13),(5,14),(5,15),(6,1),(6,3),(6,4),(6,6),(6,9),(6,11),(6,14),(6,17),(7,1),(7,8),(7,10),(7,13),(7,14),(7,15),(7,16),(7,17),(7,19),(7,20),(7,22),(7,23),(8,17),(8,18),(8,22),(9,4),(9,6),(9,12),(9,14),(9,18),(9,19),(9,21),(10,1),(10,4),(10,9),(10,10),(10,13),(10,16),(10,17),(10,20),(10,22),(11,5),(11,7),(11,13),(11,16),(11,21),(11,23),(12,6),(12,8),(12,9),(12,10),(12,18),(12,23),(12,24),(13,2),(13,3),(13,11),(13,15),(13,19),(13,23),(13,24),(14,5),(14,8),(14,21);

--
-- Table structure for table `ec_product_collection_products`
--

CREATE TABLE `ec_product_collection_products` (
  `product_collection_id` bigint unsigned NOT NULL,
  `product_id` bigint unsigned NOT NULL,
  PRIMARY KEY (`product_id`,`product_collection_id`),
  KEY `ec_product_collection_products_product_collection_id_index` (`product_collection_id`),
  KEY `ec_product_collection_products_product_id_index` (`product_id`)
) ENGINE=InnoDB DEFAULT CHARSET=utf8mb4 COLLATE=utf8mb4_unicode_ci;

--
-- Dumping data for table `ec_product_collection_products`
--

INSERT INTO `ec_product_collection_products` VALUES (1,2),(1,4),(1,5),(1,7),(1,13),(1,19),(1,20),(1,21),(1,22),(2,1),(2,6),(2,8),(2,9),(2,11),(2,16),(2,17),(2,18),(2,23),(2,24),(3,3),(3,10),(3,12),(3,14),(3,15);

--
-- Table structure for table `ec_product_collections`
--

CREATE TABLE `ec_product_collections` (
  `id` bigint unsigned NOT NULL AUTO_INCREMENT,
  `name` varchar(191) COLLATE utf8mb4_unicode_ci NOT NULL,
  `slug` varchar(191) COLLATE utf8mb4_unicode_ci NOT NULL,
  `description` varchar(400) COLLATE utf8mb4_unicode_ci DEFAULT NULL,
  `image` varchar(191) COLLATE utf8mb4_unicode_ci DEFAULT NULL,
  `status` varchar(60) COLLATE utf8mb4_unicode_ci NOT NULL DEFAULT 'published',
  `created_at` timestamp NULL DEFAULT NULL,
  `updated_at` timestamp NULL DEFAULT NULL,
  `is_featured` tinyint unsigned NOT NULL DEFAULT '0',
  PRIMARY KEY (`id`)
) ENGINE=InnoDB AUTO_INCREMENT=4 DEFAULT CHARSET=utf8mb4 COLLATE=utf8mb4_unicode_ci;

--
-- Dumping data for table `ec_product_collections`
--

INSERT INTO `ec_product_collections` VALUES (1,'New Arrival','new-arrival',NULL,NULL,'published','2024-06-02 03:59:00','2024-06-02 03:59:00',0),(2,'Best Sellers','best-sellers',NULL,NULL,'published','2024-06-02 03:59:00','2024-06-02 03:59:00',0),(3,'Special Offer','special-offer',NULL,NULL,'published','2024-06-02 03:59:00','2024-06-02 03:59:00',0);

--
-- Table structure for table `ec_product_collections_translations`
--

CREATE TABLE `ec_product_collections_translations` (
  `lang_code` varchar(191) COLLATE utf8mb4_unicode_ci NOT NULL,
  `ec_product_collections_id` bigint unsigned NOT NULL,
  `name` varchar(191) COLLATE utf8mb4_unicode_ci DEFAULT NULL,
  `description` varchar(400) COLLATE utf8mb4_unicode_ci DEFAULT NULL,
  PRIMARY KEY (`lang_code`,`ec_product_collections_id`)
) ENGINE=InnoDB DEFAULT CHARSET=utf8mb4 COLLATE=utf8mb4_unicode_ci;

--
-- Dumping data for table `ec_product_collections_translations`
--


--
-- Table structure for table `ec_product_cross_sale_relations`
--

CREATE TABLE `ec_product_cross_sale_relations` (
  `from_product_id` bigint unsigned NOT NULL,
  `to_product_id` bigint unsigned NOT NULL,
  `is_variant` tinyint(1) NOT NULL DEFAULT '0',
  `price` decimal(15,2) DEFAULT '0.00',
  `price_type` varchar(191) COLLATE utf8mb4_unicode_ci NOT NULL DEFAULT 'fixed',
  `apply_to_all_variations` tinyint(1) NOT NULL DEFAULT '1',
  PRIMARY KEY (`from_product_id`,`to_product_id`),
  KEY `ec_product_cross_sale_relations_from_product_id_index` (`from_product_id`),
  KEY `ec_product_cross_sale_relations_to_product_id_index` (`to_product_id`)
) ENGINE=InnoDB DEFAULT CHARSET=utf8mb4 COLLATE=utf8mb4_unicode_ci;

--
-- Dumping data for table `ec_product_cross_sale_relations`
--

INSERT INTO `ec_product_cross_sale_relations` VALUES (1,4,0,0.00,'fixed',1),(1,10,0,0.00,'fixed',1),(1,14,0,0.00,'fixed',1),(1,20,0,0.00,'fixed',1),(1,24,0,0.00,'fixed',1),(2,6,0,0.00,'fixed',1),(2,9,0,0.00,'fixed',1),(2,11,0,0.00,'fixed',1),(2,20,0,0.00,'fixed',1),(2,23,0,0.00,'fixed',1),(2,24,0,0.00,'fixed',1),(3,1,0,0.00,'fixed',1),(3,2,0,0.00,'fixed',1),(3,15,0,0.00,'fixed',1),(3,18,0,0.00,'fixed',1),(3,19,0,0.00,'fixed',1),(3,22,0,0.00,'fixed',1),(4,14,0,0.00,'fixed',1),(4,15,0,0.00,'fixed',1),(4,16,0,0.00,'fixed',1),(4,17,0,0.00,'fixed',1),(4,20,0,0.00,'fixed',1),(4,23,0,0.00,'fixed',1),(5,4,0,0.00,'fixed',1),(5,10,0,0.00,'fixed',1),(5,14,0,0.00,'fixed',1),(5,15,0,0.00,'fixed',1),(5,20,0,0.00,'fixed',1),(5,24,0,0.00,'fixed',1),(6,4,0,0.00,'fixed',1),(6,5,0,0.00,'fixed',1),(6,14,0,0.00,'fixed',1),(6,18,0,0.00,'fixed',1),(6,19,0,0.00,'fixed',1),(6,23,0,0.00,'fixed',1),(6,24,0,0.00,'fixed',1),(7,2,0,0.00,'fixed',1),(7,3,0,0.00,'fixed',1),(7,5,0,0.00,'fixed',1),(7,16,0,0.00,'fixed',1),(7,17,0,0.00,'fixed',1),(7,22,0,0.00,'fixed',1),(8,11,0,0.00,'fixed',1),(8,12,0,0.00,'fixed',1),(8,15,0,0.00,'fixed',1),(8,18,0,0.00,'fixed',1),(8,23,0,0.00,'fixed',1),(8,24,0,0.00,'fixed',1),(9,1,0,0.00,'fixed',1),(9,3,0,0.00,'fixed',1),(9,4,0,0.00,'fixed',1),(9,12,0,0.00,'fixed',1),(9,14,0,0.00,'fixed',1),(9,17,0,0.00,'fixed',1),(10,3,0,0.00,'fixed',1),(10,4,0,0.00,'fixed',1),(10,9,0,0.00,'fixed',1),(10,14,0,0.00,'fixed',1),(10,16,0,0.00,'fixed',1),(10,22,0,0.00,'fixed',1),(10,23,0,0.00,'fixed',1),(11,2,0,0.00,'fixed',1),(11,3,0,0.00,'fixed',1),(11,8,0,0.00,'fixed',1),(11,12,0,0.00,'fixed',1),(11,15,0,0.00,'fixed',1),(11,23,0,0.00,'fixed',1),(12,2,0,0.00,'fixed',1),(12,5,0,0.00,'fixed',1),(12,7,0,0.00,'fixed',1),(12,9,0,0.00,'fixed',1),(12,14,0,0.00,'fixed',1),(12,22,0,0.00,'fixed',1),(13,2,0,0.00,'fixed',1),(13,14,0,0.00,'fixed',1),(13,16,0,0.00,'fixed',1),(13,17,0,0.00,'fixed',1),(13,18,0,0.00,'fixed',1),(13,19,0,0.00,'fixed',1),(13,22,0,0.00,'fixed',1),(14,7,0,0.00,'fixed',1),(14,12,0,0.00,'fixed',1),(14,16,0,0.00,'fixed',1),(14,18,0,0.00,'fixed',1),(14,23,0,0.00,'fixed',1),(15,6,0,0.00,'fixed',1),(15,11,0,0.00,'fixed',1),(15,14,0,0.00,'fixed',1),(15,17,0,0.00,'fixed',1),(15,21,0,0.00,'fixed',1),(16,2,0,0.00,'fixed',1),(16,3,0,0.00,'fixed',1),(16,4,0,0.00,'fixed',1),(16,12,0,0.00,'fixed',1),(16,22,0,0.00,'fixed',1),(16,23,0,0.00,'fixed',1),(17,1,0,0.00,'fixed',1),(17,8,0,0.00,'fixed',1),(17,14,0,0.00,'fixed',1),(17,15,0,0.00,'fixed',1),(17,21,0,0.00,'fixed',1),(17,22,0,0.00,'fixed',1),(18,8,0,0.00,'fixed',1),(18,9,0,0.00,'fixed',1),(18,10,0,0.00,'fixed',1),(18,11,0,0.00,'fixed',1),(18,13,0,0.00,'fixed',1),(18,15,0,0.00,'fixed',1),(19,2,0,0.00,'fixed',1),(19,8,0,0.00,'fixed',1),(19,11,0,0.00,'fixed',1),(19,18,0,0.00,'fixed',1),(19,21,0,0.00,'fixed',1),(19,23,0,0.00,'fixed',1),(20,2,0,0.00,'fixed',1),(20,5,0,0.00,'fixed',1),(20,12,0,0.00,'fixed',1),(20,13,0,0.00,'fixed',1),(20,15,0,0.00,'fixed',1),(20,16,0,0.00,'fixed',1),(21,4,0,0.00,'fixed',1),(21,5,0,0.00,'fixed',1),(21,11,0,0.00,'fixed',1),(21,13,0,0.00,'fixed',1),(21,16,0,0.00,'fixed',1),(21,17,0,0.00,'fixed',1),(22,7,0,0.00,'fixed',1),(22,10,0,0.00,'fixed',1),(22,11,0,0.00,'fixed',1),(22,12,0,0.00,'fixed',1),(22,15,0,0.00,'fixed',1),(22,18,0,0.00,'fixed',1),(22,21,0,0.00,'fixed',1),(23,4,0,0.00,'fixed',1),(23,8,0,0.00,'fixed',1),(23,13,0,0.00,'fixed',1),(23,16,0,0.00,'fixed',1),(23,21,0,0.00,'fixed',1),(23,22,0,0.00,'fixed',1),(24,9,0,0.00,'fixed',1),(24,11,0,0.00,'fixed',1),(24,17,0,0.00,'fixed',1),(24,18,0,0.00,'fixed',1),(24,19,0,0.00,'fixed',1),(24,21,0,0.00,'fixed',1),(24,23,0,0.00,'fixed',1);

--
-- Table structure for table `ec_product_files`
--

CREATE TABLE `ec_product_files` (
  `id` bigint unsigned NOT NULL AUTO_INCREMENT,
  `product_id` bigint unsigned DEFAULT NULL,
  `url` varchar(400) COLLATE utf8mb4_unicode_ci DEFAULT NULL,
  `extras` mediumtext COLLATE utf8mb4_unicode_ci,
  `created_at` timestamp NULL DEFAULT NULL,
  `updated_at` timestamp NULL DEFAULT NULL,
  PRIMARY KEY (`id`),
  KEY `ec_product_files_product_id_index` (`product_id`)
) ENGINE=InnoDB AUTO_INCREMENT=22 DEFAULT CHARSET=utf8mb4 COLLATE=utf8mb4_unicode_ci;

--
-- Dumping data for table `ec_product_files`
--

INSERT INTO `ec_product_files` VALUES (1,4,'ecommerce/digital-product-files/4.jpg','{\"filename\":\"4.jpg\",\"url\":\"ecommerce\\/digital-product-files\\/4.jpg\",\"mime_type\":\"image\\/jpeg\",\"size\":9803,\"modified\":\"2024-06-02 10:59:05\",\"name\":\"4\",\"extension\":\"jpg\"}','2024-06-02 03:59:05','2024-06-02 03:59:05'),(2,4,'ecommerce/digital-product-files/4-1.jpg','{\"filename\":\"4-1.jpg\",\"url\":\"ecommerce\\/digital-product-files\\/4-1.jpg\",\"mime_type\":\"image\\/jpeg\",\"size\":9803,\"modified\":\"2024-06-02 10:59:05\",\"name\":\"4-1\",\"extension\":\"jpg\"}','2024-06-02 03:59:05','2024-06-02 03:59:05'),(3,8,'ecommerce/digital-product-files/8.jpg','{\"filename\":\"8.jpg\",\"url\":\"ecommerce\\/digital-product-files\\/8.jpg\",\"mime_type\":\"image\\/jpeg\",\"size\":9803,\"modified\":\"2024-06-02 10:59:05\",\"name\":\"8\",\"extension\":\"jpg\"}','2024-06-02 03:59:05','2024-06-02 03:59:05'),(4,8,'ecommerce/digital-product-files/8-1.jpg','{\"filename\":\"8-1.jpg\",\"url\":\"ecommerce\\/digital-product-files\\/8-1.jpg\",\"mime_type\":\"image\\/jpeg\",\"size\":9803,\"modified\":\"2024-06-02 10:59:05\",\"name\":\"8-1\",\"extension\":\"jpg\"}','2024-06-02 03:59:05','2024-06-02 03:59:05'),(5,12,'ecommerce/digital-product-files/12.jpg','{\"filename\":\"12.jpg\",\"url\":\"ecommerce\\/digital-product-files\\/12.jpg\",\"mime_type\":\"image\\/jpeg\",\"size\":9803,\"modified\":\"2024-06-02 10:59:05\",\"name\":\"12\",\"extension\":\"jpg\"}','2024-06-02 03:59:05','2024-06-02 03:59:05'),(6,12,'ecommerce/digital-product-files/12-1.jpg','{\"filename\":\"12-1.jpg\",\"url\":\"ecommerce\\/digital-product-files\\/12-1.jpg\",\"mime_type\":\"image\\/jpeg\",\"size\":9803,\"modified\":\"2024-06-02 10:59:05\",\"name\":\"12-1\",\"extension\":\"jpg\"}','2024-06-02 03:59:05','2024-06-02 03:59:05'),(7,16,'ecommerce/digital-product-files/16.jpg','{\"filename\":\"16.jpg\",\"url\":\"ecommerce\\/digital-product-files\\/16.jpg\",\"mime_type\":\"image\\/jpeg\",\"size\":9803,\"modified\":\"2024-06-02 10:59:05\",\"name\":\"16\",\"extension\":\"jpg\"}','2024-06-02 03:59:05','2024-06-02 03:59:05'),(8,16,'ecommerce/digital-product-files/16-1.jpg','{\"filename\":\"16-1.jpg\",\"url\":\"ecommerce\\/digital-product-files\\/16-1.jpg\",\"mime_type\":\"image\\/jpeg\",\"size\":9803,\"modified\":\"2024-06-02 10:59:05\",\"name\":\"16-1\",\"extension\":\"jpg\"}','2024-06-02 03:59:05','2024-06-02 03:59:05'),(9,20,'ecommerce/digital-product-files/20.jpg','{\"filename\":\"20.jpg\",\"url\":\"ecommerce\\/digital-product-files\\/20.jpg\",\"mime_type\":\"image\\/jpeg\",\"size\":9803,\"modified\":\"2024-06-02 10:59:05\",\"name\":\"20\",\"extension\":\"jpg\"}','2024-06-02 03:59:05','2024-06-02 03:59:05'),(10,20,'ecommerce/digital-product-files/20-1.jpg','{\"filename\":\"20-1.jpg\",\"url\":\"ecommerce\\/digital-product-files\\/20-1.jpg\",\"mime_type\":\"image\\/jpeg\",\"size\":9803,\"modified\":\"2024-06-02 10:59:05\",\"name\":\"20-1\",\"extension\":\"jpg\"}','2024-06-02 03:59:05','2024-06-02 03:59:05'),(11,24,'ecommerce/digital-product-files/24.jpg','{\"filename\":\"24.jpg\",\"url\":\"ecommerce\\/digital-product-files\\/24.jpg\",\"mime_type\":\"image\\/jpeg\",\"size\":9803,\"modified\":\"2024-06-02 10:59:05\",\"name\":\"24\",\"extension\":\"jpg\"}','2024-06-02 03:59:05','2024-06-02 03:59:05'),(12,24,'ecommerce/digital-product-files/24-1.jpg','{\"filename\":\"24-1.jpg\",\"url\":\"ecommerce\\/digital-product-files\\/24-1.jpg\",\"mime_type\":\"image\\/jpeg\",\"size\":9803,\"modified\":\"2024-06-02 10:59:05\",\"name\":\"24-1\",\"extension\":\"jpg\"}','2024-06-02 03:59:05','2024-06-02 03:59:05'),(13,33,'ecommerce/digital-product-files/4-1.jpg','{\"filename\":\"4-1.jpg\",\"url\":\"ecommerce\\/digital-product-files\\/4-1.jpg\",\"mime_type\":\"image\\/jpeg\",\"size\":9803,\"modified\":\"2024-06-02 10:59:05\",\"name\":\"4-1\",\"extension\":\"jpg\"}','2024-06-02 03:59:05','2024-06-02 03:59:05'),(14,34,'ecommerce/digital-product-files/4.jpg','{\"filename\":\"4.jpg\",\"url\":\"ecommerce\\/digital-product-files\\/4.jpg\",\"mime_type\":\"image\\/jpeg\",\"size\":9803,\"modified\":\"2024-06-02 10:59:05\",\"name\":\"4\",\"extension\":\"jpg\"}','2024-06-02 03:59:05','2024-06-02 03:59:05'),(15,35,'ecommerce/digital-product-files/4.jpg','{\"filename\":\"4.jpg\",\"url\":\"ecommerce\\/digital-product-files\\/4.jpg\",\"mime_type\":\"image\\/jpeg\",\"size\":9803,\"modified\":\"2024-06-02 10:59:05\",\"name\":\"4\",\"extension\":\"jpg\"}','2024-06-02 03:59:05','2024-06-02 03:59:05'),(16,36,'ecommerce/digital-product-files/4.jpg','{\"filename\":\"4.jpg\",\"url\":\"ecommerce\\/digital-product-files\\/4.jpg\",\"mime_type\":\"image\\/jpeg\",\"size\":9803,\"modified\":\"2024-06-02 10:59:05\",\"name\":\"4\",\"extension\":\"jpg\"}','2024-06-02 03:59:05','2024-06-02 03:59:05'),(17,56,'ecommerce/digital-product-files/16-1.jpg','{\"filename\":\"16-1.jpg\",\"url\":\"ecommerce\\/digital-product-files\\/16-1.jpg\",\"mime_type\":\"image\\/jpeg\",\"size\":9803,\"modified\":\"2024-06-02 10:59:05\",\"name\":\"16-1\",\"extension\":\"jpg\"}','2024-06-02 03:59:05','2024-06-02 03:59:05'),(18,57,'ecommerce/digital-product-files/16-2.jpg','{\"filename\":\"16-2.jpg\",\"url\":\"ecommerce\\/digital-product-files\\/16-2.jpg\",\"mime_type\":\"image\\/jpeg\",\"size\":9803,\"modified\":\"2024-06-02 10:59:05\",\"name\":\"16-2\",\"extension\":\"jpg\"}','2024-06-02 03:59:05','2024-06-02 03:59:05'),(19,58,'ecommerce/digital-product-files/16-3.jpg','{\"filename\":\"16-3.jpg\",\"url\":\"ecommerce\\/digital-product-files\\/16-3.jpg\",\"mime_type\":\"image\\/jpeg\",\"size\":9803,\"modified\":\"2024-06-02 10:59:05\",\"name\":\"16-3\",\"extension\":\"jpg\"}','2024-06-02 03:59:05','2024-06-02 03:59:05'),(20,69,'ecommerce/digital-product-files/24-1.jpg','{\"filename\":\"24-1.jpg\",\"url\":\"ecommerce\\/digital-product-files\\/24-1.jpg\",\"mime_type\":\"image\\/jpeg\",\"size\":9803,\"modified\":\"2024-06-02 10:59:05\",\"name\":\"24-1\",\"extension\":\"jpg\"}','2024-06-02 03:59:05','2024-06-02 03:59:05'),(21,70,'ecommerce/digital-product-files/24.jpg','{\"filename\":\"24.jpg\",\"url\":\"ecommerce\\/digital-product-files\\/24.jpg\",\"mime_type\":\"image\\/jpeg\",\"size\":9803,\"modified\":\"2024-06-02 10:59:05\",\"name\":\"24\",\"extension\":\"jpg\"}','2024-06-02 03:59:05','2024-06-02 03:59:05');

--
-- Table structure for table `ec_product_label_products`
--

CREATE TABLE `ec_product_label_products` (
  `product_label_id` bigint unsigned NOT NULL,
  `product_id` bigint unsigned NOT NULL,
  PRIMARY KEY (`product_label_id`,`product_id`),
  KEY `ec_product_label_products_product_label_id_index` (`product_label_id`),
  KEY `ec_product_label_products_product_id_index` (`product_id`)
) ENGINE=InnoDB DEFAULT CHARSET=utf8mb4 COLLATE=utf8mb4_unicode_ci;

--
-- Dumping data for table `ec_product_label_products`
--

INSERT INTO `ec_product_label_products` VALUES (1,12),(1,24),(2,3),(2,6),(2,9),(2,15),(2,18),(2,21);

--
-- Table structure for table `ec_product_labels`
--

CREATE TABLE `ec_product_labels` (
  `id` bigint unsigned NOT NULL AUTO_INCREMENT,
  `name` varchar(191) COLLATE utf8mb4_unicode_ci NOT NULL,
  `color` varchar(120) COLLATE utf8mb4_unicode_ci DEFAULT NULL,
  `status` varchar(60) COLLATE utf8mb4_unicode_ci NOT NULL DEFAULT 'published',
  `created_at` timestamp NULL DEFAULT NULL,
  `updated_at` timestamp NULL DEFAULT NULL,
  PRIMARY KEY (`id`)
) ENGINE=InnoDB AUTO_INCREMENT=4 DEFAULT CHARSET=utf8mb4 COLLATE=utf8mb4_unicode_ci;

--
-- Dumping data for table `ec_product_labels`
--

INSERT INTO `ec_product_labels` VALUES (1,'Hot','#d71e2d','published','2024-06-02 03:59:00','2024-06-02 03:59:00'),(2,'New','#02856e','published','2024-06-02 03:59:00','2024-06-02 03:59:00'),(3,'Sale','#fe9931','published','2024-06-02 03:59:00','2024-06-02 03:59:00');

--
-- Table structure for table `ec_product_labels_translations`
--

CREATE TABLE `ec_product_labels_translations` (
  `lang_code` varchar(191) COLLATE utf8mb4_unicode_ci NOT NULL,
  `ec_product_labels_id` bigint unsigned NOT NULL,
  `name` varchar(191) COLLATE utf8mb4_unicode_ci DEFAULT NULL,
  `description` varchar(400) COLLATE utf8mb4_unicode_ci DEFAULT NULL,
  PRIMARY KEY (`lang_code`,`ec_product_labels_id`)
) ENGINE=InnoDB DEFAULT CHARSET=utf8mb4 COLLATE=utf8mb4_unicode_ci;

--
-- Dumping data for table `ec_product_labels_translations`
--


--
-- Table structure for table `ec_product_related_relations`
--

CREATE TABLE `ec_product_related_relations` (
  `from_product_id` bigint unsigned NOT NULL,
  `to_product_id` bigint unsigned NOT NULL,
  PRIMARY KEY (`from_product_id`,`to_product_id`),
  KEY `ec_product_related_relations_from_product_id_index` (`from_product_id`),
  KEY `ec_product_related_relations_to_product_id_index` (`to_product_id`)
) ENGINE=InnoDB DEFAULT CHARSET=utf8mb4 COLLATE=utf8mb4_unicode_ci;

--
-- Dumping data for table `ec_product_related_relations`
--


--
-- Table structure for table `ec_product_tag_product`
--

CREATE TABLE `ec_product_tag_product` (
  `product_id` bigint unsigned NOT NULL,
  `tag_id` bigint unsigned NOT NULL,
  PRIMARY KEY (`product_id`,`tag_id`),
  KEY `ec_product_tag_product_product_id_index` (`product_id`),
  KEY `ec_product_tag_product_tag_id_index` (`tag_id`)
) ENGINE=InnoDB DEFAULT CHARSET=utf8mb4 COLLATE=utf8mb4_unicode_ci;

--
-- Dumping data for table `ec_product_tag_product`
--

INSERT INTO `ec_product_tag_product` VALUES (1,1),(1,2),(1,4),(2,1),(2,3),(2,4),(3,1),(3,4),(3,5),(4,1),(4,2),(4,3),(5,3),(5,4),(5,5),(6,1),(6,4),(6,5),(7,1),(7,3),(7,4),(8,3),(8,4),(8,5),(9,1),(9,2),(9,3),(10,2),(10,3),(10,4),(11,1),(11,2),(11,4),(12,1),(12,3),(12,5),(13,1),(13,2),(13,3),(14,1),(14,3),(14,4),(15,1),(15,2),(15,5),(16,2),(16,3),(16,4),(17,1),(17,2),(17,4),(18,1),(18,2),(18,4),(19,1),(19,2),(19,4),(20,1),(20,2),(20,5),(21,1),(21,2),(21,5),(22,1),(22,3),(22,4),(23,1),(23,3),(23,5),(24,2),(24,3),(24,4);

--
-- Table structure for table `ec_product_tags`
--

CREATE TABLE `ec_product_tags` (
  `id` bigint unsigned NOT NULL AUTO_INCREMENT,
  `name` varchar(120) COLLATE utf8mb4_unicode_ci NOT NULL,
  `description` varchar(400) COLLATE utf8mb4_unicode_ci DEFAULT NULL,
  `status` varchar(60) COLLATE utf8mb4_unicode_ci NOT NULL DEFAULT 'published',
  `created_at` timestamp NULL DEFAULT NULL,
  `updated_at` timestamp NULL DEFAULT NULL,
  PRIMARY KEY (`id`)
) ENGINE=InnoDB AUTO_INCREMENT=6 DEFAULT CHARSET=utf8mb4 COLLATE=utf8mb4_unicode_ci;

--
-- Dumping data for table `ec_product_tags`
--

INSERT INTO `ec_product_tags` VALUES (1,'Wallet',NULL,'published','2024-06-02 03:59:00','2024-06-02 03:59:00'),(2,'Bags',NULL,'published','2024-06-02 03:59:00','2024-06-02 03:59:00'),(3,'Shoes',NULL,'published','2024-06-02 03:59:00','2024-06-02 03:59:00'),(4,'Clothes',NULL,'published','2024-06-02 03:59:00','2024-06-02 03:59:00'),(5,'Hand bag',NULL,'published','2024-06-02 03:59:00','2024-06-02 03:59:00');

--
-- Table structure for table `ec_product_tags_translations`
--

CREATE TABLE `ec_product_tags_translations` (
  `lang_code` varchar(191) COLLATE utf8mb4_unicode_ci NOT NULL,
  `ec_product_tags_id` bigint unsigned NOT NULL,
  `name` varchar(191) COLLATE utf8mb4_unicode_ci DEFAULT NULL,
  PRIMARY KEY (`lang_code`,`ec_product_tags_id`)
) ENGINE=InnoDB DEFAULT CHARSET=utf8mb4 COLLATE=utf8mb4_unicode_ci;

--
-- Dumping data for table `ec_product_tags_translations`
--


--
-- Table structure for table `ec_product_up_sale_relations`
--

CREATE TABLE `ec_product_up_sale_relations` (
  `from_product_id` bigint unsigned NOT NULL,
  `to_product_id` bigint unsigned NOT NULL,
  PRIMARY KEY (`from_product_id`,`to_product_id`),
  KEY `ec_product_up_sale_relations_from_product_id_index` (`from_product_id`),
  KEY `ec_product_up_sale_relations_to_product_id_index` (`to_product_id`)
) ENGINE=InnoDB DEFAULT CHARSET=utf8mb4 COLLATE=utf8mb4_unicode_ci;

--
-- Dumping data for table `ec_product_up_sale_relations`
--


--
-- Table structure for table `ec_product_variation_items`
--

CREATE TABLE `ec_product_variation_items` (
  `id` bigint unsigned NOT NULL AUTO_INCREMENT,
  `attribute_id` bigint unsigned NOT NULL,
  `variation_id` bigint unsigned NOT NULL,
  PRIMARY KEY (`id`),
  UNIQUE KEY `ec_product_variation_items_attribute_id_variation_id_unique` (`attribute_id`,`variation_id`),
  KEY `attribute_variation_index` (`attribute_id`,`variation_id`)
) ENGINE=InnoDB AUTO_INCREMENT=41 DEFAULT CHARSET=utf8mb4 COLLATE=utf8mb4_unicode_ci;

--
-- Dumping data for table `ec_product_variation_items`
--

INSERT INTO `ec_product_variation_items` VALUES (11,1,6),(21,1,11),(29,1,15),(33,1,17),(35,1,18),(1,2,1),(7,3,4),(9,3,5),(23,3,12),(39,3,20),(13,4,7),(15,4,8),(17,4,9),(19,4,10),(25,4,13),(31,4,16),(3,5,2),(5,5,3),(27,5,14),(37,5,19),(4,6,2),(8,6,4),(18,6,9),(22,6,11),(40,6,20),(6,7,3),(2,8,1),(10,8,5),(12,8,6),(16,8,8),(24,8,12),(26,8,13),(28,8,14),(36,8,18),(38,8,19),(14,9,7),(20,9,10),(30,10,15),(32,10,16),(34,10,17);

--
-- Table structure for table `ec_product_variations`
--

CREATE TABLE `ec_product_variations` (
  `id` bigint unsigned NOT NULL AUTO_INCREMENT,
  `product_id` bigint unsigned DEFAULT NULL,
  `configurable_product_id` bigint unsigned NOT NULL,
  `is_default` tinyint NOT NULL DEFAULT '0',
  PRIMARY KEY (`id`),
  UNIQUE KEY `ec_product_variations_product_id_configurable_product_id_unique` (`product_id`,`configurable_product_id`),
  KEY `configurable_product_index` (`product_id`,`configurable_product_id`)
) ENGINE=InnoDB AUTO_INCREMENT=47 DEFAULT CHARSET=utf8mb4 COLLATE=utf8mb4_unicode_ci;

--
-- Dumping data for table `ec_product_variations`
--

INSERT INTO `ec_product_variations` VALUES (1,25,1,1),(2,26,1,0),(3,27,1,0),(4,28,2,1),(5,29,2,0),(6,30,3,1),(7,31,3,0),(8,32,3,0),(9,33,4,1),(10,34,4,0),(11,35,4,0),(12,36,4,0),(13,37,5,1),(14,38,5,0),(15,39,6,1),(16,40,7,1),(17,41,7,0),(18,42,11,1),(19,43,11,0),(20,44,11,0),(21,45,13,1),(22,46,13,0),(23,47,13,0),(24,48,14,1),(25,49,14,0),(26,50,14,0),(27,51,14,0),(28,52,14,0),(29,53,15,1),(30,54,15,0),(31,55,15,0),(32,56,16,1),(33,57,16,0),(34,58,16,0),(35,59,17,1),(36,60,17,0),(37,61,17,0),(38,62,18,1),(39,63,19,1),(40,64,21,1),(41,65,21,0),(42,66,21,0),(43,67,23,1),(44,68,23,0),(45,69,24,1),(46,70,24,0);

--
-- Table structure for table `ec_product_views`
--

CREATE TABLE `ec_product_views` (
  `id` bigint unsigned NOT NULL AUTO_INCREMENT,
  `product_id` bigint unsigned NOT NULL,
  `views` int NOT NULL DEFAULT '1',
  `date` date NOT NULL DEFAULT '2024-06-02',
  PRIMARY KEY (`id`),
  UNIQUE KEY `ec_product_views_product_id_date_unique` (`product_id`,`date`),
  KEY `ec_product_views_product_id_index` (`product_id`)
) ENGINE=InnoDB DEFAULT CHARSET=utf8mb4 COLLATE=utf8mb4_unicode_ci;

--
-- Dumping data for table `ec_product_views`
--


--
-- Table structure for table `ec_product_with_attribute_set`
--

CREATE TABLE `ec_product_with_attribute_set` (
  `attribute_set_id` bigint unsigned NOT NULL,
  `product_id` bigint unsigned NOT NULL,
  `order` tinyint unsigned NOT NULL DEFAULT '0',
  PRIMARY KEY (`product_id`,`attribute_set_id`)
) ENGINE=InnoDB DEFAULT CHARSET=utf8mb4 COLLATE=utf8mb4_unicode_ci;

--
-- Dumping data for table `ec_product_with_attribute_set`
--

INSERT INTO `ec_product_with_attribute_set` VALUES (1,1,0),(2,1,0),(1,2,0),(2,2,0),(1,3,0),(2,3,0),(1,4,0),(2,4,0),(1,5,0),(2,5,0),(1,6,0),(2,6,0),(1,7,0),(2,7,0),(1,11,0),(2,11,0);

--
-- Table structure for table `ec_products`
--

CREATE TABLE `ec_products` (
  `id` bigint unsigned NOT NULL AUTO_INCREMENT,
  `name` varchar(191) COLLATE utf8mb4_unicode_ci NOT NULL,
  `description` text COLLATE utf8mb4_unicode_ci,
  `content` longtext COLLATE utf8mb4_unicode_ci,
  `status` varchar(60) COLLATE utf8mb4_unicode_ci NOT NULL DEFAULT 'published',
  `images` text COLLATE utf8mb4_unicode_ci,
  `sku` varchar(191) COLLATE utf8mb4_unicode_ci DEFAULT NULL,
  `order` int unsigned NOT NULL DEFAULT '0',
  `quantity` int unsigned DEFAULT NULL,
  `allow_checkout_when_out_of_stock` tinyint unsigned NOT NULL DEFAULT '0',
  `with_storehouse_management` tinyint unsigned NOT NULL DEFAULT '0',
  `is_featured` tinyint unsigned NOT NULL DEFAULT '0',
  `brand_id` bigint unsigned DEFAULT NULL,
  `is_variation` tinyint NOT NULL DEFAULT '0',
  `sale_type` tinyint NOT NULL DEFAULT '0',
  `price` double unsigned DEFAULT NULL,
  `sale_price` double unsigned DEFAULT NULL,
  `start_date` timestamp NULL DEFAULT NULL,
  `end_date` timestamp NULL DEFAULT NULL,
  `length` double(8,2) DEFAULT NULL,
  `wide` double(8,2) DEFAULT NULL,
  `height` double(8,2) DEFAULT NULL,
  `weight` double(8,2) DEFAULT NULL,
  `tax_id` bigint unsigned DEFAULT NULL,
  `views` bigint NOT NULL DEFAULT '0',
  `created_at` timestamp NULL DEFAULT NULL,
  `updated_at` timestamp NULL DEFAULT NULL,
  `stock_status` varchar(191) COLLATE utf8mb4_unicode_ci DEFAULT 'in_stock',
  `created_by_id` bigint unsigned DEFAULT '0',
  `created_by_type` varchar(191) COLLATE utf8mb4_unicode_ci NOT NULL DEFAULT 'Botble\\ACL\\Models\\User',
  `image` varchar(191) COLLATE utf8mb4_unicode_ci DEFAULT NULL,
  `product_type` varchar(60) COLLATE utf8mb4_unicode_ci DEFAULT 'physical',
  `barcode` varchar(50) COLLATE utf8mb4_unicode_ci DEFAULT NULL,
  `cost_per_item` double DEFAULT NULL,
  `generate_license_code` tinyint(1) NOT NULL DEFAULT '0',
  `minimum_order_quantity` int unsigned DEFAULT '0',
  `maximum_order_quantity` int unsigned DEFAULT '0',
  `store_id` bigint unsigned DEFAULT NULL,
  `approved_by` bigint unsigned DEFAULT '0',
  PRIMARY KEY (`id`),
  KEY `ec_products_brand_id_status_is_variation_created_at_index` (`brand_id`,`status`,`is_variation`,`created_at`),
  KEY `sale_type_index` (`sale_type`),
  KEY `start_date_index` (`start_date`),
  KEY `end_date_index` (`end_date`),
  KEY `sale_price_index` (`sale_price`),
  KEY `is_variation_index` (`is_variation`),
  KEY `ec_products_sku_index` (`sku`)
) ENGINE=InnoDB AUTO_INCREMENT=71 DEFAULT CHARSET=utf8mb4 COLLATE=utf8mb4_unicode_ci;

--
-- Dumping data for table `ec_products`
--

INSERT INTO `ec_products` VALUES (1,'Seeds of Change Organic Quinoe','<p>Short Hooded Coat features a straight body, large pockets with button flaps, ventilation air holes, and a string\n    detail along the hemline.</p>\n<p><img src=\"/storage/general/clock.png\" alt=\"icon\" style=\"height:15px;\">  1 Year AL Jazeera Brand Warranty\n</p>\n<p><img src=\"/storage/general/paper-plane.png\" alt=\"icon\" style=\"height:15px;\">   30 Day Return Policy</p>\n<p><img src=\"/storage/general/credit-card.png\" alt=\"icon\" style=\"height:15px;\">  Cash on Delivery available\n</p>\n','<p>Short Hooded Coat features a straight body, large pockets with button flaps, ventilation air holes, and a string\n    detail along the hemline. The style is completed with a drawstring hood, featuring Rains’ signature built-in\n    cap. Made from waterproof, matte PU, this lightweight unisex rain jacket is an ode to nostalgia through its classic\n    silhouette and utilitarian design details.</p>\n<p>- Casual unisex fit</p>\n\n<p>- 64% polyester, 36% polyurethane</p>\n\n<p>- Water column pressure: 4000 mm</p>\n\n<p>- Model is 187cm tall and wearing a size S / M</p>\n\n<p>- Unisex fit</p>\n\n<p>- Drawstring hood with built-in cap</p>\n\n<p>- Front placket with snap buttons</p>\n\n<p>- Ventilation under armpit</p>\n\n<p>- Adjustable cuffs</p>\n\n<p>- Double welted front pockets</p>\n\n<p>- Adjustable elastic string at hempen</p>\n\n<p>- Ultrasonically welded seams</p>\n\n<p>This is a unisex item, please check our clothing &amp; footwear sizing guide for specific Rains jacket sizing\n    information. RAINS comes from the rainy nation of Denmark at the edge of the European continent, close to the ocean\n    and with prevailing westerly winds; all factors that contribute to an average of 121 rain days each year. Arising\n    from these rainy weather conditions comes the attitude that a quick rain shower may be beautiful, as well as moody-\n    but first and foremost requires the right outfit. Rains focus on the whole experience of going outside on rainy\n    days, issuing an invitation to explore even in the most mercurial weather.</p>\n','published','[\"products\\/1.jpg\",\"products\\/1-1.jpg\"]','MU-196-A1',0,17,0,1,1,2,0,0,1456,NULL,NULL,NULL,17.00,13.00,10.00,825.00,NULL,67836,'2024-06-02 03:59:04','2024-06-02 03:59:19','in_stock',0,'Botble\\ACL\\Models\\User',NULL,'physical',NULL,NULL,0,0,0,4,0),(2,'All Natural Italian-Style Chicken Meatballs','<p>Short Hooded Coat features a straight body, large pockets with button flaps, ventilation air holes, and a string\n    detail along the hemline.</p>\n<p><img src=\"/storage/general/clock.png\" alt=\"icon\" style=\"height:15px;\">  1 Year AL Jazeera Brand Warranty\n</p>\n<p><img src=\"/storage/general/paper-plane.png\" alt=\"icon\" style=\"height:15px;\">   30 Day Return Policy</p>\n<p><img src=\"/storage/general/credit-card.png\" alt=\"icon\" style=\"height:15px;\">  Cash on Delivery available\n</p>\n','<p>Short Hooded Coat features a straight body, large pockets with button flaps, ventilation air holes, and a string\n    detail along the hemline. The style is completed with a drawstring hood, featuring Rains’ signature built-in\n    cap. Made from waterproof, matte PU, this lightweight unisex rain jacket is an ode to nostalgia through its classic\n    silhouette and utilitarian design details.</p>\n<p>- Casual unisex fit</p>\n\n<p>- 64% polyester, 36% polyurethane</p>\n\n<p>- Water column pressure: 4000 mm</p>\n\n<p>- Model is 187cm tall and wearing a size S / M</p>\n\n<p>- Unisex fit</p>\n\n<p>- Drawstring hood with built-in cap</p>\n\n<p>- Front placket with snap buttons</p>\n\n<p>- Ventilation under armpit</p>\n\n<p>- Adjustable cuffs</p>\n\n<p>- Double welted front pockets</p>\n\n<p>- Adjustable elastic string at hempen</p>\n\n<p>- Ultrasonically welded seams</p>\n\n<p>This is a unisex item, please check our clothing &amp; footwear sizing guide for specific Rains jacket sizing\n    information. RAINS comes from the rainy nation of Denmark at the edge of the European continent, close to the ocean\n    and with prevailing westerly winds; all factors that contribute to an average of 121 rain days each year. Arising\n    from these rainy weather conditions comes the attitude that a quick rain shower may be beautiful, as well as moody-\n    but first and foremost requires the right outfit. Rains focus on the whole experience of going outside on rainy\n    days, issuing an invitation to explore even in the most mercurial weather.</p>\n','published','[\"products\\/2.jpg\",\"products\\/2-1.jpg\"]','ZU-151-A1',0,15,0,1,1,4,0,0,1313,NULL,NULL,NULL,20.00,17.00,15.00,595.00,NULL,163487,'2024-06-02 03:59:04','2024-06-02 03:59:19','in_stock',0,'Botble\\ACL\\Models\\User',NULL,'physical',NULL,NULL,0,0,0,1,0),(3,'Angie’s Boomchickapop Sweet &amp; Salty Kettle Corn','<p>Short Hooded Coat features a straight body, large pockets with button flaps, ventilation air holes, and a string\n    detail along the hemline.</p>\n<p><img src=\"/storage/general/clock.png\" alt=\"icon\" style=\"height:15px;\">  1 Year AL Jazeera Brand Warranty\n</p>\n<p><img src=\"/storage/general/paper-plane.png\" alt=\"icon\" style=\"height:15px;\">   30 Day Return Policy</p>\n<p><img src=\"/storage/general/credit-card.png\" alt=\"icon\" style=\"height:15px;\">  Cash on Delivery available\n</p>\n','<p>Short Hooded Coat features a straight body, large pockets with button flaps, ventilation air holes, and a string\n    detail along the hemline. The style is completed with a drawstring hood, featuring Rains’ signature built-in\n    cap. Made from waterproof, matte PU, this lightweight unisex rain jacket is an ode to nostalgia through its classic\n    silhouette and utilitarian design details.</p>\n<p>- Casual unisex fit</p>\n\n<p>- 64% polyester, 36% polyurethane</p>\n\n<p>- Water column pressure: 4000 mm</p>\n\n<p>- Model is 187cm tall and wearing a size S / M</p>\n\n<p>- Unisex fit</p>\n\n<p>- Drawstring hood with built-in cap</p>\n\n<p>- Front placket with snap buttons</p>\n\n<p>- Ventilation under armpit</p>\n\n<p>- Adjustable cuffs</p>\n\n<p>- Double welted front pockets</p>\n\n<p>- Adjustable elastic string at hempen</p>\n\n<p>- Ultrasonically welded seams</p>\n\n<p>This is a unisex item, please check our clothing &amp; footwear sizing guide for specific Rains jacket sizing\n    information. RAINS comes from the rainy nation of Denmark at the edge of the European continent, close to the ocean\n    and with prevailing westerly winds; all factors that contribute to an average of 121 rain days each year. Arising\n    from these rainy weather conditions comes the attitude that a quick rain shower may be beautiful, as well as moody-\n    but first and foremost requires the right outfit. Rains focus on the whole experience of going outside on rainy\n    days, issuing an invitation to explore even in the most mercurial weather.</p>\n','published','[\"products\\/3.jpg\",\"products\\/3-1.jpg\"]','UN-185-A1',0,13,0,1,1,5,0,0,1187,NULL,NULL,NULL,20.00,18.00,17.00,588.00,NULL,66359,'2024-06-02 03:59:04','2024-06-02 03:59:19','in_stock',0,'Botble\\ACL\\Models\\User',NULL,'physical',NULL,NULL,0,0,0,2,0),(4,'Foster Farms Takeout Crispy Classic (Digital)','<p>Short Hooded Coat features a straight body, large pockets with button flaps, ventilation air holes, and a string\n    detail along the hemline.</p>\n<p><img src=\"/storage/general/clock.png\" alt=\"icon\" style=\"height:15px;\">  1 Year AL Jazeera Brand Warranty\n</p>\n<p><img src=\"/storage/general/paper-plane.png\" alt=\"icon\" style=\"height:15px;\">   30 Day Return Policy</p>\n<p><img src=\"/storage/general/credit-card.png\" alt=\"icon\" style=\"height:15px;\">  Cash on Delivery available\n</p>\n','<p>Short Hooded Coat features a straight body, large pockets with button flaps, ventilation air holes, and a string\n    detail along the hemline. The style is completed with a drawstring hood, featuring Rains’ signature built-in\n    cap. Made from waterproof, matte PU, this lightweight unisex rain jacket is an ode to nostalgia through its classic\n    silhouette and utilitarian design details.</p>\n<p>- Casual unisex fit</p>\n\n<p>- 64% polyester, 36% polyurethane</p>\n\n<p>- Water column pressure: 4000 mm</p>\n\n<p>- Model is 187cm tall and wearing a size S / M</p>\n\n<p>- Unisex fit</p>\n\n<p>- Drawstring hood with built-in cap</p>\n\n<p>- Front placket with snap buttons</p>\n\n<p>- Ventilation under armpit</p>\n\n<p>- Adjustable cuffs</p>\n\n<p>- Double welted front pockets</p>\n\n<p>- Adjustable elastic string at hempen</p>\n\n<p>- Ultrasonically welded seams</p>\n\n<p>This is a unisex item, please check our clothing &amp; footwear sizing guide for specific Rains jacket sizing\n    information. RAINS comes from the rainy nation of Denmark at the edge of the European continent, close to the ocean\n    and with prevailing westerly winds; all factors that contribute to an average of 121 rain days each year. Arising\n    from these rainy weather conditions comes the attitude that a quick rain shower may be beautiful, as well as moody-\n    but first and foremost requires the right outfit. Rains focus on the whole experience of going outside on rainy\n    days, issuing an invitation to explore even in the most mercurial weather.</p>\n','published','[\"products\\/4.jpg\",\"products\\/4-1.jpg\"]','JT-192-A1',0,19,0,1,1,2,0,0,770,577.5,NULL,NULL,12.00,17.00,10.00,710.00,NULL,24151,'2024-06-02 03:59:04','2024-06-02 03:59:19','in_stock',0,'Botble\\ACL\\Models\\User',NULL,'digital',NULL,NULL,0,0,0,5,0),(5,'Blue Diamond Almonds Lightly','<p>Short Hooded Coat features a straight body, large pockets with button flaps, ventilation air holes, and a string\n    detail along the hemline.</p>\n<p><img src=\"/storage/general/clock.png\" alt=\"icon\" style=\"height:15px;\">  1 Year AL Jazeera Brand Warranty\n</p>\n<p><img src=\"/storage/general/paper-plane.png\" alt=\"icon\" style=\"height:15px;\">   30 Day Return Policy</p>\n<p><img src=\"/storage/general/credit-card.png\" alt=\"icon\" style=\"height:15px;\">  Cash on Delivery available\n</p>\n','<p>Short Hooded Coat features a straight body, large pockets with button flaps, ventilation air holes, and a string\n    detail along the hemline. The style is completed with a drawstring hood, featuring Rains’ signature built-in\n    cap. Made from waterproof, matte PU, this lightweight unisex rain jacket is an ode to nostalgia through its classic\n    silhouette and utilitarian design details.</p>\n<p>- Casual unisex fit</p>\n\n<p>- 64% polyester, 36% polyurethane</p>\n\n<p>- Water column pressure: 4000 mm</p>\n\n<p>- Model is 187cm tall and wearing a size S / M</p>\n\n<p>- Unisex fit</p>\n\n<p>- Drawstring hood with built-in cap</p>\n\n<p>- Front placket with snap buttons</p>\n\n<p>- Ventilation under armpit</p>\n\n<p>- Adjustable cuffs</p>\n\n<p>- Double welted front pockets</p>\n\n<p>- Adjustable elastic string at hempen</p>\n\n<p>- Ultrasonically welded seams</p>\n\n<p>This is a unisex item, please check our clothing &amp; footwear sizing guide for specific Rains jacket sizing\n    information. RAINS comes from the rainy nation of Denmark at the edge of the European continent, close to the ocean\n    and with prevailing westerly winds; all factors that contribute to an average of 121 rain days each year. Arising\n    from these rainy weather conditions comes the attitude that a quick rain shower may be beautiful, as well as moody-\n    but first and foremost requires the right outfit. Rains focus on the whole experience of going outside on rainy\n    days, issuing an invitation to explore even in the most mercurial weather.</p>\n','published','[\"products\\/5.jpg\",\"products\\/5-1.jpg\"]','5G-102-A1',0,14,0,1,1,4,0,0,954,NULL,NULL,NULL,14.00,19.00,19.00,801.00,NULL,142691,'2024-06-02 03:59:04','2024-06-02 03:59:19','in_stock',0,'Botble\\ACL\\Models\\User',NULL,'physical',NULL,NULL,0,0,0,6,0),(6,'Chobani Complete Vanilla Greek','<p>Short Hooded Coat features a straight body, large pockets with button flaps, ventilation air holes, and a string\n    detail along the hemline.</p>\n<p><img src=\"/storage/general/clock.png\" alt=\"icon\" style=\"height:15px;\">  1 Year AL Jazeera Brand Warranty\n</p>\n<p><img src=\"/storage/general/paper-plane.png\" alt=\"icon\" style=\"height:15px;\">   30 Day Return Policy</p>\n<p><img src=\"/storage/general/credit-card.png\" alt=\"icon\" style=\"height:15px;\">  Cash on Delivery available\n</p>\n','<p>Short Hooded Coat features a straight body, large pockets with button flaps, ventilation air holes, and a string\n    detail along the hemline. The style is completed with a drawstring hood, featuring Rains’ signature built-in\n    cap. Made from waterproof, matte PU, this lightweight unisex rain jacket is an ode to nostalgia through its classic\n    silhouette and utilitarian design details.</p>\n<p>- Casual unisex fit</p>\n\n<p>- 64% polyester, 36% polyurethane</p>\n\n<p>- Water column pressure: 4000 mm</p>\n\n<p>- Model is 187cm tall and wearing a size S / M</p>\n\n<p>- Unisex fit</p>\n\n<p>- Drawstring hood with built-in cap</p>\n\n<p>- Front placket with snap buttons</p>\n\n<p>- Ventilation under armpit</p>\n\n<p>- Adjustable cuffs</p>\n\n<p>- Double welted front pockets</p>\n\n<p>- Adjustable elastic string at hempen</p>\n\n<p>- Ultrasonically welded seams</p>\n\n<p>This is a unisex item, please check our clothing &amp; footwear sizing guide for specific Rains jacket sizing\n    information. RAINS comes from the rainy nation of Denmark at the edge of the European continent, close to the ocean\n    and with prevailing westerly winds; all factors that contribute to an average of 121 rain days each year. Arising\n    from these rainy weather conditions comes the attitude that a quick rain shower may be beautiful, as well as moody-\n    but first and foremost requires the right outfit. Rains focus on the whole experience of going outside on rainy\n    days, issuing an invitation to explore even in the most mercurial weather.</p>\n','published','[\"products\\/6.jpg\",\"products\\/6-1.jpg\"]','JU-190-A1',0,11,0,1,1,4,0,0,2277,NULL,NULL,NULL,15.00,18.00,18.00,507.00,NULL,92126,'2024-06-02 03:59:04','2024-06-02 03:59:19','in_stock',0,'Botble\\ACL\\Models\\User',NULL,'physical',NULL,NULL,0,0,0,5,0),(7,'Canada Dry Ginger Ale – 2 L Bottle','<p>Short Hooded Coat features a straight body, large pockets with button flaps, ventilation air holes, and a string\n    detail along the hemline.</p>\n<p><img src=\"/storage/general/clock.png\" alt=\"icon\" style=\"height:15px;\">  1 Year AL Jazeera Brand Warranty\n</p>\n<p><img src=\"/storage/general/paper-plane.png\" alt=\"icon\" style=\"height:15px;\">   30 Day Return Policy</p>\n<p><img src=\"/storage/general/credit-card.png\" alt=\"icon\" style=\"height:15px;\">  Cash on Delivery available\n</p>\n','<p>Short Hooded Coat features a straight body, large pockets with button flaps, ventilation air holes, and a string\n    detail along the hemline. The style is completed with a drawstring hood, featuring Rains’ signature built-in\n    cap. Made from waterproof, matte PU, this lightweight unisex rain jacket is an ode to nostalgia through its classic\n    silhouette and utilitarian design details.</p>\n<p>- Casual unisex fit</p>\n\n<p>- 64% polyester, 36% polyurethane</p>\n\n<p>- Water column pressure: 4000 mm</p>\n\n<p>- Model is 187cm tall and wearing a size S / M</p>\n\n<p>- Unisex fit</p>\n\n<p>- Drawstring hood with built-in cap</p>\n\n<p>- Front placket with snap buttons</p>\n\n<p>- Ventilation under armpit</p>\n\n<p>- Adjustable cuffs</p>\n\n<p>- Double welted front pockets</p>\n\n<p>- Adjustable elastic string at hempen</p>\n\n<p>- Ultrasonically welded seams</p>\n\n<p>This is a unisex item, please check our clothing &amp; footwear sizing guide for specific Rains jacket sizing\n    information. RAINS comes from the rainy nation of Denmark at the edge of the European continent, close to the ocean\n    and with prevailing westerly winds; all factors that contribute to an average of 121 rain days each year. Arising\n    from these rainy weather conditions comes the attitude that a quick rain shower may be beautiful, as well as moody-\n    but first and foremost requires the right outfit. Rains focus on the whole experience of going outside on rainy\n    days, issuing an invitation to explore even in the most mercurial weather.</p>\n','published','[\"products\\/7.jpg\",\"products\\/7-1.jpg\"]','UD-113-A1',0,16,0,1,1,7,0,0,1544,NULL,NULL,NULL,18.00,11.00,17.00,527.00,NULL,32374,'2024-06-02 03:59:04','2024-06-02 03:59:19','in_stock',0,'Botble\\ACL\\Models\\User',NULL,'physical',NULL,NULL,0,0,0,2,0),(8,'Encore Seafoods Stuffed Alaskan (Digital)','<p>Short Hooded Coat features a straight body, large pockets with button flaps, ventilation air holes, and a string\n    detail along the hemline.</p>\n<p><img src=\"/storage/general/clock.png\" alt=\"icon\" style=\"height:15px;\">  1 Year AL Jazeera Brand Warranty\n</p>\n<p><img src=\"/storage/general/paper-plane.png\" alt=\"icon\" style=\"height:15px;\">   30 Day Return Policy</p>\n<p><img src=\"/storage/general/credit-card.png\" alt=\"icon\" style=\"height:15px;\">  Cash on Delivery available\n</p>\n','<p>Short Hooded Coat features a straight body, large pockets with button flaps, ventilation air holes, and a string\n    detail along the hemline. The style is completed with a drawstring hood, featuring Rains’ signature built-in\n    cap. Made from waterproof, matte PU, this lightweight unisex rain jacket is an ode to nostalgia through its classic\n    silhouette and utilitarian design details.</p>\n<p>- Casual unisex fit</p>\n\n<p>- 64% polyester, 36% polyurethane</p>\n\n<p>- Water column pressure: 4000 mm</p>\n\n<p>- Model is 187cm tall and wearing a size S / M</p>\n\n<p>- Unisex fit</p>\n\n<p>- Drawstring hood with built-in cap</p>\n\n<p>- Front placket with snap buttons</p>\n\n<p>- Ventilation under armpit</p>\n\n<p>- Adjustable cuffs</p>\n\n<p>- Double welted front pockets</p>\n\n<p>- Adjustable elastic string at hempen</p>\n\n<p>- Ultrasonically welded seams</p>\n\n<p>This is a unisex item, please check our clothing &amp; footwear sizing guide for specific Rains jacket sizing\n    information. RAINS comes from the rainy nation of Denmark at the edge of the European continent, close to the ocean\n    and with prevailing westerly winds; all factors that contribute to an average of 121 rain days each year. Arising\n    from these rainy weather conditions comes the attitude that a quick rain shower may be beautiful, as well as moody-\n    but first and foremost requires the right outfit. Rains focus on the whole experience of going outside on rainy\n    days, issuing an invitation to explore even in the most mercurial weather.</p>\n','published','[\"products\\/8.jpg\",\"products\\/8-1.jpg\"]','R9-127',0,17,0,1,1,5,0,0,1899,1296,NULL,NULL,20.00,15.00,18.00,773.00,NULL,46391,'2024-06-02 03:59:04','2024-06-02 03:59:19','in_stock',0,'Botble\\ACL\\Models\\User',NULL,'digital',NULL,NULL,0,0,0,2,0),(9,'Gorton’s Beer Battered Fish Fillets','<p>Short Hooded Coat features a straight body, large pockets with button flaps, ventilation air holes, and a string\n    detail along the hemline.</p>\n<p><img src=\"/storage/general/clock.png\" alt=\"icon\" style=\"height:15px;\">  1 Year AL Jazeera Brand Warranty\n</p>\n<p><img src=\"/storage/general/paper-plane.png\" alt=\"icon\" style=\"height:15px;\">   30 Day Return Policy</p>\n<p><img src=\"/storage/general/credit-card.png\" alt=\"icon\" style=\"height:15px;\">  Cash on Delivery available\n</p>\n','<p>Short Hooded Coat features a straight body, large pockets with button flaps, ventilation air holes, and a string\n    detail along the hemline. The style is completed with a drawstring hood, featuring Rains’ signature built-in\n    cap. Made from waterproof, matte PU, this lightweight unisex rain jacket is an ode to nostalgia through its classic\n    silhouette and utilitarian design details.</p>\n<p>- Casual unisex fit</p>\n\n<p>- 64% polyester, 36% polyurethane</p>\n\n<p>- Water column pressure: 4000 mm</p>\n\n<p>- Model is 187cm tall and wearing a size S / M</p>\n\n<p>- Unisex fit</p>\n\n<p>- Drawstring hood with built-in cap</p>\n\n<p>- Front placket with snap buttons</p>\n\n<p>- Ventilation under armpit</p>\n\n<p>- Adjustable cuffs</p>\n\n<p>- Double welted front pockets</p>\n\n<p>- Adjustable elastic string at hempen</p>\n\n<p>- Ultrasonically welded seams</p>\n\n<p>This is a unisex item, please check our clothing &amp; footwear sizing guide for specific Rains jacket sizing\n    information. RAINS comes from the rainy nation of Denmark at the edge of the European continent, close to the ocean\n    and with prevailing westerly winds; all factors that contribute to an average of 121 rain days each year. Arising\n    from these rainy weather conditions comes the attitude that a quick rain shower may be beautiful, as well as moody-\n    but first and foremost requires the right outfit. Rains focus on the whole experience of going outside on rainy\n    days, issuing an invitation to explore even in the most mercurial weather.</p>\n','published','[\"products\\/9.jpg\",\"products\\/9-1.jpg\"]','JO-158',0,14,0,1,1,6,0,0,1580,257,NULL,NULL,13.00,15.00,16.00,730.00,NULL,36521,'2024-06-02 03:59:04','2024-06-02 03:59:19','in_stock',0,'Botble\\ACL\\Models\\User',NULL,'physical',NULL,NULL,0,0,0,6,0),(10,'Haagen-Dazs Caramel Cone Ice Cream','<p>Short Hooded Coat features a straight body, large pockets with button flaps, ventilation air holes, and a string\n    detail along the hemline.</p>\n<p><img src=\"/storage/general/clock.png\" alt=\"icon\" style=\"height:15px;\">  1 Year AL Jazeera Brand Warranty\n</p>\n<p><img src=\"/storage/general/paper-plane.png\" alt=\"icon\" style=\"height:15px;\">   30 Day Return Policy</p>\n<p><img src=\"/storage/general/credit-card.png\" alt=\"icon\" style=\"height:15px;\">  Cash on Delivery available\n</p>\n','<p>Short Hooded Coat features a straight body, large pockets with button flaps, ventilation air holes, and a string\n    detail along the hemline. The style is completed with a drawstring hood, featuring Rains’ signature built-in\n    cap. Made from waterproof, matte PU, this lightweight unisex rain jacket is an ode to nostalgia through its classic\n    silhouette and utilitarian design details.</p>\n<p>- Casual unisex fit</p>\n\n<p>- 64% polyester, 36% polyurethane</p>\n\n<p>- Water column pressure: 4000 mm</p>\n\n<p>- Model is 187cm tall and wearing a size S / M</p>\n\n<p>- Unisex fit</p>\n\n<p>- Drawstring hood with built-in cap</p>\n\n<p>- Front placket with snap buttons</p>\n\n<p>- Ventilation under armpit</p>\n\n<p>- Adjustable cuffs</p>\n\n<p>- Double welted front pockets</p>\n\n<p>- Adjustable elastic string at hempen</p>\n\n<p>- Ultrasonically welded seams</p>\n\n<p>This is a unisex item, please check our clothing &amp; footwear sizing guide for specific Rains jacket sizing\n    information. RAINS comes from the rainy nation of Denmark at the edge of the European continent, close to the ocean\n    and with prevailing westerly winds; all factors that contribute to an average of 121 rain days each year. Arising\n    from these rainy weather conditions comes the attitude that a quick rain shower may be beautiful, as well as moody-\n    but first and foremost requires the right outfit. Rains focus on the whole experience of going outside on rainy\n    days, issuing an invitation to explore even in the most mercurial weather.</p>\n','published','[\"products\\/10.jpg\",\"products\\/10-1.jpg\"]','R3-167',0,20,0,1,1,5,0,0,1621,47,NULL,NULL,12.00,16.00,18.00,566.00,NULL,128688,'2024-06-02 03:59:04','2024-06-02 03:59:19','in_stock',0,'Botble\\ACL\\Models\\User',NULL,'physical',NULL,NULL,0,0,0,3,0),(11,'Nestle Original Coffee-Mate Coffee Creamer','<p>Short Hooded Coat features a straight body, large pockets with button flaps, ventilation air holes, and a string\n    detail along the hemline.</p>\n<p><img src=\"/storage/general/clock.png\" alt=\"icon\" style=\"height:15px;\">  1 Year AL Jazeera Brand Warranty\n</p>\n<p><img src=\"/storage/general/paper-plane.png\" alt=\"icon\" style=\"height:15px;\">   30 Day Return Policy</p>\n<p><img src=\"/storage/general/credit-card.png\" alt=\"icon\" style=\"height:15px;\">  Cash on Delivery available\n</p>\n','<p>Short Hooded Coat features a straight body, large pockets with button flaps, ventilation air holes, and a string\n    detail along the hemline. The style is completed with a drawstring hood, featuring Rains’ signature built-in\n    cap. Made from waterproof, matte PU, this lightweight unisex rain jacket is an ode to nostalgia through its classic\n    silhouette and utilitarian design details.</p>\n<p>- Casual unisex fit</p>\n\n<p>- 64% polyester, 36% polyurethane</p>\n\n<p>- Water column pressure: 4000 mm</p>\n\n<p>- Model is 187cm tall and wearing a size S / M</p>\n\n<p>- Unisex fit</p>\n\n<p>- Drawstring hood with built-in cap</p>\n\n<p>- Front placket with snap buttons</p>\n\n<p>- Ventilation under armpit</p>\n\n<p>- Adjustable cuffs</p>\n\n<p>- Double welted front pockets</p>\n\n<p>- Adjustable elastic string at hempen</p>\n\n<p>- Ultrasonically welded seams</p>\n\n<p>This is a unisex item, please check our clothing &amp; footwear sizing guide for specific Rains jacket sizing\n    information. RAINS comes from the rainy nation of Denmark at the edge of the European continent, close to the ocean\n    and with prevailing westerly winds; all factors that contribute to an average of 121 rain days each year. Arising\n    from these rainy weather conditions comes the attitude that a quick rain shower may be beautiful, as well as moody-\n    but first and foremost requires the right outfit. Rains focus on the whole experience of going outside on rainy\n    days, issuing an invitation to explore even in the most mercurial weather.</p>\n','published','[\"products\\/11.jpg\",\"products\\/11-1.jpg\"]','X6-175-A1',0,13,0,1,1,5,0,0,319,NULL,NULL,NULL,16.00,15.00,16.00,575.00,NULL,79944,'2024-06-02 03:59:04','2024-06-02 03:59:19','in_stock',0,'Botble\\ACL\\Models\\User',NULL,'physical',NULL,NULL,0,0,0,4,0),(12,'Naturally Flavored Cinnamon Vanilla Light Roast Coffee (Digital)','<p>Short Hooded Coat features a straight body, large pockets with button flaps, ventilation air holes, and a string\n    detail along the hemline.</p>\n<p><img src=\"/storage/general/clock.png\" alt=\"icon\" style=\"height:15px;\">  1 Year AL Jazeera Brand Warranty\n</p>\n<p><img src=\"/storage/general/paper-plane.png\" alt=\"icon\" style=\"height:15px;\">   30 Day Return Policy</p>\n<p><img src=\"/storage/general/credit-card.png\" alt=\"icon\" style=\"height:15px;\">  Cash on Delivery available\n</p>\n','<p>Short Hooded Coat features a straight body, large pockets with button flaps, ventilation air holes, and a string\n    detail along the hemline. The style is completed with a drawstring hood, featuring Rains’ signature built-in\n    cap. Made from waterproof, matte PU, this lightweight unisex rain jacket is an ode to nostalgia through its classic\n    silhouette and utilitarian design details.</p>\n<p>- Casual unisex fit</p>\n\n<p>- 64% polyester, 36% polyurethane</p>\n\n<p>- Water column pressure: 4000 mm</p>\n\n<p>- Model is 187cm tall and wearing a size S / M</p>\n\n<p>- Unisex fit</p>\n\n<p>- Drawstring hood with built-in cap</p>\n\n<p>- Front placket with snap buttons</p>\n\n<p>- Ventilation under armpit</p>\n\n<p>- Adjustable cuffs</p>\n\n<p>- Double welted front pockets</p>\n\n<p>- Adjustable elastic string at hempen</p>\n\n<p>- Ultrasonically welded seams</p>\n\n<p>This is a unisex item, please check our clothing &amp; footwear sizing guide for specific Rains jacket sizing\n    information. RAINS comes from the rainy nation of Denmark at the edge of the European continent, close to the ocean\n    and with prevailing westerly winds; all factors that contribute to an average of 121 rain days each year. Arising\n    from these rainy weather conditions comes the attitude that a quick rain shower may be beautiful, as well as moody-\n    but first and foremost requires the right outfit. Rains focus on the whole experience of going outside on rainy\n    days, issuing an invitation to explore even in the most mercurial weather.</p>\n','published','[\"products\\/12.jpg\",\"products\\/12-1.jpg\"]','JR-149',0,14,0,1,1,1,0,0,2039,503,NULL,NULL,11.00,17.00,18.00,772.00,NULL,86185,'2024-06-02 03:59:04','2024-06-02 03:59:19','in_stock',0,'Botble\\ACL\\Models\\User',NULL,'digital',NULL,NULL,0,0,0,5,0),(13,'Pepperidge Farm Farmhouse Hearty White Bread','<p>Short Hooded Coat features a straight body, large pockets with button flaps, ventilation air holes, and a string\n    detail along the hemline.</p>\n<p><img src=\"/storage/general/clock.png\" alt=\"icon\" style=\"height:15px;\">  1 Year AL Jazeera Brand Warranty\n</p>\n<p><img src=\"/storage/general/paper-plane.png\" alt=\"icon\" style=\"height:15px;\">   30 Day Return Policy</p>\n<p><img src=\"/storage/general/credit-card.png\" alt=\"icon\" style=\"height:15px;\">  Cash on Delivery available\n</p>\n','<p>Short Hooded Coat features a straight body, large pockets with button flaps, ventilation air holes, and a string\n    detail along the hemline. The style is completed with a drawstring hood, featuring Rains’ signature built-in\n    cap. Made from waterproof, matte PU, this lightweight unisex rain jacket is an ode to nostalgia through its classic\n    silhouette and utilitarian design details.</p>\n<p>- Casual unisex fit</p>\n\n<p>- 64% polyester, 36% polyurethane</p>\n\n<p>- Water column pressure: 4000 mm</p>\n\n<p>- Model is 187cm tall and wearing a size S / M</p>\n\n<p>- Unisex fit</p>\n\n<p>- Drawstring hood with built-in cap</p>\n\n<p>- Front placket with snap buttons</p>\n\n<p>- Ventilation under armpit</p>\n\n<p>- Adjustable cuffs</p>\n\n<p>- Double welted front pockets</p>\n\n<p>- Adjustable elastic string at hempen</p>\n\n<p>- Ultrasonically welded seams</p>\n\n<p>This is a unisex item, please check our clothing &amp; footwear sizing guide for specific Rains jacket sizing\n    information. RAINS comes from the rainy nation of Denmark at the edge of the European continent, close to the ocean\n    and with prevailing westerly winds; all factors that contribute to an average of 121 rain days each year. Arising\n    from these rainy weather conditions comes the attitude that a quick rain shower may be beautiful, as well as moody-\n    but first and foremost requires the right outfit. Rains focus on the whole experience of going outside on rainy\n    days, issuing an invitation to explore even in the most mercurial weather.</p>\n','published','[\"products\\/13.jpg\",\"products\\/13-1.jpg\"]','XS-132-A1',0,18,0,1,1,7,0,0,1726,NULL,NULL,NULL,15.00,11.00,16.00,734.00,NULL,16954,'2024-06-02 03:59:04','2024-06-02 03:59:19','in_stock',0,'Botble\\ACL\\Models\\User',NULL,'physical',NULL,NULL,0,0,0,5,0),(14,'Organic Frozen Triple Berry Blend','<p>Short Hooded Coat features a straight body, large pockets with button flaps, ventilation air holes, and a string\n    detail along the hemline.</p>\n<p><img src=\"/storage/general/clock.png\" alt=\"icon\" style=\"height:15px;\">  1 Year AL Jazeera Brand Warranty\n</p>\n<p><img src=\"/storage/general/paper-plane.png\" alt=\"icon\" style=\"height:15px;\">   30 Day Return Policy</p>\n<p><img src=\"/storage/general/credit-card.png\" alt=\"icon\" style=\"height:15px;\">  Cash on Delivery available\n</p>\n','<p>Short Hooded Coat features a straight body, large pockets with button flaps, ventilation air holes, and a string\n    detail along the hemline. The style is completed with a drawstring hood, featuring Rains’ signature built-in\n    cap. Made from waterproof, matte PU, this lightweight unisex rain jacket is an ode to nostalgia through its classic\n    silhouette and utilitarian design details.</p>\n<p>- Casual unisex fit</p>\n\n<p>- 64% polyester, 36% polyurethane</p>\n\n<p>- Water column pressure: 4000 mm</p>\n\n<p>- Model is 187cm tall and wearing a size S / M</p>\n\n<p>- Unisex fit</p>\n\n<p>- Drawstring hood with built-in cap</p>\n\n<p>- Front placket with snap buttons</p>\n\n<p>- Ventilation under armpit</p>\n\n<p>- Adjustable cuffs</p>\n\n<p>- Double welted front pockets</p>\n\n<p>- Adjustable elastic string at hempen</p>\n\n<p>- Ultrasonically welded seams</p>\n\n<p>This is a unisex item, please check our clothing &amp; footwear sizing guide for specific Rains jacket sizing\n    information. RAINS comes from the rainy nation of Denmark at the edge of the European continent, close to the ocean\n    and with prevailing westerly winds; all factors that contribute to an average of 121 rain days each year. Arising\n    from these rainy weather conditions comes the attitude that a quick rain shower may be beautiful, as well as moody-\n    but first and foremost requires the right outfit. Rains focus on the whole experience of going outside on rainy\n    days, issuing an invitation to explore even in the most mercurial weather.</p>\n','published','[\"products\\/14.jpg\",\"products\\/14-1.jpg\"]','1U-122-A1',0,20,0,1,1,5,0,0,848,NULL,NULL,NULL,20.00,19.00,13.00,785.00,NULL,42949,'2024-06-02 03:59:04','2024-06-02 03:59:19','in_stock',0,'Botble\\ACL\\Models\\User',NULL,'physical',NULL,NULL,0,0,0,5,0),(15,'Oroweat Country Buttermilk Bread','<p>Short Hooded Coat features a straight body, large pockets with button flaps, ventilation air holes, and a string\n    detail along the hemline.</p>\n<p><img src=\"/storage/general/clock.png\" alt=\"icon\" style=\"height:15px;\">  1 Year AL Jazeera Brand Warranty\n</p>\n<p><img src=\"/storage/general/paper-plane.png\" alt=\"icon\" style=\"height:15px;\">   30 Day Return Policy</p>\n<p><img src=\"/storage/general/credit-card.png\" alt=\"icon\" style=\"height:15px;\">  Cash on Delivery available\n</p>\n','<p>Short Hooded Coat features a straight body, large pockets with button flaps, ventilation air holes, and a string\n    detail along the hemline. The style is completed with a drawstring hood, featuring Rains’ signature built-in\n    cap. Made from waterproof, matte PU, this lightweight unisex rain jacket is an ode to nostalgia through its classic\n    silhouette and utilitarian design details.</p>\n<p>- Casual unisex fit</p>\n\n<p>- 64% polyester, 36% polyurethane</p>\n\n<p>- Water column pressure: 4000 mm</p>\n\n<p>- Model is 187cm tall and wearing a size S / M</p>\n\n<p>- Unisex fit</p>\n\n<p>- Drawstring hood with built-in cap</p>\n\n<p>- Front placket with snap buttons</p>\n\n<p>- Ventilation under armpit</p>\n\n<p>- Adjustable cuffs</p>\n\n<p>- Double welted front pockets</p>\n\n<p>- Adjustable elastic string at hempen</p>\n\n<p>- Ultrasonically welded seams</p>\n\n<p>This is a unisex item, please check our clothing &amp; footwear sizing guide for specific Rains jacket sizing\n    information. RAINS comes from the rainy nation of Denmark at the edge of the European continent, close to the ocean\n    and with prevailing westerly winds; all factors that contribute to an average of 121 rain days each year. Arising\n    from these rainy weather conditions comes the attitude that a quick rain shower may be beautiful, as well as moody-\n    but first and foremost requires the right outfit. Rains focus on the whole experience of going outside on rainy\n    days, issuing an invitation to explore even in the most mercurial weather.</p>\n','published','[\"products\\/15.jpg\",\"products\\/15-1.jpg\"]','W2-195-A1',0,18,0,1,1,5,0,0,1388,NULL,NULL,NULL,17.00,13.00,14.00,892.00,NULL,146798,'2024-06-02 03:59:04','2024-06-02 03:59:19','in_stock',0,'Botble\\ACL\\Models\\User',NULL,'physical',NULL,NULL,0,0,0,3,0),(16,'Foster Farms Takeout Crispy Classic Buffalo Wings (Digital)','<p>Short Hooded Coat features a straight body, large pockets with button flaps, ventilation air holes, and a string\n    detail along the hemline.</p>\n<p><img src=\"/storage/general/clock.png\" alt=\"icon\" style=\"height:15px;\">  1 Year AL Jazeera Brand Warranty\n</p>\n<p><img src=\"/storage/general/paper-plane.png\" alt=\"icon\" style=\"height:15px;\">   30 Day Return Policy</p>\n<p><img src=\"/storage/general/credit-card.png\" alt=\"icon\" style=\"height:15px;\">  Cash on Delivery available\n</p>\n','<p>Short Hooded Coat features a straight body, large pockets with button flaps, ventilation air holes, and a string\n    detail along the hemline. The style is completed with a drawstring hood, featuring Rains’ signature built-in\n    cap. Made from waterproof, matte PU, this lightweight unisex rain jacket is an ode to nostalgia through its classic\n    silhouette and utilitarian design details.</p>\n<p>- Casual unisex fit</p>\n\n<p>- 64% polyester, 36% polyurethane</p>\n\n<p>- Water column pressure: 4000 mm</p>\n\n<p>- Model is 187cm tall and wearing a size S / M</p>\n\n<p>- Unisex fit</p>\n\n<p>- Drawstring hood with built-in cap</p>\n\n<p>- Front placket with snap buttons</p>\n\n<p>- Ventilation under armpit</p>\n\n<p>- Adjustable cuffs</p>\n\n<p>- Double welted front pockets</p>\n\n<p>- Adjustable elastic string at hempen</p>\n\n<p>- Ultrasonically welded seams</p>\n\n<p>This is a unisex item, please check our clothing &amp; footwear sizing guide for specific Rains jacket sizing\n    information. RAINS comes from the rainy nation of Denmark at the edge of the European continent, close to the ocean\n    and with prevailing westerly winds; all factors that contribute to an average of 121 rain days each year. Arising\n    from these rainy weather conditions comes the attitude that a quick rain shower may be beautiful, as well as moody-\n    but first and foremost requires the right outfit. Rains focus on the whole experience of going outside on rainy\n    days, issuing an invitation to explore even in the most mercurial weather.</p>\n','published','[\"products\\/16.jpg\",\"products\\/16-1.jpg\",\"products\\/16-2.jpg\",\"products\\/16-3.jpg\",\"products\\/16-4.jpg\",\"products\\/16-5.jpg\",\"products\\/16-6.jpg\"]','8J-191-A1',0,16,0,1,1,7,0,0,952,704.48,NULL,NULL,20.00,13.00,15.00,563.00,NULL,58628,'2024-06-02 03:59:04','2024-06-02 03:59:19','in_stock',0,'Botble\\ACL\\Models\\User',NULL,'digital',NULL,NULL,0,0,0,6,0),(17,'Angie’s Boomchickapop Sweet &amp; Salty Kettle Corn','<p>Short Hooded Coat features a straight body, large pockets with button flaps, ventilation air holes, and a string\n    detail along the hemline.</p>\n<p><img src=\"/storage/general/clock.png\" alt=\"icon\" style=\"height:15px;\">  1 Year AL Jazeera Brand Warranty\n</p>\n<p><img src=\"/storage/general/paper-plane.png\" alt=\"icon\" style=\"height:15px;\">   30 Day Return Policy</p>\n<p><img src=\"/storage/general/credit-card.png\" alt=\"icon\" style=\"height:15px;\">  Cash on Delivery available\n</p>\n','<p>Short Hooded Coat features a straight body, large pockets with button flaps, ventilation air holes, and a string\n    detail along the hemline. The style is completed with a drawstring hood, featuring Rains’ signature built-in\n    cap. Made from waterproof, matte PU, this lightweight unisex rain jacket is an ode to nostalgia through its classic\n    silhouette and utilitarian design details.</p>\n<p>- Casual unisex fit</p>\n\n<p>- 64% polyester, 36% polyurethane</p>\n\n<p>- Water column pressure: 4000 mm</p>\n\n<p>- Model is 187cm tall and wearing a size S / M</p>\n\n<p>- Unisex fit</p>\n\n<p>- Drawstring hood with built-in cap</p>\n\n<p>- Front placket with snap buttons</p>\n\n<p>- Ventilation under armpit</p>\n\n<p>- Adjustable cuffs</p>\n\n<p>- Double welted front pockets</p>\n\n<p>- Adjustable elastic string at hempen</p>\n\n<p>- Ultrasonically welded seams</p>\n\n<p>This is a unisex item, please check our clothing &amp; footwear sizing guide for specific Rains jacket sizing\n    information. RAINS comes from the rainy nation of Denmark at the edge of the European continent, close to the ocean\n    and with prevailing westerly winds; all factors that contribute to an average of 121 rain days each year. Arising\n    from these rainy weather conditions comes the attitude that a quick rain shower may be beautiful, as well as moody-\n    but first and foremost requires the right outfit. Rains focus on the whole experience of going outside on rainy\n    days, issuing an invitation to explore even in the most mercurial weather.</p>\n','published','[\"products\\/17.jpg\",\"products\\/17-1.jpg\"]','JD-147-A1',0,17,0,1,1,7,0,0,2068,NULL,NULL,NULL,20.00,10.00,13.00,851.00,NULL,114894,'2024-06-02 03:59:04','2024-06-02 03:59:19','in_stock',0,'Botble\\ACL\\Models\\User',NULL,'physical',NULL,NULL,0,0,0,4,0),(18,'All Natural Italian-Style Chicken Meatballs','<p>Short Hooded Coat features a straight body, large pockets with button flaps, ventilation air holes, and a string\n    detail along the hemline.</p>\n<p><img src=\"/storage/general/clock.png\" alt=\"icon\" style=\"height:15px;\">  1 Year AL Jazeera Brand Warranty\n</p>\n<p><img src=\"/storage/general/paper-plane.png\" alt=\"icon\" style=\"height:15px;\">   30 Day Return Policy</p>\n<p><img src=\"/storage/general/credit-card.png\" alt=\"icon\" style=\"height:15px;\">  Cash on Delivery available\n</p>\n','<p>Short Hooded Coat features a straight body, large pockets with button flaps, ventilation air holes, and a string\n    detail along the hemline. The style is completed with a drawstring hood, featuring Rains’ signature built-in\n    cap. Made from waterproof, matte PU, this lightweight unisex rain jacket is an ode to nostalgia through its classic\n    silhouette and utilitarian design details.</p>\n<p>- Casual unisex fit</p>\n\n<p>- 64% polyester, 36% polyurethane</p>\n\n<p>- Water column pressure: 4000 mm</p>\n\n<p>- Model is 187cm tall and wearing a size S / M</p>\n\n<p>- Unisex fit</p>\n\n<p>- Drawstring hood with built-in cap</p>\n\n<p>- Front placket with snap buttons</p>\n\n<p>- Ventilation under armpit</p>\n\n<p>- Adjustable cuffs</p>\n\n<p>- Double welted front pockets</p>\n\n<p>- Adjustable elastic string at hempen</p>\n\n<p>- Ultrasonically welded seams</p>\n\n<p>This is a unisex item, please check our clothing &amp; footwear sizing guide for specific Rains jacket sizing\n    information. RAINS comes from the rainy nation of Denmark at the edge of the European continent, close to the ocean\n    and with prevailing westerly winds; all factors that contribute to an average of 121 rain days each year. Arising\n    from these rainy weather conditions comes the attitude that a quick rain shower may be beautiful, as well as moody-\n    but first and foremost requires the right outfit. Rains focus on the whole experience of going outside on rainy\n    days, issuing an invitation to explore even in the most mercurial weather.</p>\n','published','[\"products\\/18.jpg\",\"products\\/18-1.jpg\"]','WZ-137-A1',0,15,0,1,1,7,0,0,341,NULL,NULL,NULL,17.00,20.00,15.00,658.00,NULL,168231,'2024-06-02 03:59:04','2024-06-02 03:59:19','in_stock',0,'Botble\\ACL\\Models\\User',NULL,'physical',NULL,NULL,0,0,0,4,0),(19,'Simply Lemonade with Raspberry Juice','<p>Short Hooded Coat features a straight body, large pockets with button flaps, ventilation air holes, and a string\n    detail along the hemline.</p>\n<p><img src=\"/storage/general/clock.png\" alt=\"icon\" style=\"height:15px;\">  1 Year AL Jazeera Brand Warranty\n</p>\n<p><img src=\"/storage/general/paper-plane.png\" alt=\"icon\" style=\"height:15px;\">   30 Day Return Policy</p>\n<p><img src=\"/storage/general/credit-card.png\" alt=\"icon\" style=\"height:15px;\">  Cash on Delivery available\n</p>\n','<p>Short Hooded Coat features a straight body, large pockets with button flaps, ventilation air holes, and a string\n    detail along the hemline. The style is completed with a drawstring hood, featuring Rains’ signature built-in\n    cap. Made from waterproof, matte PU, this lightweight unisex rain jacket is an ode to nostalgia through its classic\n    silhouette and utilitarian design details.</p>\n<p>- Casual unisex fit</p>\n\n<p>- 64% polyester, 36% polyurethane</p>\n\n<p>- Water column pressure: 4000 mm</p>\n\n<p>- Model is 187cm tall and wearing a size S / M</p>\n\n<p>- Unisex fit</p>\n\n<p>- Drawstring hood with built-in cap</p>\n\n<p>- Front placket with snap buttons</p>\n\n<p>- Ventilation under armpit</p>\n\n<p>- Adjustable cuffs</p>\n\n<p>- Double welted front pockets</p>\n\n<p>- Adjustable elastic string at hempen</p>\n\n<p>- Ultrasonically welded seams</p>\n\n<p>This is a unisex item, please check our clothing &amp; footwear sizing guide for specific Rains jacket sizing\n    information. RAINS comes from the rainy nation of Denmark at the edge of the European continent, close to the ocean\n    and with prevailing westerly winds; all factors that contribute to an average of 121 rain days each year. Arising\n    from these rainy weather conditions comes the attitude that a quick rain shower may be beautiful, as well as moody-\n    but first and foremost requires the right outfit. Rains focus on the whole experience of going outside on rainy\n    days, issuing an invitation to explore even in the most mercurial weather.</p>\n','published','[\"products\\/19.jpg\",\"products\\/19-1.jpg\"]','VB-199-A1',0,19,0,1,1,3,0,0,2250,NULL,NULL,NULL,17.00,11.00,15.00,608.00,NULL,142963,'2024-06-02 03:59:04','2024-06-02 03:59:19','in_stock',0,'Botble\\ACL\\Models\\User',NULL,'physical',NULL,NULL,0,0,0,5,0),(20,'Perdue Simply Smart Organics Gluten Free (Digital)','<p>Short Hooded Coat features a straight body, large pockets with button flaps, ventilation air holes, and a string\n    detail along the hemline.</p>\n<p><img src=\"/storage/general/clock.png\" alt=\"icon\" style=\"height:15px;\">  1 Year AL Jazeera Brand Warranty\n</p>\n<p><img src=\"/storage/general/paper-plane.png\" alt=\"icon\" style=\"height:15px;\">   30 Day Return Policy</p>\n<p><img src=\"/storage/general/credit-card.png\" alt=\"icon\" style=\"height:15px;\">  Cash on Delivery available\n</p>\n','<p>Short Hooded Coat features a straight body, large pockets with button flaps, ventilation air holes, and a string\n    detail along the hemline. The style is completed with a drawstring hood, featuring Rains’ signature built-in\n    cap. Made from waterproof, matte PU, this lightweight unisex rain jacket is an ode to nostalgia through its classic\n    silhouette and utilitarian design details.</p>\n<p>- Casual unisex fit</p>\n\n<p>- 64% polyester, 36% polyurethane</p>\n\n<p>- Water column pressure: 4000 mm</p>\n\n<p>- Model is 187cm tall and wearing a size S / M</p>\n\n<p>- Unisex fit</p>\n\n<p>- Drawstring hood with built-in cap</p>\n\n<p>- Front placket with snap buttons</p>\n\n<p>- Ventilation under armpit</p>\n\n<p>- Adjustable cuffs</p>\n\n<p>- Double welted front pockets</p>\n\n<p>- Adjustable elastic string at hempen</p>\n\n<p>- Ultrasonically welded seams</p>\n\n<p>This is a unisex item, please check our clothing &amp; footwear sizing guide for specific Rains jacket sizing\n    information. RAINS comes from the rainy nation of Denmark at the edge of the European continent, close to the ocean\n    and with prevailing westerly winds; all factors that contribute to an average of 121 rain days each year. Arising\n    from these rainy weather conditions comes the attitude that a quick rain shower may be beautiful, as well as moody-\n    but first and foremost requires the right outfit. Rains focus on the whole experience of going outside on rainy\n    days, issuing an invitation to explore even in the most mercurial weather.</p>\n','published','[\"products\\/20.jpg\",\"products\\/20-1.jpg\"]','IU-180',0,10,0,1,1,1,0,0,2424,1317,NULL,NULL,17.00,11.00,18.00,693.00,NULL,115171,'2024-06-02 03:59:04','2024-06-02 03:59:19','in_stock',0,'Botble\\ACL\\Models\\User',NULL,'digital',NULL,NULL,0,0,0,3,0),(21,'Chen Watermelon','<p>Short Hooded Coat features a straight body, large pockets with button flaps, ventilation air holes, and a string\n    detail along the hemline.</p>\n<p><img src=\"/storage/general/clock.png\" alt=\"icon\" style=\"height:15px;\">  1 Year AL Jazeera Brand Warranty\n</p>\n<p><img src=\"/storage/general/paper-plane.png\" alt=\"icon\" style=\"height:15px;\">   30 Day Return Policy</p>\n<p><img src=\"/storage/general/credit-card.png\" alt=\"icon\" style=\"height:15px;\">  Cash on Delivery available\n</p>\n','<p>Short Hooded Coat features a straight body, large pockets with button flaps, ventilation air holes, and a string\n    detail along the hemline. The style is completed with a drawstring hood, featuring Rains’ signature built-in\n    cap. Made from waterproof, matte PU, this lightweight unisex rain jacket is an ode to nostalgia through its classic\n    silhouette and utilitarian design details.</p>\n<p>- Casual unisex fit</p>\n\n<p>- 64% polyester, 36% polyurethane</p>\n\n<p>- Water column pressure: 4000 mm</p>\n\n<p>- Model is 187cm tall and wearing a size S / M</p>\n\n<p>- Unisex fit</p>\n\n<p>- Drawstring hood with built-in cap</p>\n\n<p>- Front placket with snap buttons</p>\n\n<p>- Ventilation under armpit</p>\n\n<p>- Adjustable cuffs</p>\n\n<p>- Double welted front pockets</p>\n\n<p>- Adjustable elastic string at hempen</p>\n\n<p>- Ultrasonically welded seams</p>\n\n<p>This is a unisex item, please check our clothing &amp; footwear sizing guide for specific Rains jacket sizing\n    information. RAINS comes from the rainy nation of Denmark at the edge of the European continent, close to the ocean\n    and with prevailing westerly winds; all factors that contribute to an average of 121 rain days each year. Arising\n    from these rainy weather conditions comes the attitude that a quick rain shower may be beautiful, as well as moody-\n    but first and foremost requires the right outfit. Rains focus on the whole experience of going outside on rainy\n    days, issuing an invitation to explore even in the most mercurial weather.</p>\n','published','[\"products\\/21.jpg\",\"products\\/21-1.jpg\"]','6D-106-A1',0,18,0,1,1,4,0,0,1080,NULL,NULL,NULL,19.00,18.00,11.00,542.00,NULL,6034,'2024-06-02 03:59:04','2024-06-02 03:59:19','in_stock',0,'Botble\\ACL\\Models\\User',NULL,'physical',NULL,NULL,0,0,0,4,0),(22,'Organic Cage-Free Grade A Large Brown Eggs','<p>Short Hooded Coat features a straight body, large pockets with button flaps, ventilation air holes, and a string\n    detail along the hemline.</p>\n<p><img src=\"/storage/general/clock.png\" alt=\"icon\" style=\"height:15px;\">  1 Year AL Jazeera Brand Warranty\n</p>\n<p><img src=\"/storage/general/paper-plane.png\" alt=\"icon\" style=\"height:15px;\">   30 Day Return Policy</p>\n<p><img src=\"/storage/general/credit-card.png\" alt=\"icon\" style=\"height:15px;\">  Cash on Delivery available\n</p>\n','<p>Short Hooded Coat features a straight body, large pockets with button flaps, ventilation air holes, and a string\n    detail along the hemline. The style is completed with a drawstring hood, featuring Rains’ signature built-in\n    cap. Made from waterproof, matte PU, this lightweight unisex rain jacket is an ode to nostalgia through its classic\n    silhouette and utilitarian design details.</p>\n<p>- Casual unisex fit</p>\n\n<p>- 64% polyester, 36% polyurethane</p>\n\n<p>- Water column pressure: 4000 mm</p>\n\n<p>- Model is 187cm tall and wearing a size S / M</p>\n\n<p>- Unisex fit</p>\n\n<p>- Drawstring hood with built-in cap</p>\n\n<p>- Front placket with snap buttons</p>\n\n<p>- Ventilation under armpit</p>\n\n<p>- Adjustable cuffs</p>\n\n<p>- Double welted front pockets</p>\n\n<p>- Adjustable elastic string at hempen</p>\n\n<p>- Ultrasonically welded seams</p>\n\n<p>This is a unisex item, please check our clothing &amp; footwear sizing guide for specific Rains jacket sizing\n    information. RAINS comes from the rainy nation of Denmark at the edge of the European continent, close to the ocean\n    and with prevailing westerly winds; all factors that contribute to an average of 121 rain days each year. Arising\n    from these rainy weather conditions comes the attitude that a quick rain shower may be beautiful, as well as moody-\n    but first and foremost requires the right outfit. Rains focus on the whole experience of going outside on rainy\n    days, issuing an invitation to explore even in the most mercurial weather.</p>\n','published','[\"products\\/22.jpg\",\"products\\/22-1.jpg\"]','0W-200',0,10,0,1,1,7,0,0,339,256,NULL,NULL,11.00,14.00,13.00,892.00,NULL,4818,'2024-06-02 03:59:04','2024-06-02 03:59:19','in_stock',0,'Botble\\ACL\\Models\\User',NULL,'physical',NULL,NULL,0,0,0,5,0),(23,'Colorful Banana','<p>Short Hooded Coat features a straight body, large pockets with button flaps, ventilation air holes, and a string\n    detail along the hemline.</p>\n<p><img src=\"/storage/general/clock.png\" alt=\"icon\" style=\"height:15px;\">  1 Year AL Jazeera Brand Warranty\n</p>\n<p><img src=\"/storage/general/paper-plane.png\" alt=\"icon\" style=\"height:15px;\">   30 Day Return Policy</p>\n<p><img src=\"/storage/general/credit-card.png\" alt=\"icon\" style=\"height:15px;\">  Cash on Delivery available\n</p>\n','<p>Short Hooded Coat features a straight body, large pockets with button flaps, ventilation air holes, and a string\n    detail along the hemline. The style is completed with a drawstring hood, featuring Rains’ signature built-in\n    cap. Made from waterproof, matte PU, this lightweight unisex rain jacket is an ode to nostalgia through its classic\n    silhouette and utilitarian design details.</p>\n<p>- Casual unisex fit</p>\n\n<p>- 64% polyester, 36% polyurethane</p>\n\n<p>- Water column pressure: 4000 mm</p>\n\n<p>- Model is 187cm tall and wearing a size S / M</p>\n\n<p>- Unisex fit</p>\n\n<p>- Drawstring hood with built-in cap</p>\n\n<p>- Front placket with snap buttons</p>\n\n<p>- Ventilation under armpit</p>\n\n<p>- Adjustable cuffs</p>\n\n<p>- Double welted front pockets</p>\n\n<p>- Adjustable elastic string at hempen</p>\n\n<p>- Ultrasonically welded seams</p>\n\n<p>This is a unisex item, please check our clothing &amp; footwear sizing guide for specific Rains jacket sizing\n    information. RAINS comes from the rainy nation of Denmark at the edge of the European continent, close to the ocean\n    and with prevailing westerly winds; all factors that contribute to an average of 121 rain days each year. Arising\n    from these rainy weather conditions comes the attitude that a quick rain shower may be beautiful, as well as moody-\n    but first and foremost requires the right outfit. Rains focus on the whole experience of going outside on rainy\n    days, issuing an invitation to explore even in the most mercurial weather.</p>\n','published','[\"products\\/23.jpg\",\"products\\/23-1.jpg\"]','9W-138-A1',0,15,0,1,1,1,0,0,866,NULL,NULL,NULL,12.00,20.00,14.00,793.00,NULL,146097,'2024-06-02 03:59:04','2024-06-02 03:59:19','in_stock',0,'Botble\\ACL\\Models\\User',NULL,'physical',NULL,NULL,0,0,0,4,0),(24,'Signature Wood-Fired Mushroom and Caramelized (Digital)','<p>Short Hooded Coat features a straight body, large pockets with button flaps, ventilation air holes, and a string\n    detail along the hemline.</p>\n<p><img src=\"/storage/general/clock.png\" alt=\"icon\" style=\"height:15px;\">  1 Year AL Jazeera Brand Warranty\n</p>\n<p><img src=\"/storage/general/paper-plane.png\" alt=\"icon\" style=\"height:15px;\">   30 Day Return Policy</p>\n<p><img src=\"/storage/general/credit-card.png\" alt=\"icon\" style=\"height:15px;\">  Cash on Delivery available\n</p>\n','<p>Short Hooded Coat features a straight body, large pockets with button flaps, ventilation air holes, and a string\n    detail along the hemline. The style is completed with a drawstring hood, featuring Rains’ signature built-in\n    cap. Made from waterproof, matte PU, this lightweight unisex rain jacket is an ode to nostalgia through its classic\n    silhouette and utilitarian design details.</p>\n<p>- Casual unisex fit</p>\n\n<p>- 64% polyester, 36% polyurethane</p>\n\n<p>- Water column pressure: 4000 mm</p>\n\n<p>- Model is 187cm tall and wearing a size S / M</p>\n\n<p>- Unisex fit</p>\n\n<p>- Drawstring hood with built-in cap</p>\n\n<p>- Front placket with snap buttons</p>\n\n<p>- Ventilation under armpit</p>\n\n<p>- Adjustable cuffs</p>\n\n<p>- Double welted front pockets</p>\n\n<p>- Adjustable elastic string at hempen</p>\n\n<p>- Ultrasonically welded seams</p>\n\n<p>This is a unisex item, please check our clothing &amp; footwear sizing guide for specific Rains jacket sizing\n    information. RAINS comes from the rainy nation of Denmark at the edge of the European continent, close to the ocean\n    and with prevailing westerly winds; all factors that contribute to an average of 121 rain days each year. Arising\n    from these rainy weather conditions comes the attitude that a quick rain shower may be beautiful, as well as moody-\n    but first and foremost requires the right outfit. Rains focus on the whole experience of going outside on rainy\n    days, issuing an invitation to explore even in the most mercurial weather.</p>\n','published','[\"products\\/24.jpg\",\"products\\/24-1.jpg\"]','I9-167-A1',0,13,0,1,1,7,0,0,1117,1005.3,NULL,NULL,17.00,20.00,12.00,795.00,NULL,78389,'2024-06-02 03:59:04','2024-06-02 03:59:19','in_stock',0,'Botble\\ACL\\Models\\User',NULL,'digital',NULL,NULL,0,0,0,6,0),(25,'Seeds of Change Organic Quinoe',NULL,NULL,'published','[\"products\\/1-1.jpg\"]','MU-196-A1',0,17,0,1,0,2,1,0,1456,NULL,NULL,NULL,17.00,13.00,10.00,825.00,NULL,0,'2024-06-02 03:59:04','2024-06-02 03:59:19','in_stock',0,'Botble\\ACL\\Models\\User',NULL,'physical',NULL,NULL,0,0,0,NULL,0),(26,'Seeds of Change Organic Quinoe',NULL,NULL,'published','[\"products\\/1.jpg\"]','MU-196-A1-A2',0,17,0,1,0,2,1,0,1456,NULL,NULL,NULL,17.00,13.00,10.00,825.00,NULL,0,'2024-06-02 03:59:04','2024-06-02 03:59:19','in_stock',0,'Botble\\ACL\\Models\\User',NULL,'physical',NULL,NULL,0,0,0,NULL,0),(27,'Seeds of Change Organic Quinoe',NULL,NULL,'published','[\"products\\/1.jpg\"]','MU-196-A1-A3',0,17,0,1,0,2,1,0,1456,NULL,NULL,NULL,17.00,13.00,10.00,825.00,NULL,0,'2024-06-02 03:59:04','2024-06-02 03:59:19','in_stock',0,'Botble\\ACL\\Models\\User',NULL,'physical',NULL,NULL,0,0,0,NULL,0),(28,'All Natural Italian-Style Chicken Meatballs',NULL,NULL,'published','[\"products\\/2-1.jpg\"]','ZU-151-A1',0,15,0,1,0,4,1,0,1313,NULL,NULL,NULL,20.00,17.00,15.00,595.00,NULL,0,'2024-06-02 03:59:04','2024-06-02 03:59:19','in_stock',0,'Botble\\ACL\\Models\\User',NULL,'physical',NULL,NULL,0,0,0,NULL,0),(29,'All Natural Italian-Style Chicken Meatballs',NULL,NULL,'published','[\"products\\/2.jpg\"]','ZU-151-A1-A2',0,15,0,1,0,4,1,0,1313,NULL,NULL,NULL,20.00,17.00,15.00,595.00,NULL,0,'2024-06-02 03:59:04','2024-06-02 03:59:19','in_stock',0,'Botble\\ACL\\Models\\User',NULL,'physical',NULL,NULL,0,0,0,NULL,0),(30,'Angie’s Boomchickapop Sweet & Salty Kettle Corn',NULL,NULL,'published','[\"products\\/3-1.jpg\"]','UN-185-A1',0,13,0,1,0,5,1,0,1187,NULL,NULL,NULL,20.00,18.00,17.00,588.00,NULL,0,'2024-06-02 03:59:04','2024-06-02 03:59:19','in_stock',0,'Botble\\ACL\\Models\\User',NULL,'physical',NULL,NULL,0,0,0,NULL,0),(31,'Angie’s Boomchickapop Sweet & Salty Kettle Corn',NULL,NULL,'published','[\"products\\/3.jpg\"]','UN-185-A1-A2',0,13,0,1,0,5,1,0,1187,NULL,NULL,NULL,20.00,18.00,17.00,588.00,NULL,0,'2024-06-02 03:59:05','2024-06-02 03:59:19','in_stock',0,'Botble\\ACL\\Models\\User',NULL,'physical',NULL,NULL,0,0,0,NULL,0),(32,'Angie’s Boomchickapop Sweet & Salty Kettle Corn',NULL,NULL,'published','[\"products\\/3.jpg\"]','UN-185-A1-A3',0,13,0,1,0,5,1,0,1187,NULL,NULL,NULL,20.00,18.00,17.00,588.00,NULL,0,'2024-06-02 03:59:05','2024-06-02 03:59:19','in_stock',0,'Botble\\ACL\\Models\\User',NULL,'physical',NULL,NULL,0,0,0,NULL,0),(33,'Foster Farms Takeout Crispy Classic (Digital)',NULL,NULL,'published','[\"products\\/4-1.jpg\"]','JT-192-A1',0,19,0,1,0,2,1,0,770,577.5,NULL,NULL,12.00,17.00,10.00,710.00,NULL,0,'2024-06-02 03:59:05','2024-06-02 03:59:19','in_stock',0,'Botble\\ACL\\Models\\User',NULL,'digital',NULL,NULL,0,0,0,NULL,0),(34,'Foster Farms Takeout Crispy Classic (Digital)',NULL,NULL,'published','[\"products\\/4.jpg\"]','JT-192-A1-A2',0,19,0,1,0,2,1,0,770,554.4,NULL,NULL,12.00,17.00,10.00,710.00,NULL,0,'2024-06-02 03:59:05','2024-06-02 03:59:19','in_stock',0,'Botble\\ACL\\Models\\User',NULL,'digital',NULL,NULL,0,0,0,NULL,0),(35,'Foster Farms Takeout Crispy Classic (Digital)',NULL,NULL,'published','[\"products\\/4.jpg\"]','JT-192-A1-A3',0,19,0,1,0,2,1,0,770,546.7,NULL,NULL,12.00,17.00,10.00,710.00,NULL,0,'2024-06-02 03:59:05','2024-06-02 03:59:19','in_stock',0,'Botble\\ACL\\Models\\User',NULL,'digital',NULL,NULL,0,0,0,NULL,0),(36,'Foster Farms Takeout Crispy Classic (Digital)',NULL,NULL,'published','[\"products\\/4.jpg\"]','JT-192-A1-A4',0,19,0,1,0,2,1,0,770,639.1,NULL,NULL,12.00,17.00,10.00,710.00,NULL,0,'2024-06-02 03:59:05','2024-06-02 03:59:19','in_stock',0,'Botble\\ACL\\Models\\User',NULL,'digital',NULL,NULL,0,0,0,NULL,0),(37,'Blue Diamond Almonds Lightly',NULL,NULL,'published','[\"products\\/5-1.jpg\"]','5G-102-A1',0,14,0,1,0,4,1,0,954,NULL,NULL,NULL,14.00,19.00,19.00,801.00,NULL,0,'2024-06-02 03:59:05','2024-06-02 03:59:19','in_stock',0,'Botble\\ACL\\Models\\User',NULL,'physical',NULL,NULL,0,0,0,NULL,0),(38,'Blue Diamond Almonds Lightly',NULL,NULL,'published','[\"products\\/5.jpg\"]','5G-102-A1-A2',0,14,0,1,0,4,1,0,954,NULL,NULL,NULL,14.00,19.00,19.00,801.00,NULL,0,'2024-06-02 03:59:05','2024-06-02 03:59:19','in_stock',0,'Botble\\ACL\\Models\\User',NULL,'physical',NULL,NULL,0,0,0,NULL,0),(39,'Chobani Complete Vanilla Greek',NULL,NULL,'published','[\"products\\/6-1.jpg\"]','JU-190-A1',0,11,0,1,0,4,1,0,2277,NULL,NULL,NULL,15.00,18.00,18.00,507.00,NULL,0,'2024-06-02 03:59:05','2024-06-02 03:59:19','in_stock',0,'Botble\\ACL\\Models\\User',NULL,'physical',NULL,NULL,0,0,0,NULL,0),(40,'Canada Dry Ginger Ale – 2 L Bottle',NULL,NULL,'published','[\"products\\/7-1.jpg\"]','UD-113-A1',0,16,0,1,0,7,1,0,1544,NULL,NULL,NULL,18.00,11.00,17.00,527.00,NULL,0,'2024-06-02 03:59:05','2024-06-02 03:59:19','in_stock',0,'Botble\\ACL\\Models\\User',NULL,'physical',NULL,NULL,0,0,0,NULL,0),(41,'Canada Dry Ginger Ale – 2 L Bottle',NULL,NULL,'published','[\"products\\/7.jpg\"]','UD-113-A1-A2',0,16,0,1,0,7,1,0,1544,NULL,NULL,NULL,18.00,11.00,17.00,527.00,NULL,0,'2024-06-02 03:59:05','2024-06-02 03:59:19','in_stock',0,'Botble\\ACL\\Models\\User',NULL,'physical',NULL,NULL,0,0,0,NULL,0),(42,'Nestle Original Coffee-Mate Coffee Creamer',NULL,NULL,'published','[\"products\\/11-1.jpg\"]','X6-175-A1',0,13,0,1,0,5,1,0,319,NULL,NULL,NULL,16.00,15.00,16.00,575.00,NULL,0,'2024-06-02 03:59:05','2024-06-02 03:59:19','in_stock',0,'Botble\\ACL\\Models\\User',NULL,'physical',NULL,NULL,0,0,0,NULL,0),(43,'Nestle Original Coffee-Mate Coffee Creamer',NULL,NULL,'published','[\"products\\/11.jpg\"]','X6-175-A1-A2',0,13,0,1,0,5,1,0,319,NULL,NULL,NULL,16.00,15.00,16.00,575.00,NULL,0,'2024-06-02 03:59:05','2024-06-02 03:59:19','in_stock',0,'Botble\\ACL\\Models\\User',NULL,'physical',NULL,NULL,0,0,0,NULL,0),(44,'Nestle Original Coffee-Mate Coffee Creamer',NULL,NULL,'published','[\"products\\/11.jpg\"]','X6-175-A1-A3',0,13,0,1,0,5,1,0,319,NULL,NULL,NULL,16.00,15.00,16.00,575.00,NULL,0,'2024-06-02 03:59:05','2024-06-02 03:59:19','in_stock',0,'Botble\\ACL\\Models\\User',NULL,'physical',NULL,NULL,0,0,0,NULL,0),(45,'Pepperidge Farm Farmhouse Hearty White Bread',NULL,NULL,'published','[\"products\\/13-1.jpg\"]','XS-132-A1',0,18,0,1,0,7,1,0,1726,NULL,NULL,NULL,15.00,11.00,16.00,734.00,NULL,0,'2024-06-02 03:59:05','2024-06-02 03:59:19','in_stock',0,'Botble\\ACL\\Models\\User',NULL,'physical',NULL,NULL,0,0,0,NULL,0),(46,'Pepperidge Farm Farmhouse Hearty White Bread',NULL,NULL,'published','[\"products\\/13.jpg\"]','XS-132-A1-A2',0,18,0,1,0,7,1,0,1726,NULL,NULL,NULL,15.00,11.00,16.00,734.00,NULL,0,'2024-06-02 03:59:05','2024-06-02 03:59:19','in_stock',0,'Botble\\ACL\\Models\\User',NULL,'physical',NULL,NULL,0,0,0,NULL,0),(47,'Pepperidge Farm Farmhouse Hearty White Bread',NULL,NULL,'published','[\"products\\/13.jpg\"]','XS-132-A1-A3',0,18,0,1,0,7,1,0,1726,NULL,NULL,NULL,15.00,11.00,16.00,734.00,NULL,0,'2024-06-02 03:59:05','2024-06-02 03:59:19','in_stock',0,'Botble\\ACL\\Models\\User',NULL,'physical',NULL,NULL,0,0,0,NULL,0),(48,'Organic Frozen Triple Berry Blend',NULL,NULL,'published','[\"products\\/14-1.jpg\"]','1U-122-A1',0,20,0,1,0,5,1,0,848,NULL,NULL,NULL,20.00,19.00,13.00,785.00,NULL,0,'2024-06-02 03:59:05','2024-06-02 03:59:19','in_stock',0,'Botble\\ACL\\Models\\User',NULL,'physical',NULL,NULL,0,0,0,NULL,0),(49,'Organic Frozen Triple Berry Blend',NULL,NULL,'published','[\"products\\/14.jpg\"]','1U-122-A1-A2',0,20,0,1,0,5,1,0,848,NULL,NULL,NULL,20.00,19.00,13.00,785.00,NULL,0,'2024-06-02 03:59:05','2024-06-02 03:59:19','in_stock',0,'Botble\\ACL\\Models\\User',NULL,'physical',NULL,NULL,0,0,0,NULL,0),(50,'Organic Frozen Triple Berry Blend',NULL,NULL,'published','[\"products\\/14.jpg\"]','1U-122-A1-A3',0,20,0,1,0,5,1,0,848,NULL,NULL,NULL,20.00,19.00,13.00,785.00,NULL,0,'2024-06-02 03:59:05','2024-06-02 03:59:19','in_stock',0,'Botble\\ACL\\Models\\User',NULL,'physical',NULL,NULL,0,0,0,NULL,0),(51,'Organic Frozen Triple Berry Blend',NULL,NULL,'published','[\"products\\/14.jpg\"]','1U-122-A1-A4',0,20,0,1,0,5,1,0,848,NULL,NULL,NULL,20.00,19.00,13.00,785.00,NULL,0,'2024-06-02 03:59:05','2024-06-02 03:59:19','in_stock',0,'Botble\\ACL\\Models\\User',NULL,'physical',NULL,NULL,0,0,0,NULL,0),(52,'Organic Frozen Triple Berry Blend',NULL,NULL,'published','[\"products\\/14.jpg\"]','1U-122-A1-A5',0,20,0,1,0,5,1,0,848,NULL,NULL,NULL,20.00,19.00,13.00,785.00,NULL,0,'2024-06-02 03:59:05','2024-06-02 03:59:19','in_stock',0,'Botble\\ACL\\Models\\User',NULL,'physical',NULL,NULL,0,0,0,NULL,0),(53,'Oroweat Country Buttermilk Bread',NULL,NULL,'published','[\"products\\/15-1.jpg\"]','W2-195-A1',0,18,0,1,0,5,1,0,1388,NULL,NULL,NULL,17.00,13.00,14.00,892.00,NULL,0,'2024-06-02 03:59:05','2024-06-02 03:59:19','in_stock',0,'Botble\\ACL\\Models\\User',NULL,'physical',NULL,NULL,0,0,0,NULL,0),(54,'Oroweat Country Buttermilk Bread',NULL,NULL,'published','[\"products\\/15.jpg\"]','W2-195-A1-A2',0,18,0,1,0,5,1,0,1388,NULL,NULL,NULL,17.00,13.00,14.00,892.00,NULL,0,'2024-06-02 03:59:05','2024-06-02 03:59:19','in_stock',0,'Botble\\ACL\\Models\\User',NULL,'physical',NULL,NULL,0,0,0,NULL,0),(55,'Oroweat Country Buttermilk Bread',NULL,NULL,'published','[\"products\\/15.jpg\"]','W2-195-A1-A3',0,18,0,1,0,5,1,0,1388,NULL,NULL,NULL,17.00,13.00,14.00,892.00,NULL,0,'2024-06-02 03:59:05','2024-06-02 03:59:19','in_stock',0,'Botble\\ACL\\Models\\User',NULL,'physical',NULL,NULL,0,0,0,NULL,0),(56,'Foster Farms Takeout Crispy Classic Buffalo Wings (Digital)',NULL,NULL,'published','[\"products\\/16-1.jpg\"]','8J-191-A1',0,16,0,1,0,7,1,0,952,704.48,NULL,NULL,20.00,13.00,15.00,563.00,NULL,0,'2024-06-02 03:59:05','2024-06-02 03:59:19','in_stock',0,'Botble\\ACL\\Models\\User',NULL,'digital',NULL,NULL,0,0,0,NULL,0),(57,'Foster Farms Takeout Crispy Classic Buffalo Wings (Digital)',NULL,NULL,'published','[\"products\\/16-2.jpg\"]','8J-191-A1-A2',0,16,0,1,0,7,1,0,952,723.52,NULL,NULL,20.00,13.00,15.00,563.00,NULL,0,'2024-06-02 03:59:05','2024-06-02 03:59:19','in_stock',0,'Botble\\ACL\\Models\\User',NULL,'digital',NULL,NULL,0,0,0,NULL,0),(58,'Foster Farms Takeout Crispy Classic Buffalo Wings (Digital)',NULL,NULL,'published','[\"products\\/16-3.jpg\"]','8J-191-A1-A3',0,16,0,1,0,7,1,0,952,780.64,NULL,NULL,20.00,13.00,15.00,563.00,NULL,0,'2024-06-02 03:59:05','2024-06-02 03:59:19','in_stock',0,'Botble\\ACL\\Models\\User',NULL,'digital',NULL,NULL,0,0,0,NULL,0),(59,'Angie’s Boomchickapop Sweet & Salty Kettle Corn',NULL,NULL,'published','[\"products\\/17-1.jpg\"]','JD-147-A1',0,17,0,1,0,7,1,0,2068,NULL,NULL,NULL,20.00,10.00,13.00,851.00,NULL,0,'2024-06-02 03:59:05','2024-06-02 03:59:19','in_stock',0,'Botble\\ACL\\Models\\User',NULL,'physical',NULL,NULL,0,0,0,NULL,0),(60,'Angie’s Boomchickapop Sweet & Salty Kettle Corn',NULL,NULL,'published','[\"products\\/17.jpg\"]','JD-147-A1-A2',0,17,0,1,0,7,1,0,2068,NULL,NULL,NULL,20.00,10.00,13.00,851.00,NULL,0,'2024-06-02 03:59:05','2024-06-02 03:59:19','in_stock',0,'Botble\\ACL\\Models\\User',NULL,'physical',NULL,NULL,0,0,0,NULL,0),(61,'Angie’s Boomchickapop Sweet & Salty Kettle Corn',NULL,NULL,'published','[\"products\\/17.jpg\"]','JD-147-A1-A3',0,17,0,1,0,7,1,0,2068,NULL,NULL,NULL,20.00,10.00,13.00,851.00,NULL,0,'2024-06-02 03:59:05','2024-06-02 03:59:19','in_stock',0,'Botble\\ACL\\Models\\User',NULL,'physical',NULL,NULL,0,0,0,NULL,0),(62,'All Natural Italian-Style Chicken Meatballs',NULL,NULL,'published','[\"products\\/18-1.jpg\"]','WZ-137-A1',0,15,0,1,0,7,1,0,341,NULL,NULL,NULL,17.00,20.00,15.00,658.00,NULL,0,'2024-06-02 03:59:05','2024-06-02 03:59:19','in_stock',0,'Botble\\ACL\\Models\\User',NULL,'physical',NULL,NULL,0,0,0,NULL,0),(63,'Simply Lemonade with Raspberry Juice',NULL,NULL,'published','[\"products\\/19-1.jpg\"]','VB-199-A1',0,19,0,1,0,3,1,0,2250,NULL,NULL,NULL,17.00,11.00,15.00,608.00,NULL,0,'2024-06-02 03:59:05','2024-06-02 03:59:19','in_stock',0,'Botble\\ACL\\Models\\User',NULL,'physical',NULL,NULL,0,0,0,NULL,0),(64,'Chen Watermelon',NULL,NULL,'published','[\"products\\/21-1.jpg\"]','6D-106-A1',0,18,0,1,0,4,1,0,1080,NULL,NULL,NULL,19.00,18.00,11.00,542.00,NULL,0,'2024-06-02 03:59:05','2024-06-02 03:59:19','in_stock',0,'Botble\\ACL\\Models\\User',NULL,'physical',NULL,NULL,0,0,0,NULL,0),(65,'Chen Watermelon',NULL,NULL,'published','[\"products\\/21.jpg\"]','6D-106-A1-A2',0,18,0,1,0,4,1,0,1080,NULL,NULL,NULL,19.00,18.00,11.00,542.00,NULL,0,'2024-06-02 03:59:05','2024-06-02 03:59:19','in_stock',0,'Botble\\ACL\\Models\\User',NULL,'physical',NULL,NULL,0,0,0,NULL,0),(66,'Chen Watermelon',NULL,NULL,'published','[\"products\\/21.jpg\"]','6D-106-A1-A3',0,18,0,1,0,4,1,0,1080,NULL,NULL,NULL,19.00,18.00,11.00,542.00,NULL,0,'2024-06-02 03:59:05','2024-06-02 03:59:19','in_stock',0,'Botble\\ACL\\Models\\User',NULL,'physical',NULL,NULL,0,0,0,NULL,0),(67,'Colorful Banana',NULL,NULL,'published','[\"products\\/23-1.jpg\"]','9W-138-A1',0,15,0,1,0,1,1,0,866,NULL,NULL,NULL,12.00,20.00,14.00,793.00,NULL,0,'2024-06-02 03:59:05','2024-06-02 03:59:19','in_stock',0,'Botble\\ACL\\Models\\User',NULL,'physical',NULL,NULL,0,0,0,NULL,0),(68,'Colorful Banana',NULL,NULL,'published','[\"products\\/23.jpg\"]','9W-138-A1-A2',0,15,0,1,0,1,1,0,866,NULL,NULL,NULL,12.00,20.00,14.00,793.00,NULL,0,'2024-06-02 03:59:05','2024-06-02 03:59:19','in_stock',0,'Botble\\ACL\\Models\\User',NULL,'physical',NULL,NULL,0,0,0,NULL,0),(69,'Signature Wood-Fired Mushroom and Caramelized (Digital)',NULL,NULL,'published','[\"products\\/24-1.jpg\"]','I9-167-A1',0,13,0,1,0,7,1,0,1117,1005.3,NULL,NULL,17.00,20.00,12.00,795.00,NULL,0,'2024-06-02 03:59:05','2024-06-02 03:59:19','in_stock',0,'Botble\\ACL\\Models\\User',NULL,'digital',NULL,NULL,0,0,0,NULL,0),(70,'Signature Wood-Fired Mushroom and Caramelized (Digital)',NULL,NULL,'published','[\"products\\/24.jpg\"]','I9-167-A1-A2',0,13,0,1,0,7,1,0,1117,882.43,NULL,NULL,17.00,20.00,12.00,795.00,NULL,0,'2024-06-02 03:59:05','2024-06-02 03:59:19','in_stock',0,'Botble\\ACL\\Models\\User',NULL,'digital',NULL,NULL,0,0,0,NULL,0);

--
-- Table structure for table `ec_products_translations`
--

CREATE TABLE `ec_products_translations` (
  `lang_code` varchar(191) COLLATE utf8mb4_unicode_ci NOT NULL,
  `ec_products_id` bigint unsigned NOT NULL,
  `name` varchar(191) COLLATE utf8mb4_unicode_ci DEFAULT NULL,
  `description` text COLLATE utf8mb4_unicode_ci,
  `content` text COLLATE utf8mb4_unicode_ci,
  PRIMARY KEY (`lang_code`,`ec_products_id`)
) ENGINE=InnoDB DEFAULT CHARSET=utf8mb4 COLLATE=utf8mb4_unicode_ci;

--
-- Dumping data for table `ec_products_translations`
--


--
-- Table structure for table `ec_review_replies`
--

CREATE TABLE `ec_review_replies` (
  `id` bigint unsigned NOT NULL AUTO_INCREMENT,
  `user_id` bigint unsigned NOT NULL,
  `review_id` bigint unsigned NOT NULL,
  `message` text COLLATE utf8mb4_unicode_ci NOT NULL,
  `created_at` timestamp NULL DEFAULT NULL,
  `updated_at` timestamp NULL DEFAULT NULL,
  PRIMARY KEY (`id`),
  UNIQUE KEY `ec_review_replies_review_id_user_id_unique` (`review_id`,`user_id`)
) ENGINE=InnoDB DEFAULT CHARSET=utf8mb4 COLLATE=utf8mb4_unicode_ci;

--
-- Dumping data for table `ec_review_replies`
--


--
-- Table structure for table `ec_reviews`
--

CREATE TABLE `ec_reviews` (
  `id` bigint unsigned NOT NULL AUTO_INCREMENT,
  `customer_id` bigint unsigned DEFAULT NULL,
  `customer_name` varchar(191) COLLATE utf8mb4_unicode_ci DEFAULT NULL,
  `customer_email` varchar(191) COLLATE utf8mb4_unicode_ci DEFAULT NULL,
  `product_id` bigint unsigned NOT NULL,
  `star` double(8,2) NOT NULL,
  `comment` text COLLATE utf8mb4_unicode_ci NOT NULL,
  `status` varchar(60) COLLATE utf8mb4_unicode_ci NOT NULL DEFAULT 'published',
  `created_at` timestamp NULL DEFAULT NULL,
  `updated_at` timestamp NULL DEFAULT NULL,
  `images` text COLLATE utf8mb4_unicode_ci,
  PRIMARY KEY (`id`),
  UNIQUE KEY `ec_reviews_product_id_customer_id_unique` (`product_id`,`customer_id`),
  KEY `ec_reviews_product_id_customer_id_status_created_at_index` (`product_id`,`customer_id`,`status`,`created_at`),
  KEY `review_relation_index` (`product_id`,`customer_id`,`status`)
) ENGINE=InnoDB AUTO_INCREMENT=1001 DEFAULT CHARSET=utf8mb4 COLLATE=utf8mb4_unicode_ci;

--
-- Dumping data for table `ec_reviews`
--

INSERT INTO `ec_reviews` VALUES (1,3,NULL,NULL,3,2.00,'Customer Support are grade (A*), however the code is a way too over engineered for it\'s purpose.','published','2024-06-02 03:59:08','2024-06-02 03:59:08','[\"products\\/7.jpg\",\"products\\/11.jpg\",\"products\\/16-6.jpg\"]'),(2,6,NULL,NULL,21,4.00,'These guys are amazing! Responses immediately, amazing support and help... I immediately feel at ease after Purchasing..','published','2024-06-02 03:59:08','2024-06-02 03:59:08','[\"products\\/2-1.jpg\",\"products\\/4.jpg\",\"products\\/15-1.jpg\",\"products\\/17-1.jpg\"]'),(3,2,NULL,NULL,23,1.00,'Customer Support are grade (A*), however the code is a way too over engineered for it\'s purpose.','published','2024-06-02 03:59:08','2024-06-02 03:59:08','[\"products\\/10-1.jpg\",\"products\\/16-1.jpg\",\"products\\/16-6.jpg\"]'),(4,3,NULL,NULL,16,3.00,'Solution is too robust for our purpose so we didn\'t use it at the end. But I appreciate customer support during initial configuration.','published','2024-06-02 03:59:08','2024-06-02 03:59:08','[\"products\\/20.jpg\"]'),(5,1,NULL,NULL,20,4.00,'These guys are amazing! Responses immediately, amazing support and help... I immediately feel at ease after Purchasing..','published','2024-06-02 03:59:08','2024-06-02 03:59:08','[\"products\\/16-6.jpg\"]'),(6,8,NULL,NULL,23,3.00,'Ok good product. I have some issues in customizations. But its not correct to blame the developer. The product is good. Good luck for your business.','published','2024-06-02 03:59:08','2024-06-02 03:59:08','[\"products\\/8-1.jpg\",\"products\\/18.jpg\",\"products\\/23-1.jpg\",\"products\\/23.jpg\"]'),(7,5,NULL,NULL,21,5.00,'This script is well coded and is super fast. The support is pretty quick. Very patient and helpful team. I strongly recommend it and they deserve more than 5 stars.','published','2024-06-02 03:59:08','2024-06-02 03:59:08','[\"products\\/5-1.jpg\"]'),(8,7,NULL,NULL,18,1.00,'This web app is really good in design, code quality & features. Besides, the customer support provided by the Botble team was really fast & helpful. You guys are awesome!','published','2024-06-02 03:59:08','2024-06-02 03:59:08','[\"products\\/4.jpg\",\"products\\/16.jpg\",\"products\\/18.jpg\"]'),(10,9,NULL,NULL,16,1.00,'Second or third time that I buy a Botble product, happy with the products and support. You guys do a good job :)','published','2024-06-02 03:59:08','2024-06-02 03:59:08','[\"products\\/11-1.jpg\",\"products\\/17.jpg\",\"products\\/22.jpg\",\"products\\/24-1.jpg\"]'),(11,5,NULL,NULL,23,3.00,'Great E-commerce system. And much more : Wonderful Customer Support.','published','2024-06-02 03:59:08','2024-06-02 03:59:08','[\"products\\/10.jpg\",\"products\\/21-1.jpg\",\"products\\/22-1.jpg\"]'),(12,4,NULL,NULL,10,1.00,'Cool template. Excellent code quality. The support responds very quickly, which is very rare on themeforest and codecanyon.net, I buy a lot of templates, and everyone will have a response from technical support for two or three days. Thanks to tech support. I recommend to buy.','published','2024-06-02 03:59:08','2024-06-02 03:59:08','[\"products\\/12.jpg\",\"products\\/16-6.jpg\",\"products\\/21.jpg\"]'),(13,3,NULL,NULL,10,5.00,'Cool template. Excellent code quality. The support responds very quickly, which is very rare on themeforest and codecanyon.net, I buy a lot of templates, and everyone will have a response from technical support for two or three days. Thanks to tech support. I recommend to buy.','published','2024-06-02 03:59:08','2024-06-02 03:59:08','[\"products\\/14-1.jpg\"]'),(14,6,NULL,NULL,7,2.00,'Second or third time that I buy a Botble product, happy with the products and support. You guys do a good job :)','published','2024-06-02 03:59:08','2024-06-02 03:59:08','[\"products\\/4-1.jpg\",\"products\\/15.jpg\",\"products\\/19-1.jpg\"]'),(15,10,NULL,NULL,17,2.00,'Perfect +++++++++ i love it really also i get to fast ticket answers... Thanks Lot BOTBLE Teams','published','2024-06-02 03:59:08','2024-06-02 03:59:08','[\"products\\/4-1.jpg\",\"products\\/9.jpg\",\"products\\/14-1.jpg\",\"products\\/16-4.jpg\"]'),(16,6,NULL,NULL,5,2.00,'Perfect +++++++++ i love it really also i get to fast ticket answers... Thanks Lot BOTBLE Teams','published','2024-06-02 03:59:08','2024-06-02 03:59:08','[\"products\\/10-1.jpg\"]'),(17,10,NULL,NULL,20,2.00,'Very enthusiastic support! Excellent code is written. It\'s a true pleasure working with.','published','2024-06-02 03:59:08','2024-06-02 03:59:08','[\"products\\/13-1.jpg\",\"products\\/17-1.jpg\"]'),(18,10,NULL,NULL,13,5.00,'For me the best eCommerce script on Envato at this moment: modern, clean code, a lot of great features. The customer support is great too: I always get an answer within hours!','published','2024-06-02 03:59:08','2024-06-02 03:59:08','[\"products\\/2-1.jpg\",\"products\\/15.jpg\",\"products\\/16-6.jpg\",\"products\\/23.jpg\"]'),(19,9,NULL,NULL,10,4.00,'Great E-commerce system. And much more : Wonderful Customer Support.','published','2024-06-02 03:59:08','2024-06-02 03:59:08','[\"products\\/10-1.jpg\",\"products\\/13.jpg\",\"products\\/14.jpg\",\"products\\/17.jpg\"]'),(20,10,NULL,NULL,2,5.00,'The best store template! Excellent coding! Very good support! Thank you so much for all the help, I really appreciated.','published','2024-06-02 03:59:08','2024-06-02 03:59:08','[\"products\\/12-1.jpg\",\"products\\/13-1.jpg\",\"products\\/21.jpg\",\"products\\/23.jpg\"]'),(21,4,NULL,NULL,7,4.00,'Amazing code, amazing support. Overall, im really confident in Botble and im happy I made the right choice! Thank you so much guys for coding this masterpiece','published','2024-06-02 03:59:08','2024-06-02 03:59:08','[\"products\\/11-1.jpg\"]'),(22,7,NULL,NULL,11,2.00,'The script is the best of its class, fast, easy to implement and work with , and the most important thing is the great support team , Recommend with no doubt.','published','2024-06-02 03:59:08','2024-06-02 03:59:08','[\"products\\/16-4.jpg\"]'),(24,5,NULL,NULL,15,2.00,'Ok good product. I have some issues in customizations. But its not correct to blame the developer. The product is good. Good luck for your business.','published','2024-06-02 03:59:08','2024-06-02 03:59:08','[\"products\\/4-1.jpg\",\"products\\/6-1.jpg\"]'),(25,7,NULL,NULL,19,5.00,'Good app, good backup service and support. Good documentation.','published','2024-06-02 03:59:08','2024-06-02 03:59:08','[\"products\\/6-1.jpg\",\"products\\/16.jpg\"]'),(26,1,NULL,NULL,22,1.00,'Good app, good backup service and support. Good documentation.','published','2024-06-02 03:59:08','2024-06-02 03:59:08','[\"products\\/1.jpg\"]'),(27,4,NULL,NULL,16,3.00,'Ok good product. I have some issues in customizations. But its not correct to blame the developer. The product is good. Good luck for your business.','published','2024-06-02 03:59:08','2024-06-02 03:59:08','[\"products\\/5-1.jpg\",\"products\\/15.jpg\",\"products\\/16-4.jpg\",\"products\\/23.jpg\"]'),(28,6,NULL,NULL,8,5.00,'Cool template. Excellent code quality. The support responds very quickly, which is very rare on themeforest and codecanyon.net, I buy a lot of templates, and everyone will have a response from technical support for two or three days. Thanks to tech support. I recommend to buy.','published','2024-06-02 03:59:08','2024-06-02 03:59:08','[\"products\\/5.jpg\",\"products\\/9-1.jpg\",\"products\\/10-1.jpg\",\"products\\/13.jpg\"]'),(29,5,NULL,NULL,22,2.00,'This web app is really good in design, code quality & features. Besides, the customer support provided by the Botble team was really fast & helpful. You guys are awesome!','published','2024-06-02 03:59:08','2024-06-02 03:59:08','[\"products\\/16-1.jpg\",\"products\\/17-1.jpg\",\"products\\/19-1.jpg\"]'),(30,8,NULL,NULL,11,5.00,'Great E-commerce system. And much more : Wonderful Customer Support.','published','2024-06-02 03:59:08','2024-06-02 03:59:08','[\"products\\/12.jpg\",\"products\\/13-1.jpg\",\"products\\/17-1.jpg\"]'),(31,5,NULL,NULL,17,2.00,'Clean & perfect source code','published','2024-06-02 03:59:08','2024-06-02 03:59:08','[\"products\\/16-4.jpg\"]'),(32,4,NULL,NULL,9,4.00,'The code is good, in general, if you like it, can you give it 5 stars?','published','2024-06-02 03:59:08','2024-06-02 03:59:08','[\"products\\/11.jpg\",\"products\\/14-1.jpg\",\"products\\/17.jpg\"]'),(33,8,NULL,NULL,17,3.00,'Those guys now what they are doing, the release such a good product that it\'s a pleasure to work with ! Even when I was stuck on the project, I created a ticket and the next day it was replied by the team. GOOD JOB guys. I love working with them :)','published','2024-06-02 03:59:08','2024-06-02 03:59:08','[\"products\\/13-1.jpg\",\"products\\/18.jpg\",\"products\\/19.jpg\",\"products\\/21-1.jpg\"]'),(35,5,NULL,NULL,10,2.00,'I Love this Script. I also found how to add other fees. Now I just wait the BIG update for the Marketplace with the Bulk Import. Just do not forget to make it to be Multi-language for us the Botble Fans.','published','2024-06-02 03:59:08','2024-06-02 03:59:08','[\"products\\/1.jpg\",\"products\\/11.jpg\",\"products\\/16-4.jpg\",\"products\\/21-1.jpg\"]'),(36,2,NULL,NULL,20,5.00,'The best ecommerce CMS! Excellent coding! best support service! Thank you so much..... I really like your hard work.','published','2024-06-02 03:59:08','2024-06-02 03:59:08','[\"products\\/2-1.jpg\"]'),(38,8,NULL,NULL,13,4.00,'Amazing code, amazing support. Overall, im really confident in Botble and im happy I made the right choice! Thank you so much guys for coding this masterpiece','published','2024-06-02 03:59:08','2024-06-02 03:59:08','[\"products\\/1.jpg\",\"products\\/14.jpg\"]'),(39,8,NULL,NULL,5,2.00,'As a developer I reviewed this script. This is really awesome ecommerce script. I have convinced when I noticed that it\'s built on fully WordPress concept.','published','2024-06-02 03:59:08','2024-06-02 03:59:08','[\"products\\/2.jpg\",\"products\\/4.jpg\",\"products\\/6-1.jpg\",\"products\\/20-1.jpg\"]'),(41,9,NULL,NULL,12,5.00,'I Love this Script. I also found how to add other fees. Now I just wait the BIG update for the Marketplace with the Bulk Import. Just do not forget to make it to be Multi-language for us the Botble Fans.','published','2024-06-02 03:59:08','2024-06-02 03:59:08','[\"products\\/16-2.jpg\",\"products\\/16-6.jpg\",\"products\\/23.jpg\"]'),(42,6,NULL,NULL,6,1.00,'It\'s not my first experience here on Codecanyon and I can honestly tell you all that Botble puts a LOT of effort into the support. They answer so fast, they helped me tons of times. REALLY by far THE BEST EXPERIENCE on Codecanyon. Those guys at Botble are so good that they deserve 5 stars. I recommend them, I trust them and I can\'t wait to see what they will sell in a near future. Thank you Botble :)','published','2024-06-02 03:59:08','2024-06-02 03:59:08','[\"products\\/5-1.jpg\",\"products\\/22.jpg\"]'),(43,7,NULL,NULL,20,2.00,'Perfect +++++++++ i love it really also i get to fast ticket answers... Thanks Lot BOTBLE Teams','published','2024-06-02 03:59:08','2024-06-02 03:59:08','[\"products\\/7-1.jpg\",\"products\\/10.jpg\",\"products\\/16-6.jpg\"]'),(44,5,NULL,NULL,18,5.00,'Ok good product. I have some issues in customizations. But its not correct to blame the developer. The product is good. Good luck for your business.','published','2024-06-02 03:59:08','2024-06-02 03:59:08','[\"products\\/7.jpg\",\"products\\/16-4.jpg\",\"products\\/20.jpg\",\"products\\/23.jpg\"]'),(45,7,NULL,NULL,4,3.00,'Great E-commerce system. And much more : Wonderful Customer Support.','published','2024-06-02 03:59:08','2024-06-02 03:59:08','[\"products\\/3-1.jpg\",\"products\\/4.jpg\",\"products\\/6.jpg\",\"products\\/16-3.jpg\"]'),(46,4,NULL,NULL,21,5.00,'Good app, good backup service and support. Good documentation.','published','2024-06-02 03:59:08','2024-06-02 03:59:08','[\"products\\/4.jpg\",\"products\\/6-1.jpg\",\"products\\/12-1.jpg\",\"products\\/15-1.jpg\"]'),(47,2,NULL,NULL,22,5.00,'The code is good, in general, if you like it, can you give it 5 stars?','published','2024-06-02 03:59:08','2024-06-02 03:59:08','[\"products\\/4-1.jpg\",\"products\\/11.jpg\",\"products\\/21.jpg\",\"products\\/24-1.jpg\"]'),(48,4,NULL,NULL,14,5.00,'As a developer I reviewed this script. This is really awesome ecommerce script. I have convinced when I noticed that it\'s built on fully WordPress concept.','published','2024-06-02 03:59:08','2024-06-02 03:59:08','[\"products\\/11-1.jpg\",\"products\\/11.jpg\",\"products\\/23.jpg\"]'),(49,3,NULL,NULL,20,1.00,'This web app is really good in design, code quality & features. Besides, the customer support provided by the Botble team was really fast & helpful. You guys are awesome!','published','2024-06-02 03:59:08','2024-06-02 03:59:08','[\"products\\/5-1.jpg\",\"products\\/16-4.jpg\",\"products\\/17.jpg\",\"products\\/19.jpg\"]'),(50,5,NULL,NULL,12,2.00,'Best ecommerce CMS online store!','published','2024-06-02 03:59:08','2024-06-02 03:59:08','[\"products\\/18.jpg\",\"products\\/22-1.jpg\",\"products\\/22.jpg\"]'),(52,5,NULL,NULL,20,3.00,'This script is well coded and is super fast. The support is pretty quick. Very patient and helpful team. I strongly recommend it and they deserve more than 5 stars.','published','2024-06-02 03:59:08','2024-06-02 03:59:08','[\"products\\/1-1.jpg\",\"products\\/15.jpg\"]'),(53,10,NULL,NULL,24,4.00,'The code is good, in general, if you like it, can you give it 5 stars?','published','2024-06-02 03:59:08','2024-06-02 03:59:08','[\"products\\/17.jpg\",\"products\\/21.jpg\"]'),(54,4,NULL,NULL,23,5.00,'This script is well coded and is super fast. The support is pretty quick. Very patient and helpful team. I strongly recommend it and they deserve more than 5 stars.','published','2024-06-02 03:59:08','2024-06-02 03:59:08','[\"products\\/10.jpg\",\"products\\/11.jpg\"]'),(55,4,NULL,NULL,11,5.00,'Good app, good backup service and support. Good documentation.','published','2024-06-02 03:59:08','2024-06-02 03:59:08','[\"products\\/15.jpg\"]'),(56,3,NULL,NULL,15,2.00,'Cool template. Excellent code quality. The support responds very quickly, which is very rare on themeforest and codecanyon.net, I buy a lot of templates, and everyone will have a response from technical support for two or three days. Thanks to tech support. I recommend to buy.','published','2024-06-02 03:59:08','2024-06-02 03:59:08','[\"products\\/21.jpg\",\"products\\/23-1.jpg\",\"products\\/24.jpg\"]'),(60,7,NULL,NULL,1,5.00,'Solution is too robust for our purpose so we didn\'t use it at the end. But I appreciate customer support during initial configuration.','published','2024-06-02 03:59:08','2024-06-02 03:59:08','[\"products\\/12-1.jpg\",\"products\\/14-1.jpg\",\"products\\/15.jpg\"]'),(61,4,NULL,NULL,1,3.00,'Solution is too robust for our purpose so we didn\'t use it at the end. But I appreciate customer support during initial configuration.','published','2024-06-02 03:59:08','2024-06-02 03:59:08','[\"products\\/7.jpg\"]'),(62,2,NULL,NULL,21,2.00,'Great E-commerce system. And much more : Wonderful Customer Support.','published','2024-06-02 03:59:08','2024-06-02 03:59:08','[\"products\\/17-1.jpg\",\"products\\/24.jpg\"]'),(63,8,NULL,NULL,7,1.00,'Good app, good backup service and support. Good documentation.','published','2024-06-02 03:59:08','2024-06-02 03:59:08','[\"products\\/6.jpg\",\"products\\/15.jpg\",\"products\\/22.jpg\",\"products\\/24.jpg\"]'),(64,1,NULL,NULL,11,4.00,'Good app, good backup service and support. Good documentation.','published','2024-06-02 03:59:08','2024-06-02 03:59:08','[\"products\\/6.jpg\",\"products\\/11.jpg\",\"products\\/17-1.jpg\",\"products\\/21.jpg\"]'),(65,1,NULL,NULL,9,4.00,'Very enthusiastic support! Excellent code is written. It\'s a true pleasure working with.','published','2024-06-02 03:59:08','2024-06-02 03:59:08','[\"products\\/2-1.jpg\",\"products\\/13-1.jpg\",\"products\\/15.jpg\",\"products\\/18-1.jpg\"]'),(66,2,NULL,NULL,24,4.00,'It\'s not my first experience here on Codecanyon and I can honestly tell you all that Botble puts a LOT of effort into the support. They answer so fast, they helped me tons of times. REALLY by far THE BEST EXPERIENCE on Codecanyon. Those guys at Botble are so good that they deserve 5 stars. I recommend them, I trust them and I can\'t wait to see what they will sell in a near future. Thank you Botble :)','published','2024-06-02 03:59:08','2024-06-02 03:59:08','[\"products\\/21.jpg\"]'),(68,7,NULL,NULL,6,4.00,'This web app is really good in design, code quality & features. Besides, the customer support provided by the Botble team was really fast & helpful. You guys are awesome!','published','2024-06-02 03:59:08','2024-06-02 03:59:08','[\"products\\/5.jpg\",\"products\\/16-4.jpg\",\"products\\/19-1.jpg\"]'),(69,3,NULL,NULL,23,1.00,'For me the best eCommerce script on Envato at this moment: modern, clean code, a lot of great features. The customer support is great too: I always get an answer within hours!','published','2024-06-02 03:59:08','2024-06-02 03:59:08','[\"products\\/7.jpg\",\"products\\/8-1.jpg\",\"products\\/8.jpg\",\"products\\/10-1.jpg\"]'),(71,9,NULL,NULL,22,5.00,'Cool template. Excellent code quality. The support responds very quickly, which is very rare on themeforest and codecanyon.net, I buy a lot of templates, and everyone will have a response from technical support for two or three days. Thanks to tech support. I recommend to buy.','published','2024-06-02 03:59:08','2024-06-02 03:59:08','[\"products\\/20-1.jpg\"]'),(72,1,NULL,NULL,4,5.00,'Customer Support are grade (A*), however the code is a way too over engineered for it\'s purpose.','published','2024-06-02 03:59:08','2024-06-02 03:59:08','[\"products\\/24.jpg\"]'),(73,2,NULL,NULL,9,5.00,'The code is good, in general, if you like it, can you give it 5 stars?','published','2024-06-02 03:59:08','2024-06-02 03:59:08','[\"products\\/7.jpg\"]'),(78,2,NULL,NULL,16,4.00,'Customer Support are grade (A*), however the code is a way too over engineered for it\'s purpose.','published','2024-06-02 03:59:08','2024-06-02 03:59:08','[\"products\\/13-1.jpg\"]'),(79,3,NULL,NULL,12,3.00,'The best store template! Excellent coding! Very good support! Thank you so much for all the help, I really appreciated.','published','2024-06-02 03:59:08','2024-06-02 03:59:08','[\"products\\/16.jpg\",\"products\\/17-1.jpg\",\"products\\/18-1.jpg\",\"products\\/22-1.jpg\"]'),(80,10,NULL,NULL,1,2.00,'Those guys now what they are doing, the release such a good product that it\'s a pleasure to work with ! Even when I was stuck on the project, I created a ticket and the next day it was replied by the team. GOOD JOB guys. I love working with them :)','published','2024-06-02 03:59:08','2024-06-02 03:59:08','[\"products\\/4-1.jpg\",\"products\\/15-1.jpg\",\"products\\/23.jpg\"]'),(81,3,NULL,NULL,24,1.00,'Those guys now what they are doing, the release such a good product that it\'s a pleasure to work with ! Even when I was stuck on the project, I created a ticket and the next day it was replied by the team. GOOD JOB guys. I love working with them :)','published','2024-06-02 03:59:08','2024-06-02 03:59:08','[\"products\\/3.jpg\",\"products\\/4.jpg\",\"products\\/6-1.jpg\",\"products\\/8.jpg\"]'),(82,1,NULL,NULL,21,5.00,'The best ecommerce CMS! Excellent coding! best support service! Thank you so much..... I really like your hard work.','published','2024-06-02 03:59:08','2024-06-02 03:59:08','[\"products\\/23.jpg\"]'),(83,4,NULL,NULL,22,3.00,'The best store template! Excellent coding! Very good support! Thank you so much for all the help, I really appreciated.','published','2024-06-02 03:59:08','2024-06-02 03:59:08','[\"products\\/2-1.jpg\",\"products\\/4.jpg\",\"products\\/16-4.jpg\"]'),(85,10,NULL,NULL,6,4.00,'It\'s not my first experience here on Codecanyon and I can honestly tell you all that Botble puts a LOT of effort into the support. They answer so fast, they helped me tons of times. REALLY by far THE BEST EXPERIENCE on Codecanyon. Those guys at Botble are so good that they deserve 5 stars. I recommend them, I trust them and I can\'t wait to see what they will sell in a near future. Thank you Botble :)','published','2024-06-02 03:59:08','2024-06-02 03:59:08','[\"products\\/13-1.jpg\",\"products\\/15.jpg\"]'),(86,1,NULL,NULL,15,4.00,'We have received brilliant service support and will be expanding the features with the developer. Nice product!','published','2024-06-02 03:59:08','2024-06-02 03:59:08','[\"products\\/5-1.jpg\",\"products\\/11.jpg\",\"products\\/18.jpg\"]'),(88,5,NULL,NULL,3,1.00,'Solution is too robust for our purpose so we didn\'t use it at the end. But I appreciate customer support during initial configuration.','published','2024-06-02 03:59:08','2024-06-02 03:59:08','[\"products\\/13-1.jpg\",\"products\\/16-3.jpg\"]'),(89,2,NULL,NULL,13,4.00,'The code is good, in general, if you like it, can you give it 5 stars?','published','2024-06-02 03:59:08','2024-06-02 03:59:08','[\"products\\/13.jpg\"]'),(91,3,NULL,NULL,19,2.00,'The script is the best of its class, fast, easy to implement and work with , and the most important thing is the great support team , Recommend with no doubt.','published','2024-06-02 03:59:08','2024-06-02 03:59:08','[\"products\\/8.jpg\",\"products\\/16-4.jpg\"]'),(94,10,NULL,NULL,9,3.00,'Second or third time that I buy a Botble product, happy with the products and support. You guys do a good job :)','published','2024-06-02 03:59:08','2024-06-02 03:59:08','[\"products\\/8.jpg\"]'),(97,1,NULL,NULL,10,3.00,'Amazing code, amazing support. Overall, im really confident in Botble and im happy I made the right choice! Thank you so much guys for coding this masterpiece','published','2024-06-02 03:59:08','2024-06-02 03:59:08','[\"products\\/7-1.jpg\",\"products\\/15.jpg\",\"products\\/16-1.jpg\"]'),(98,9,NULL,NULL,4,2.00,'The best store template! Excellent coding! Very good support! Thank you so much for all the help, I really appreciated.','published','2024-06-02 03:59:08','2024-06-02 03:59:08','[\"products\\/4-1.jpg\",\"products\\/5.jpg\",\"products\\/24.jpg\"]'),(99,6,NULL,NULL,23,2.00,'The best ecommerce CMS! Excellent coding! best support service! Thank you so much..... I really like your hard work.','published','2024-06-02 03:59:08','2024-06-02 03:59:08','[\"products\\/6-1.jpg\"]'),(100,4,NULL,NULL,18,4.00,'Great system, great support, good job Botble. I\'m looking forward to more great functional plugins.','published','2024-06-02 03:59:08','2024-06-02 03:59:08','[\"products\\/2.jpg\",\"products\\/17.jpg\"]'),(101,10,NULL,NULL,21,5.00,'Great E-commerce system. And much more : Wonderful Customer Support.','published','2024-06-02 03:59:08','2024-06-02 03:59:08','[\"products\\/17.jpg\"]'),(102,7,NULL,NULL,24,3.00,'Perfect +++++++++ i love it really also i get to fast ticket answers... Thanks Lot BOTBLE Teams','published','2024-06-02 03:59:08','2024-06-02 03:59:08','[\"products\\/4-1.jpg\",\"products\\/18-1.jpg\"]'),(103,5,NULL,NULL,1,3.00,'As a developer I reviewed this script. This is really awesome ecommerce script. I have convinced when I noticed that it\'s built on fully WordPress concept.','published','2024-06-02 03:59:08','2024-06-02 03:59:08','[\"products\\/1-1.jpg\",\"products\\/9-1.jpg\",\"products\\/13.jpg\",\"products\\/16-2.jpg\"]'),(105,6,NULL,NULL,12,4.00,'For me the best eCommerce script on Envato at this moment: modern, clean code, a lot of great features. The customer support is great too: I always get an answer within hours!','published','2024-06-02 03:59:08','2024-06-02 03:59:08','[\"products\\/2.jpg\",\"products\\/6-1.jpg\",\"products\\/12-1.jpg\"]'),(106,8,NULL,NULL,24,4.00,'Those guys now what they are doing, the release such a good product that it\'s a pleasure to work with ! Even when I was stuck on the project, I created a ticket and the next day it was replied by the team. GOOD JOB guys. I love working with them :)','published','2024-06-02 03:59:08','2024-06-02 03:59:08','[\"products\\/4.jpg\",\"products\\/15.jpg\",\"products\\/16-3.jpg\",\"products\\/20.jpg\"]'),(107,10,NULL,NULL,14,5.00,'The best store template! Excellent coding! Very good support! Thank you so much for all the help, I really appreciated.','published','2024-06-02 03:59:08','2024-06-02 03:59:08','[\"products\\/15.jpg\",\"products\\/18.jpg\"]'),(110,10,NULL,NULL,5,2.00,'Great E-commerce system. And much more : Wonderful Customer Support.','published','2024-06-02 03:59:08','2024-06-02 03:59:08','[\"products\\/1-1.jpg\",\"products\\/5-1.jpg\",\"products\\/8.jpg\"]'),(111,3,NULL,NULL,21,3.00,'These guys are amazing! Responses immediately, amazing support and help... I immediately feel at ease after Purchasing..','published','2024-06-02 03:59:08','2024-06-02 03:59:08','[\"products\\/2-1.jpg\",\"products\\/5-1.jpg\",\"products\\/22.jpg\"]'),(112,4,NULL,NULL,20,2.00,'Solution is too robust for our purpose so we didn\'t use it at the end. But I appreciate customer support during initial configuration.','published','2024-06-02 03:59:08','2024-06-02 03:59:08','[\"products\\/10-1.jpg\",\"products\\/13.jpg\",\"products\\/17.jpg\",\"products\\/23.jpg\"]'),(113,7,NULL,NULL,15,1.00,'Second or third time that I buy a Botble product, happy with the products and support. You guys do a good job :)','published','2024-06-02 03:59:08','2024-06-02 03:59:08','[\"products\\/9-1.jpg\",\"products\\/11.jpg\",\"products\\/14.jpg\",\"products\\/22.jpg\"]'),(117,1,NULL,NULL,13,5.00,'These guys are amazing! Responses immediately, amazing support and help... I immediately feel at ease after Purchasing..','published','2024-06-02 03:59:08','2024-06-02 03:59:08','[\"products\\/16-6.jpg\",\"products\\/21.jpg\"]'),(120,4,NULL,NULL,3,5.00,'Ok good product. I have some issues in customizations. But its not correct to blame the developer. The product is good. Good luck for your business.','published','2024-06-02 03:59:08','2024-06-02 03:59:08','[\"products\\/11.jpg\"]'),(122,9,NULL,NULL,11,2.00,'Second or third time that I buy a Botble product, happy with the products and support. You guys do a good job :)','published','2024-06-02 03:59:08','2024-06-02 03:59:08','[\"products\\/1.jpg\",\"products\\/2.jpg\",\"products\\/14-1.jpg\",\"products\\/17-1.jpg\"]'),(123,3,NULL,NULL,5,2.00,'Second or third time that I buy a Botble product, happy with the products and support. You guys do a good job :)','published','2024-06-02 03:59:08','2024-06-02 03:59:08','[\"products\\/18-1.jpg\"]'),(124,3,NULL,NULL,1,3.00,'This script is well coded and is super fast. The support is pretty quick. Very patient and helpful team. I strongly recommend it and they deserve more than 5 stars.','published','2024-06-02 03:59:08','2024-06-02 03:59:08','[\"products\\/17.jpg\"]'),(125,6,NULL,NULL,22,4.00,'Very enthusiastic support! Excellent code is written. It\'s a true pleasure working with.','published','2024-06-02 03:59:08','2024-06-02 03:59:08','[\"products\\/13-1.jpg\",\"products\\/16-1.jpg\",\"products\\/20-1.jpg\"]'),(127,2,NULL,NULL,6,5.00,'Great system, great support, good job Botble. I\'m looking forward to more great functional plugins.','published','2024-06-02 03:59:08','2024-06-02 03:59:08','[\"products\\/7.jpg\",\"products\\/16-3.jpg\",\"products\\/17.jpg\"]'),(128,5,NULL,NULL,19,5.00,'Very enthusiastic support! Excellent code is written. It\'s a true pleasure working with.','published','2024-06-02 03:59:08','2024-06-02 03:59:08','[\"products\\/16-1.jpg\",\"products\\/16-5.jpg\",\"products\\/24.jpg\"]'),(129,9,NULL,NULL,5,4.00,'Great E-commerce system. And much more : Wonderful Customer Support.','published','2024-06-02 03:59:08','2024-06-02 03:59:08','[\"products\\/7-1.jpg\",\"products\\/19-1.jpg\",\"products\\/23.jpg\"]'),(131,1,NULL,NULL,14,3.00,'I Love this Script. I also found how to add other fees. Now I just wait the BIG update for the Marketplace with the Bulk Import. Just do not forget to make it to be Multi-language for us the Botble Fans.','published','2024-06-02 03:59:08','2024-06-02 03:59:08','[\"products\\/2.jpg\",\"products\\/8-1.jpg\",\"products\\/16.jpg\"]'),(132,2,NULL,NULL,12,5.00,'Great E-commerce system. And much more : Wonderful Customer Support.','published','2024-06-02 03:59:08','2024-06-02 03:59:08','[\"products\\/6-1.jpg\",\"products\\/13.jpg\",\"products\\/17-1.jpg\",\"products\\/17.jpg\"]'),(133,3,NULL,NULL,18,3.00,'Clean & perfect source code','published','2024-06-02 03:59:08','2024-06-02 03:59:08','[\"products\\/5-1.jpg\",\"products\\/16-5.jpg\",\"products\\/19.jpg\"]'),(135,8,NULL,NULL,20,4.00,'The code is good, in general, if you like it, can you give it 5 stars?','published','2024-06-02 03:59:08','2024-06-02 03:59:08','[\"products\\/7-1.jpg\",\"products\\/9-1.jpg\",\"products\\/20-1.jpg\",\"products\\/23-1.jpg\"]'),(136,4,NULL,NULL,8,3.00,'For me the best eCommerce script on Envato at this moment: modern, clean code, a lot of great features. The customer support is great too: I always get an answer within hours!','published','2024-06-02 03:59:08','2024-06-02 03:59:08','[\"products\\/5-1.jpg\",\"products\\/12-1.jpg\",\"products\\/13-1.jpg\",\"products\\/16-1.jpg\"]'),(137,9,NULL,NULL,23,1.00,'This web app is really good in design, code quality & features. Besides, the customer support provided by the Botble team was really fast & helpful. You guys are awesome!','published','2024-06-02 03:59:08','2024-06-02 03:59:08','[\"products\\/4.jpg\",\"products\\/16-3.jpg\"]'),(138,9,NULL,NULL,2,1.00,'It\'s not my first experience here on Codecanyon and I can honestly tell you all that Botble puts a LOT of effort into the support. They answer so fast, they helped me tons of times. REALLY by far THE BEST EXPERIENCE on Codecanyon. Those guys at Botble are so good that they deserve 5 stars. I recommend them, I trust them and I can\'t wait to see what they will sell in a near future. Thank you Botble :)','published','2024-06-02 03:59:08','2024-06-02 03:59:08','[\"products\\/16-2.jpg\",\"products\\/16-4.jpg\",\"products\\/21.jpg\"]'),(139,4,NULL,NULL,12,4.00,'This web app is really good in design, code quality & features. Besides, the customer support provided by the Botble team was really fast & helpful. You guys are awesome!','published','2024-06-02 03:59:08','2024-06-02 03:59:08','[\"products\\/14-1.jpg\",\"products\\/16-6.jpg\"]'),(142,1,NULL,NULL,12,5.00,'Those guys now what they are doing, the release such a good product that it\'s a pleasure to work with ! Even when I was stuck on the project, I created a ticket and the next day it was replied by the team. GOOD JOB guys. I love working with them :)','published','2024-06-02 03:59:08','2024-06-02 03:59:08','[\"products\\/7-1.jpg\",\"products\\/9.jpg\"]'),(145,10,NULL,NULL,7,4.00,'For me the best eCommerce script on Envato at this moment: modern, clean code, a lot of great features. The customer support is great too: I always get an answer within hours!','published','2024-06-02 03:59:08','2024-06-02 03:59:08','[\"products\\/11-1.jpg\"]'),(146,7,NULL,NULL,13,2.00,'Best ecommerce CMS online store!','published','2024-06-02 03:59:08','2024-06-02 03:59:08','[\"products\\/12-1.jpg\",\"products\\/16-1.jpg\",\"products\\/18.jpg\"]'),(149,7,NULL,NULL,9,4.00,'As a developer I reviewed this script. This is really awesome ecommerce script. I have convinced when I noticed that it\'s built on fully WordPress concept.','published','2024-06-02 03:59:08','2024-06-02 03:59:08','[\"products\\/3.jpg\",\"products\\/4-1.jpg\",\"products\\/23-1.jpg\"]'),(150,1,NULL,NULL,1,1.00,'Great system, great support, good job Botble. I\'m looking forward to more great functional plugins.','published','2024-06-02 03:59:08','2024-06-02 03:59:08','[\"products\\/7.jpg\",\"products\\/9-1.jpg\",\"products\\/16-6.jpg\",\"products\\/21-1.jpg\"]'),(151,9,NULL,NULL,13,5.00,'Cool template. Excellent code quality. The support responds very quickly, which is very rare on themeforest and codecanyon.net, I buy a lot of templates, and everyone will have a response from technical support for two or three days. Thanks to tech support. I recommend to buy.','published','2024-06-02 03:59:08','2024-06-02 03:59:08','[\"products\\/7.jpg\",\"products\\/9-1.jpg\"]'),(154,5,NULL,NULL,2,3.00,'I Love this Script. I also found how to add other fees. Now I just wait the BIG update for the Marketplace with the Bulk Import. Just do not forget to make it to be Multi-language for us the Botble Fans.','published','2024-06-02 03:59:08','2024-06-02 03:59:08','[\"products\\/16-6.jpg\"]'),(156,4,NULL,NULL,2,4.00,'We have received brilliant service support and will be expanding the features with the developer. Nice product!','published','2024-06-02 03:59:08','2024-06-02 03:59:08','[\"products\\/23-1.jpg\"]'),(159,1,NULL,NULL,19,1.00,'We have received brilliant service support and will be expanding the features with the developer. Nice product!','published','2024-06-02 03:59:08','2024-06-02 03:59:08','[\"products\\/5.jpg\",\"products\\/11-1.jpg\",\"products\\/18-1.jpg\"]'),(160,9,NULL,NULL,19,2.00,'Ok good product. I have some issues in customizations. But its not correct to blame the developer. The product is good. Good luck for your business.','published','2024-06-02 03:59:08','2024-06-02 03:59:08','[\"products\\/3-1.jpg\",\"products\\/9-1.jpg\"]'),(162,10,NULL,NULL,10,1.00,'The best store template! Excellent coding! Very good support! Thank you so much for all the help, I really appreciated.','published','2024-06-02 03:59:08','2024-06-02 03:59:08','[\"products\\/3-1.jpg\",\"products\\/8-1.jpg\"]'),(163,9,NULL,NULL,21,1.00,'The best ecommerce CMS! Excellent coding! best support service! Thank you so much..... I really like your hard work.','published','2024-06-02 03:59:08','2024-06-02 03:59:08','[\"products\\/3-1.jpg\",\"products\\/15.jpg\",\"products\\/16-2.jpg\",\"products\\/24-1.jpg\"]'),(165,5,NULL,NULL,14,3.00,'Ok good product. I have some issues in customizations. But its not correct to blame the developer. The product is good. Good luck for your business.','published','2024-06-02 03:59:08','2024-06-02 03:59:08','[\"products\\/10.jpg\"]'),(166,8,NULL,NULL,10,4.00,'The code is good, in general, if you like it, can you give it 5 stars?','published','2024-06-02 03:59:08','2024-06-02 03:59:08','[\"products\\/3-1.jpg\",\"products\\/17-1.jpg\"]'),(167,7,NULL,NULL,2,4.00,'As a developer I reviewed this script. This is really awesome ecommerce script. I have convinced when I noticed that it\'s built on fully WordPress concept.','published','2024-06-02 03:59:08','2024-06-02 03:59:08','[\"products\\/15-1.jpg\",\"products\\/16-3.jpg\",\"products\\/16-6.jpg\"]'),(169,6,NULL,NULL,9,3.00,'Great system, great support, good job Botble. I\'m looking forward to more great functional plugins.','published','2024-06-02 03:59:08','2024-06-02 03:59:08','[\"products\\/5-1.jpg\",\"products\\/6-1.jpg\"]'),(171,9,NULL,NULL,20,2.00,'I Love this Script. I also found how to add other fees. Now I just wait the BIG update for the Marketplace with the Bulk Import. Just do not forget to make it to be Multi-language for us the Botble Fans.','published','2024-06-02 03:59:08','2024-06-02 03:59:08','[\"products\\/8-1.jpg\",\"products\\/13-1.jpg\",\"products\\/18.jpg\",\"products\\/21.jpg\"]'),(172,1,NULL,NULL,8,5.00,'These guys are amazing! Responses immediately, amazing support and help... I immediately feel at ease after Purchasing..','published','2024-06-02 03:59:08','2024-06-02 03:59:08','[\"products\\/8-1.jpg\",\"products\\/18-1.jpg\"]'),(173,2,NULL,NULL,14,4.00,'Solution is too robust for our purpose so we didn\'t use it at the end. But I appreciate customer support during initial configuration.','published','2024-06-02 03:59:08','2024-06-02 03:59:08','[\"products\\/6-1.jpg\",\"products\\/17.jpg\"]'),(174,2,NULL,NULL,4,2.00,'Amazing code, amazing support. Overall, im really confident in Botble and im happy I made the right choice! Thank you so much guys for coding this masterpiece','published','2024-06-02 03:59:08','2024-06-02 03:59:08','[\"products\\/1.jpg\",\"products\\/17-1.jpg\",\"products\\/24.jpg\"]'),(183,1,NULL,NULL,5,3.00,'Cool template. Excellent code quality. The support responds very quickly, which is very rare on themeforest and codecanyon.net, I buy a lot of templates, and everyone will have a response from technical support for two or three days. Thanks to tech support. I recommend to buy.','published','2024-06-02 03:59:08','2024-06-02 03:59:08','[\"products\\/16-4.jpg\",\"products\\/16.jpg\"]'),(184,5,NULL,NULL,7,5.00,'Amazing code, amazing support. Overall, im really confident in Botble and im happy I made the right choice! Thank you so much guys for coding this masterpiece','published','2024-06-02 03:59:08','2024-06-02 03:59:08','[\"products\\/2.jpg\",\"products\\/12.jpg\"]'),(185,10,NULL,NULL,12,4.00,'Cool template. Excellent code quality. The support responds very quickly, which is very rare on themeforest and codecanyon.net, I buy a lot of templates, and everyone will have a response from technical support for two or three days. Thanks to tech support. I recommend to buy.','published','2024-06-02 03:59:08','2024-06-02 03:59:08','[\"products\\/4.jpg\",\"products\\/6.jpg\",\"products\\/9-1.jpg\",\"products\\/23-1.jpg\"]'),(186,7,NULL,NULL,5,2.00,'The code is good, in general, if you like it, can you give it 5 stars?','published','2024-06-02 03:59:08','2024-06-02 03:59:08','[\"products\\/11-1.jpg\",\"products\\/16-3.jpg\",\"products\\/20-1.jpg\",\"products\\/23.jpg\"]'),(187,7,NULL,NULL,8,1.00,'I Love this Script. I also found how to add other fees. Now I just wait the BIG update for the Marketplace with the Bulk Import. Just do not forget to make it to be Multi-language for us the Botble Fans.','published','2024-06-02 03:59:08','2024-06-02 03:59:08','[\"products\\/7-1.jpg\",\"products\\/14.jpg\",\"products\\/19.jpg\",\"products\\/24.jpg\"]'),(190,1,NULL,NULL,24,1.00,'This script is well coded and is super fast. The support is pretty quick. Very patient and helpful team. I strongly recommend it and they deserve more than 5 stars.','published','2024-06-02 03:59:08','2024-06-02 03:59:08','[\"products\\/3.jpg\",\"products\\/4-1.jpg\",\"products\\/8-1.jpg\"]'),(192,6,NULL,NULL,24,1.00,'Best ecommerce CMS online store!','published','2024-06-02 03:59:08','2024-06-02 03:59:08','[\"products\\/4-1.jpg\",\"products\\/8-1.jpg\",\"products\\/14-1.jpg\",\"products\\/21-1.jpg\"]'),(193,4,NULL,NULL,17,2.00,'These guys are amazing! Responses immediately, amazing support and help... I immediately feel at ease after Purchasing..','published','2024-06-02 03:59:08','2024-06-02 03:59:08','[\"products\\/22-1.jpg\"]'),(196,2,NULL,NULL,19,5.00,'We have received brilliant service support and will be expanding the features with the developer. Nice product!','published','2024-06-02 03:59:08','2024-06-02 03:59:08','[\"products\\/3-1.jpg\",\"products\\/4-1.jpg\",\"products\\/15.jpg\",\"products\\/21-1.jpg\"]'),(197,6,NULL,NULL,17,3.00,'The script is the best of its class, fast, easy to implement and work with , and the most important thing is the great support team , Recommend with no doubt.','published','2024-06-02 03:59:08','2024-06-02 03:59:08','[\"products\\/5.jpg\",\"products\\/17.jpg\",\"products\\/19-1.jpg\",\"products\\/19.jpg\"]'),(198,6,NULL,NULL,15,1.00,'Second or third time that I buy a Botble product, happy with the products and support. You guys do a good job :)','published','2024-06-02 03:59:08','2024-06-02 03:59:08','[\"products\\/1-1.jpg\",\"products\\/16-2.jpg\",\"products\\/16-4.jpg\"]'),(202,4,NULL,NULL,13,5.00,'As a developer I reviewed this script. This is really awesome ecommerce script. I have convinced when I noticed that it\'s built on fully WordPress concept.','published','2024-06-02 03:59:08','2024-06-02 03:59:08','[\"products\\/10.jpg\",\"products\\/16-5.jpg\"]'),(203,1,NULL,NULL,3,1.00,'It\'s not my first experience here on Codecanyon and I can honestly tell you all that Botble puts a LOT of effort into the support. They answer so fast, they helped me tons of times. REALLY by far THE BEST EXPERIENCE on Codecanyon. Those guys at Botble are so good that they deserve 5 stars. I recommend them, I trust them and I can\'t wait to see what they will sell in a near future. Thank you Botble :)','published','2024-06-02 03:59:08','2024-06-02 03:59:08','[\"products\\/1.jpg\",\"products\\/3.jpg\",\"products\\/14.jpg\"]'),(204,7,NULL,NULL,3,2.00,'It\'s not my first experience here on Codecanyon and I can honestly tell you all that Botble puts a LOT of effort into the support. They answer so fast, they helped me tons of times. REALLY by far THE BEST EXPERIENCE on Codecanyon. Those guys at Botble are so good that they deserve 5 stars. I recommend them, I trust them and I can\'t wait to see what they will sell in a near future. Thank you Botble :)','published','2024-06-02 03:59:08','2024-06-02 03:59:08','[\"products\\/1.jpg\",\"products\\/16-4.jpg\"]'),(205,9,NULL,NULL,7,4.00,'This script is well coded and is super fast. The support is pretty quick. Very patient and helpful team. I strongly recommend it and they deserve more than 5 stars.','published','2024-06-02 03:59:08','2024-06-02 03:59:08','[\"products\\/9-1.jpg\",\"products\\/21.jpg\"]'),(206,10,NULL,NULL,19,5.00,'Perfect +++++++++ i love it really also i get to fast ticket answers... Thanks Lot BOTBLE Teams','published','2024-06-02 03:59:08','2024-06-02 03:59:08','[\"products\\/1-1.jpg\",\"products\\/5-1.jpg\",\"products\\/9-1.jpg\",\"products\\/23-1.jpg\"]'),(213,7,NULL,NULL,23,1.00,'For me the best eCommerce script on Envato at this moment: modern, clean code, a lot of great features. The customer support is great too: I always get an answer within hours!','published','2024-06-02 03:59:08','2024-06-02 03:59:08','[\"products\\/10-1.jpg\",\"products\\/23-1.jpg\"]'),(214,2,NULL,NULL,3,1.00,'Perfect +++++++++ i love it really also i get to fast ticket answers... Thanks Lot BOTBLE Teams','published','2024-06-02 03:59:08','2024-06-02 03:59:08','[\"products\\/2.jpg\",\"products\\/8-1.jpg\",\"products\\/16-5.jpg\"]'),(215,6,NULL,NULL,18,5.00,'This web app is really good in design, code quality & features. Besides, the customer support provided by the Botble team was really fast & helpful. You guys are awesome!','published','2024-06-02 03:59:08','2024-06-02 03:59:08','[\"products\\/8-1.jpg\"]'),(219,8,NULL,NULL,22,1.00,'The code is good, in general, if you like it, can you give it 5 stars?','published','2024-06-02 03:59:08','2024-06-02 03:59:08','[\"products\\/3.jpg\",\"products\\/9-1.jpg\",\"products\\/12-1.jpg\",\"products\\/15.jpg\"]'),(220,10,NULL,NULL,3,5.00,'These guys are amazing! Responses immediately, amazing support and help... I immediately feel at ease after Purchasing..','published','2024-06-02 03:59:08','2024-06-02 03:59:08','[\"products\\/15-1.jpg\"]'),(224,1,NULL,NULL,16,3.00,'Those guys now what they are doing, the release such a good product that it\'s a pleasure to work with ! Even when I was stuck on the project, I created a ticket and the next day it was replied by the team. GOOD JOB guys. I love working with them :)','published','2024-06-02 03:59:08','2024-06-02 03:59:08','[\"products\\/9.jpg\",\"products\\/11.jpg\",\"products\\/14.jpg\",\"products\\/17.jpg\"]'),(225,10,NULL,NULL,4,5.00,'The best ecommerce CMS! Excellent coding! best support service! Thank you so much..... I really like your hard work.','published','2024-06-02 03:59:08','2024-06-02 03:59:08','[\"products\\/23-1.jpg\"]'),(228,5,NULL,NULL,4,5.00,'We have received brilliant service support and will be expanding the features with the developer. Nice product!','published','2024-06-02 03:59:08','2024-06-02 03:59:08','[\"products\\/14.jpg\"]'),(236,8,NULL,NULL,1,1.00,'Those guys now what they are doing, the release such a good product that it\'s a pleasure to work with ! Even when I was stuck on the project, I created a ticket and the next day it was replied by the team. GOOD JOB guys. I love working with them :)','published','2024-06-02 03:59:08','2024-06-02 03:59:08','[\"products\\/4-1.jpg\",\"products\\/16-6.jpg\",\"products\\/22.jpg\"]'),(238,5,NULL,NULL,5,4.00,'Perfect +++++++++ i love it really also i get to fast ticket answers... Thanks Lot BOTBLE Teams','published','2024-06-02 03:59:08','2024-06-02 03:59:08','[\"products\\/13-1.jpg\",\"products\\/21-1.jpg\",\"products\\/22-1.jpg\"]'),(245,4,NULL,NULL,19,1.00,'Solution is too robust for our purpose so we didn\'t use it at the end. But I appreciate customer support during initial configuration.','published','2024-06-02 03:59:08','2024-06-02 03:59:08','[\"products\\/5.jpg\"]'),(247,2,NULL,NULL,8,4.00,'Customer Support are grade (A*), however the code is a way too over engineered for it\'s purpose.','published','2024-06-02 03:59:08','2024-06-02 03:59:08','[\"products\\/10.jpg\",\"products\\/11-1.jpg\",\"products\\/23.jpg\"]'),(248,10,NULL,NULL,8,5.00,'Customer Support are grade (A*), however the code is a way too over engineered for it\'s purpose.','published','2024-06-02 03:59:08','2024-06-02 03:59:08','[\"products\\/10.jpg\",\"products\\/18-1.jpg\",\"products\\/21-1.jpg\",\"products\\/24-1.jpg\"]'),(249,2,NULL,NULL,11,4.00,'Clean & perfect source code','published','2024-06-02 03:59:08','2024-06-02 03:59:08','[\"products\\/8.jpg\",\"products\\/9.jpg\"]'),(250,1,NULL,NULL,23,4.00,'We have received brilliant service support and will be expanding the features with the developer. Nice product!','published','2024-06-02 03:59:08','2024-06-02 03:59:08','[\"products\\/12-1.jpg\"]'),(252,8,NULL,NULL,12,2.00,'Very enthusiastic support! Excellent code is written. It\'s a true pleasure working with.','published','2024-06-02 03:59:08','2024-06-02 03:59:08','[\"products\\/21.jpg\",\"products\\/23.jpg\"]'),(254,1,NULL,NULL,2,4.00,'This script is well coded and is super fast. The support is pretty quick. Very patient and helpful team. I strongly recommend it and they deserve more than 5 stars.','published','2024-06-02 03:59:08','2024-06-02 03:59:08','[\"products\\/1-1.jpg\",\"products\\/16-5.jpg\",\"products\\/20.jpg\"]'),(258,9,NULL,NULL,15,1.00,'This script is well coded and is super fast. The support is pretty quick. Very patient and helpful team. I strongly recommend it and they deserve more than 5 stars.','published','2024-06-02 03:59:08','2024-06-02 03:59:08','[\"products\\/1.jpg\",\"products\\/6-1.jpg\"]'),(260,8,NULL,NULL,2,4.00,'Cool template. Excellent code quality. The support responds very quickly, which is very rare on themeforest and codecanyon.net, I buy a lot of templates, and everyone will have a response from technical support for two or three days. Thanks to tech support. I recommend to buy.','published','2024-06-02 03:59:08','2024-06-02 03:59:08','[\"products\\/24.jpg\"]'),(269,6,NULL,NULL,20,1.00,'Great E-commerce system. And much more : Wonderful Customer Support.','published','2024-06-02 03:59:08','2024-06-02 03:59:08','[\"products\\/5.jpg\"]'),(270,8,NULL,NULL,16,2.00,'These guys are amazing! Responses immediately, amazing support and help... I immediately feel at ease after Purchasing..','published','2024-06-02 03:59:08','2024-06-02 03:59:08','[\"products\\/4.jpg\",\"products\\/16-1.jpg\",\"products\\/21.jpg\"]'),(272,3,NULL,NULL,7,5.00,'Cool template. Excellent code quality. The support responds very quickly, which is very rare on themeforest and codecanyon.net, I buy a lot of templates, and everyone will have a response from technical support for two or three days. Thanks to tech support. I recommend to buy.','published','2024-06-02 03:59:08','2024-06-02 03:59:08','[\"products\\/5.jpg\",\"products\\/7-1.jpg\"]'),(278,8,NULL,NULL,9,1.00,'Best ecommerce CMS online store!','published','2024-06-02 03:59:08','2024-06-02 03:59:08','[\"products\\/2.jpg\",\"products\\/9-1.jpg\",\"products\\/24.jpg\"]'),(279,10,NULL,NULL,16,1.00,'Very enthusiastic support! Excellent code is written. It\'s a true pleasure working with.','published','2024-06-02 03:59:08','2024-06-02 03:59:08','[\"products\\/8-1.jpg\",\"products\\/14-1.jpg\",\"products\\/16-6.jpg\"]'),(281,9,NULL,NULL,24,1.00,'The best ecommerce CMS! Excellent coding! best support service! Thank you so much..... I really like your hard work.','published','2024-06-02 03:59:08','2024-06-02 03:59:08','[\"products\\/5-1.jpg\",\"products\\/14-1.jpg\",\"products\\/16.jpg\",\"products\\/18.jpg\"]'),(282,6,NULL,NULL,13,2.00,'I Love this Script. I also found how to add other fees. Now I just wait the BIG update for the Marketplace with the Bulk Import. Just do not forget to make it to be Multi-language for us the Botble Fans.','published','2024-06-02 03:59:08','2024-06-02 03:59:08','[\"products\\/13.jpg\",\"products\\/23-1.jpg\"]'),(283,3,NULL,NULL,14,4.00,'The best store template! Excellent coding! Very good support! Thank you so much for all the help, I really appreciated.','published','2024-06-02 03:59:08','2024-06-02 03:59:08','[\"products\\/10-1.jpg\",\"products\\/16-4.jpg\",\"products\\/21.jpg\"]'),(290,1,NULL,NULL,17,2.00,'Good app, good backup service and support. Good documentation.','published','2024-06-02 03:59:08','2024-06-02 03:59:08','[\"products\\/7-1.jpg\",\"products\\/14-1.jpg\",\"products\\/17.jpg\"]'),(291,7,NULL,NULL,22,4.00,'The code is good, in general, if you like it, can you give it 5 stars?','published','2024-06-02 03:59:08','2024-06-02 03:59:08','[\"products\\/3.jpg\",\"products\\/10.jpg\",\"products\\/12-1.jpg\",\"products\\/16-2.jpg\"]'),(292,10,NULL,NULL,22,2.00,'Good app, good backup service and support. Good documentation.','published','2024-06-02 03:59:08','2024-06-02 03:59:08','[\"products\\/15.jpg\",\"products\\/17.jpg\",\"products\\/23-1.jpg\",\"products\\/24-1.jpg\"]'),(310,2,NULL,NULL,15,3.00,'Best ecommerce CMS online store!','published','2024-06-02 03:59:08','2024-06-02 03:59:08','[\"products\\/3.jpg\",\"products\\/5-1.jpg\",\"products\\/10-1.jpg\",\"products\\/16-3.jpg\"]'),(321,9,NULL,NULL,8,4.00,'The best store template! Excellent coding! Very good support! Thank you so much for all the help, I really appreciated.','published','2024-06-02 03:59:08','2024-06-02 03:59:08','[\"products\\/10-1.jpg\",\"products\\/13-1.jpg\",\"products\\/15.jpg\"]'),(324,7,NULL,NULL,16,5.00,'Second or third time that I buy a Botble product, happy with the products and support. You guys do a good job :)','published','2024-06-02 03:59:08','2024-06-02 03:59:08','[\"products\\/6.jpg\",\"products\\/16.jpg\",\"products\\/21.jpg\"]'),(327,6,NULL,NULL,11,2.00,'We have received brilliant service support and will be expanding the features with the developer. Nice product!','published','2024-06-02 03:59:08','2024-06-02 03:59:08','[\"products\\/11.jpg\",\"products\\/12-1.jpg\",\"products\\/16-2.jpg\",\"products\\/16-6.jpg\"]'),(329,4,NULL,NULL,4,1.00,'Customer Support are grade (A*), however the code is a way too over engineered for it\'s purpose.','published','2024-06-02 03:59:08','2024-06-02 03:59:08','[\"products\\/4.jpg\",\"products\\/16-1.jpg\",\"products\\/19-1.jpg\",\"products\\/20.jpg\"]'),(330,4,NULL,NULL,15,3.00,'These guys are amazing! Responses immediately, amazing support and help... I immediately feel at ease after Purchasing..','published','2024-06-02 03:59:08','2024-06-02 03:59:08','[\"products\\/16-1.jpg\",\"products\\/17.jpg\",\"products\\/23-1.jpg\",\"products\\/24.jpg\"]'),(331,9,NULL,NULL,1,1.00,'The code is good, in general, if you like it, can you give it 5 stars?','published','2024-06-02 03:59:08','2024-06-02 03:59:08','[\"products\\/2-1.jpg\"]'),(332,2,NULL,NULL,1,2.00,'Ok good product. I have some issues in customizations. But its not correct to blame the developer. The product is good. Good luck for your business.','published','2024-06-02 03:59:08','2024-06-02 03:59:08','[\"products\\/16.jpg\"]'),(346,3,NULL,NULL,2,4.00,'The code is good, in general, if you like it, can you give it 5 stars?','published','2024-06-02 03:59:08','2024-06-02 03:59:08','[\"products\\/9-1.jpg\",\"products\\/15.jpg\"]'),(347,3,NULL,NULL,6,4.00,'These guys are amazing! Responses immediately, amazing support and help... I immediately feel at ease after Purchasing..','published','2024-06-02 03:59:08','2024-06-02 03:59:08','[\"products\\/23-1.jpg\"]'),(348,9,NULL,NULL,14,4.00,'Perfect +++++++++ i love it really also i get to fast ticket answers... Thanks Lot BOTBLE Teams','published','2024-06-02 03:59:08','2024-06-02 03:59:08','[\"products\\/11-1.jpg\",\"products\\/11.jpg\"]'),(349,6,NULL,NULL,19,5.00,'Ok good product. I have some issues in customizations. But its not correct to blame the developer. The product is good. Good luck for your business.','published','2024-06-02 03:59:08','2024-06-02 03:59:08','[\"products\\/8-1.jpg\"]'),(352,3,NULL,NULL,9,4.00,'The code is good, in general, if you like it, can you give it 5 stars?','published','2024-06-02 03:59:08','2024-06-02 03:59:08','[\"products\\/6.jpg\",\"products\\/16-2.jpg\",\"products\\/18-1.jpg\",\"products\\/21.jpg\"]'),(363,8,NULL,NULL,18,4.00,'Ok good product. I have some issues in customizations. But its not correct to blame the developer. The product is good. Good luck for your business.','published','2024-06-02 03:59:08','2024-06-02 03:59:08','[\"products\\/13-1.jpg\",\"products\\/16-6.jpg\"]'),(364,4,NULL,NULL,24,4.00,'Best ecommerce CMS online store!','published','2024-06-02 03:59:08','2024-06-02 03:59:08','[\"products\\/2.jpg\",\"products\\/7.jpg\",\"products\\/16-2.jpg\",\"products\\/22.jpg\"]'),(375,5,NULL,NULL,16,4.00,'Cool template. Excellent code quality. The support responds very quickly, which is very rare on themeforest and codecanyon.net, I buy a lot of templates, and everyone will have a response from technical support for two or three days. Thanks to tech support. I recommend to buy.','published','2024-06-02 03:59:08','2024-06-02 03:59:08','[\"products\\/18-1.jpg\",\"products\\/19.jpg\",\"products\\/23-1.jpg\",\"products\\/24.jpg\"]'),(380,5,NULL,NULL,11,2.00,'Amazing code, amazing support. Overall, im really confident in Botble and im happy I made the right choice! Thank you so much guys for coding this masterpiece','published','2024-06-02 03:59:08','2024-06-02 03:59:08','[\"products\\/18-1.jpg\"]'),(382,5,NULL,NULL,13,2.00,'This web app is really good in design, code quality & features. Besides, the customer support provided by the Botble team was really fast & helpful. You guys are awesome!','published','2024-06-02 03:59:08','2024-06-02 03:59:08','[\"products\\/8-1.jpg\",\"products\\/16-3.jpg\",\"products\\/19.jpg\"]'),(386,6,NULL,NULL,10,1.00,'We have received brilliant service support and will be expanding the features with the developer. Nice product!','published','2024-06-02 03:59:08','2024-06-02 03:59:08','[\"products\\/9.jpg\",\"products\\/16-3.jpg\"]'),(389,8,NULL,NULL,3,2.00,'Clean & perfect source code','published','2024-06-02 03:59:08','2024-06-02 03:59:08','[\"products\\/2-1.jpg\"]'),(390,6,NULL,NULL,4,5.00,'The script is the best of its class, fast, easy to implement and work with , and the most important thing is the great support team , Recommend with no doubt.','published','2024-06-02 03:59:08','2024-06-02 03:59:08','[\"products\\/1-1.jpg\",\"products\\/9.jpg\",\"products\\/16-4.jpg\",\"products\\/20-1.jpg\"]'),(408,5,NULL,NULL,6,3.00,'As a developer I reviewed this script. This is really awesome ecommerce script. I have convinced when I noticed that it\'s built on fully WordPress concept.','published','2024-06-02 03:59:08','2024-06-02 03:59:08','[\"products\\/4-1.jpg\",\"products\\/7-1.jpg\",\"products\\/18-1.jpg\"]'),(410,9,NULL,NULL,6,1.00,'The best ecommerce CMS! Excellent coding! best support service! Thank you so much..... I really like your hard work.','published','2024-06-02 03:59:08','2024-06-02 03:59:08','[\"products\\/3-1.jpg\",\"products\\/15.jpg\"]'),(415,8,NULL,NULL,8,4.00,'These guys are amazing! Responses immediately, amazing support and help... I immediately feel at ease after Purchasing..','published','2024-06-02 03:59:08','2024-06-02 03:59:08','[\"products\\/16-3.jpg\",\"products\\/21-1.jpg\",\"products\\/24-1.jpg\"]'),(428,5,NULL,NULL,24,1.00,'I Love this Script. I also found how to add other fees. Now I just wait the BIG update for the Marketplace with the Bulk Import. Just do not forget to make it to be Multi-language for us the Botble Fans.','published','2024-06-02 03:59:08','2024-06-02 03:59:08','[\"products\\/1.jpg\"]'),(430,6,NULL,NULL,2,1.00,'These guys are amazing! Responses immediately, amazing support and help... I immediately feel at ease after Purchasing..','published','2024-06-02 03:59:08','2024-06-02 03:59:08','[\"products\\/1.jpg\",\"products\\/2-1.jpg\",\"products\\/20-1.jpg\"]'),(437,8,NULL,NULL,21,3.00,'Best ecommerce CMS online store!','published','2024-06-02 03:59:08','2024-06-02 03:59:08','[\"products\\/20.jpg\"]'),(439,6,NULL,NULL,16,2.00,'Those guys now what they are doing, the release such a good product that it\'s a pleasure to work with ! Even when I was stuck on the project, I created a ticket and the next day it was replied by the team. GOOD JOB guys. I love working with them :)','published','2024-06-02 03:59:08','2024-06-02 03:59:08','[\"products\\/8.jpg\"]'),(440,7,NULL,NULL,7,1.00,'Those guys now what they are doing, the release such a good product that it\'s a pleasure to work with ! Even when I was stuck on the project, I created a ticket and the next day it was replied by the team. GOOD JOB guys. I love working with them :)','published','2024-06-02 03:59:08','2024-06-02 03:59:08','[\"products\\/21.jpg\",\"products\\/22-1.jpg\"]'),(452,3,NULL,NULL,17,3.00,'It\'s not my first experience here on Codecanyon and I can honestly tell you all that Botble puts a LOT of effort into the support. They answer so fast, they helped me tons of times. REALLY by far THE BEST EXPERIENCE on Codecanyon. Those guys at Botble are so good that they deserve 5 stars. I recommend them, I trust them and I can\'t wait to see what they will sell in a near future. Thank you Botble :)','published','2024-06-02 03:59:08','2024-06-02 03:59:08','[\"products\\/4-1.jpg\",\"products\\/16-2.jpg\"]'),(456,9,NULL,NULL,17,1.00,'As a developer I reviewed this script. This is really awesome ecommerce script. I have convinced when I noticed that it\'s built on fully WordPress concept.','published','2024-06-02 03:59:08','2024-06-02 03:59:08','[\"products\\/1.jpg\",\"products\\/4.jpg\",\"products\\/14.jpg\"]'),(461,7,NULL,NULL,14,4.00,'Ok good product. I have some issues in customizations. But its not correct to blame the developer. The product is good. Good luck for your business.','published','2024-06-02 03:59:08','2024-06-02 03:59:08','[\"products\\/10-1.jpg\"]'),(464,7,NULL,NULL,21,1.00,'The best store template! Excellent coding! Very good support! Thank you so much for all the help, I really appreciated.','published','2024-06-02 03:59:08','2024-06-02 03:59:08','[\"products\\/8-1.jpg\",\"products\\/15-1.jpg\",\"products\\/15.jpg\",\"products\\/19-1.jpg\"]'),(476,3,NULL,NULL,4,5.00,'Best ecommerce CMS online store!','published','2024-06-02 03:59:08','2024-06-02 03:59:08','[\"products\\/4.jpg\",\"products\\/7.jpg\",\"products\\/15.jpg\"]'),(480,3,NULL,NULL,13,1.00,'Second or third time that I buy a Botble product, happy with the products and support. You guys do a good job :)','published','2024-06-02 03:59:08','2024-06-02 03:59:08','[\"products\\/15.jpg\",\"products\\/17-1.jpg\",\"products\\/23-1.jpg\"]'),(482,8,NULL,NULL,14,3.00,'Ok good product. I have some issues in customizations. But its not correct to blame the developer. The product is good. Good luck for your business.','published','2024-06-02 03:59:08','2024-06-02 03:59:08','[\"products\\/4.jpg\",\"products\\/23-1.jpg\"]'),(484,1,NULL,NULL,6,1.00,'Cool template. Excellent code quality. The support responds very quickly, which is very rare on themeforest and codecanyon.net, I buy a lot of templates, and everyone will have a response from technical support for two or three days. Thanks to tech support. I recommend to buy.','published','2024-06-02 03:59:08','2024-06-02 03:59:08','[\"products\\/4.jpg\",\"products\\/7-1.jpg\",\"products\\/16-6.jpg\"]'),(485,2,NULL,NULL,5,2.00,'Good app, good backup service and support. Good documentation.','published','2024-06-02 03:59:08','2024-06-02 03:59:08','[\"products\\/3-1.jpg\",\"products\\/5-1.jpg\",\"products\\/17-1.jpg\",\"products\\/24.jpg\"]'),(486,4,NULL,NULL,5,3.00,'Perfect +++++++++ i love it really also i get to fast ticket answers... Thanks Lot BOTBLE Teams','published','2024-06-02 03:59:08','2024-06-02 03:59:08','[\"products\\/16-4.jpg\"]'),(487,2,NULL,NULL,7,3.00,'These guys are amazing! Responses immediately, amazing support and help... I immediately feel at ease after Purchasing..','published','2024-06-02 03:59:08','2024-06-02 03:59:08','[\"products\\/11-1.jpg\",\"products\\/12.jpg\",\"products\\/18-1.jpg\"]'),(507,1,NULL,NULL,7,1.00,'Those guys now what they are doing, the release such a good product that it\'s a pleasure to work with ! Even when I was stuck on the project, I created a ticket and the next day it was replied by the team. GOOD JOB guys. I love working with them :)','published','2024-06-02 03:59:08','2024-06-02 03:59:08','[\"products\\/16-4.jpg\",\"products\\/21-1.jpg\"]'),(511,7,NULL,NULL,12,1.00,'The best ecommerce CMS! Excellent coding! best support service! Thank you so much..... I really like your hard work.','published','2024-06-02 03:59:08','2024-06-02 03:59:08','[\"products\\/10-1.jpg\",\"products\\/12.jpg\",\"products\\/14.jpg\",\"products\\/16-2.jpg\"]'),(527,3,NULL,NULL,8,1.00,'The best ecommerce CMS! Excellent coding! best support service! Thank you so much..... I really like your hard work.','published','2024-06-02 03:59:08','2024-06-02 03:59:08','[\"products\\/14.jpg\",\"products\\/16.jpg\"]'),(531,9,NULL,NULL,3,1.00,'Ok good product. I have some issues in customizations. But its not correct to blame the developer. The product is good. Good luck for your business.','published','2024-06-02 03:59:08','2024-06-02 03:59:08','[\"products\\/2-1.jpg\",\"products\\/5.jpg\",\"products\\/12.jpg\"]'),(543,8,NULL,NULL,15,3.00,'Very enthusiastic support! Excellent code is written. It\'s a true pleasure working with.','published','2024-06-02 03:59:08','2024-06-02 03:59:08','[\"products\\/7-1.jpg\"]'),(551,10,NULL,NULL,23,4.00,'Second or third time that I buy a Botble product, happy with the products and support. You guys do a good job :)','published','2024-06-02 03:59:08','2024-06-02 03:59:08','[\"products\\/2-1.jpg\",\"products\\/14-1.jpg\",\"products\\/20.jpg\",\"products\\/22-1.jpg\"]'),(553,5,NULL,NULL,9,5.00,'Amazing code, amazing support. Overall, im really confident in Botble and im happy I made the right choice! Thank you so much guys for coding this masterpiece','published','2024-06-02 03:59:08','2024-06-02 03:59:08','[\"products\\/2.jpg\",\"products\\/7-1.jpg\",\"products\\/11-1.jpg\",\"products\\/14-1.jpg\"]'),(579,6,NULL,NULL,14,3.00,'Great system, great support, good job Botble. I\'m looking forward to more great functional plugins.','published','2024-06-02 03:59:08','2024-06-02 03:59:08','[\"products\\/3-1.jpg\",\"products\\/17.jpg\",\"products\\/21.jpg\"]'),(581,1,NULL,NULL,18,1.00,'Solution is too robust for our purpose so we didn\'t use it at the end. But I appreciate customer support during initial configuration.','published','2024-06-02 03:59:08','2024-06-02 03:59:08','[\"products\\/14.jpg\",\"products\\/19.jpg\",\"products\\/22.jpg\"]'),(627,6,NULL,NULL,1,5.00,'We have received brilliant service support and will be expanding the features with the developer. Nice product!','published','2024-06-02 03:59:08','2024-06-02 03:59:08','[\"products\\/2.jpg\",\"products\\/8.jpg\",\"products\\/18-1.jpg\"]'),(653,9,NULL,NULL,18,1.00,'Very enthusiastic support! Excellent code is written. It\'s a true pleasure working with.','published','2024-06-02 03:59:08','2024-06-02 03:59:08','[\"products\\/4.jpg\",\"products\\/15.jpg\",\"products\\/16-3.jpg\",\"products\\/18-1.jpg\"]'),(706,3,NULL,NULL,11,5.00,'This web app is really good in design, code quality & features. Besides, the customer support provided by the Botble team was really fast & helpful. You guys are awesome!','published','2024-06-02 03:59:08','2024-06-02 03:59:08','[\"products\\/12.jpg\"]'),(721,10,NULL,NULL,15,2.00,'Very enthusiastic support! Excellent code is written. It\'s a true pleasure working with.','published','2024-06-02 03:59:08','2024-06-02 03:59:08','[\"products\\/1.jpg\",\"products\\/23-1.jpg\"]'),(736,5,NULL,NULL,8,1.00,'Great system, great support, good job Botble. I\'m looking forward to more great functional plugins.','published','2024-06-02 03:59:08','2024-06-02 03:59:08','[\"products\\/16-1.jpg\",\"products\\/17-1.jpg\"]'),(737,8,NULL,NULL,6,4.00,'Second or third time that I buy a Botble product, happy with the products and support. You guys do a good job :)','published','2024-06-02 03:59:08','2024-06-02 03:59:08','[\"products\\/21.jpg\",\"products\\/24-1.jpg\"]'),(742,4,NULL,NULL,6,3.00,'The code is good, in general, if you like it, can you give it 5 stars?','published','2024-06-02 03:59:08','2024-06-02 03:59:08','[\"products\\/1.jpg\",\"products\\/4.jpg\",\"products\\/8-1.jpg\",\"products\\/20-1.jpg\"]'),(789,8,NULL,NULL,19,5.00,'Best ecommerce CMS online store!','published','2024-06-02 03:59:08','2024-06-02 03:59:08','[\"products\\/2.jpg\",\"products\\/20-1.jpg\"]'),(808,7,NULL,NULL,10,4.00,'This web app is really good in design, code quality & features. Besides, the customer support provided by the Botble team was really fast & helpful. You guys are awesome!','published','2024-06-02 03:59:08','2024-06-02 03:59:08','[\"products\\/1.jpg\",\"products\\/2.jpg\"]'),(820,2,NULL,NULL,2,1.00,'The best ecommerce CMS! Excellent coding! best support service! Thank you so much..... I really like your hard work.','published','2024-06-02 03:59:08','2024-06-02 03:59:08','[\"products\\/10-1.jpg\"]'),(824,8,NULL,NULL,4,3.00,'Cool template. Excellent code quality. The support responds very quickly, which is very rare on themeforest and codecanyon.net, I buy a lot of templates, and everyone will have a response from technical support for two or three days. Thanks to tech support. I recommend to buy.','published','2024-06-02 03:59:08','2024-06-02 03:59:08','[\"products\\/17-1.jpg\",\"products\\/19-1.jpg\",\"products\\/24-1.jpg\",\"products\\/24.jpg\"]'),(869,7,NULL,NULL,17,2.00,'Solution is too robust for our purpose so we didn\'t use it at the end. But I appreciate customer support during initial configuration.','published','2024-06-02 03:59:08','2024-06-02 03:59:08','[\"products\\/5-1.jpg\",\"products\\/15-1.jpg\",\"products\\/16.jpg\"]'),(923,6,NULL,NULL,3,1.00,'Very enthusiastic support! Excellent code is written. It\'s a true pleasure working with.','published','2024-06-02 03:59:08','2024-06-02 03:59:08','[\"products\\/18.jpg\"]'),(982,9,NULL,NULL,9,4.00,'This script is well coded and is super fast. The support is pretty quick. Very patient and helpful team. I strongly recommend it and they deserve more than 5 stars.','published','2024-06-02 03:59:08','2024-06-02 03:59:08','[\"products\\/3-1.jpg\",\"products\\/7-1.jpg\",\"products\\/10.jpg\",\"products\\/13.jpg\"]'),(994,2,NULL,NULL,17,3.00,'Clean & perfect source code','published','2024-06-02 03:59:08','2024-06-02 03:59:08','[\"products\\/16-1.jpg\",\"products\\/16-5.jpg\",\"products\\/16-6.jpg\"]'),(997,3,NULL,NULL,22,2.00,'The script is the best of its class, fast, easy to implement and work with , and the most important thing is the great support team , Recommend with no doubt.','published','2024-06-02 03:59:08','2024-06-02 03:59:08','[\"products\\/10.jpg\",\"products\\/16-3.jpg\"]');

--
-- Table structure for table `ec_shipment_histories`
--

CREATE TABLE `ec_shipment_histories` (
  `id` bigint unsigned NOT NULL AUTO_INCREMENT,
  `action` varchar(120) COLLATE utf8mb4_unicode_ci NOT NULL,
  `description` varchar(400) COLLATE utf8mb4_unicode_ci DEFAULT NULL,
  `user_id` bigint unsigned DEFAULT NULL,
  `shipment_id` bigint unsigned NOT NULL,
  `order_id` bigint unsigned NOT NULL,
  `created_at` timestamp NULL DEFAULT NULL,
  `updated_at` timestamp NULL DEFAULT NULL,
  `user_type` varchar(191) COLLATE utf8mb4_unicode_ci NOT NULL DEFAULT 'Botble\\ACL\\Models\\User',
  PRIMARY KEY (`id`)
) ENGINE=InnoDB DEFAULT CHARSET=utf8mb4 COLLATE=utf8mb4_unicode_ci;

--
-- Dumping data for table `ec_shipment_histories`
--


--
-- Table structure for table `ec_shipments`
--

CREATE TABLE `ec_shipments` (
  `id` bigint unsigned NOT NULL AUTO_INCREMENT,
  `order_id` bigint unsigned NOT NULL,
  `user_id` bigint unsigned DEFAULT NULL,
  `weight` double(8,2) DEFAULT '0.00',
  `shipment_id` varchar(120) COLLATE utf8mb4_unicode_ci DEFAULT NULL,
  `rate_id` varchar(120) COLLATE utf8mb4_unicode_ci DEFAULT NULL,
  `note` varchar(120) COLLATE utf8mb4_unicode_ci DEFAULT NULL,
  `status` varchar(120) COLLATE utf8mb4_unicode_ci NOT NULL DEFAULT 'pending',
  `cod_amount` decimal(15,2) DEFAULT '0.00',
  `cod_status` varchar(60) COLLATE utf8mb4_unicode_ci NOT NULL DEFAULT 'pending',
  `cross_checking_status` varchar(60) COLLATE utf8mb4_unicode_ci NOT NULL DEFAULT 'pending',
  `price` decimal(15,2) DEFAULT '0.00',
  `store_id` bigint unsigned DEFAULT NULL,
  `created_at` timestamp NULL DEFAULT NULL,
  `updated_at` timestamp NULL DEFAULT NULL,
  `tracking_id` varchar(191) COLLATE utf8mb4_unicode_ci DEFAULT NULL,
  `shipping_company_name` varchar(191) COLLATE utf8mb4_unicode_ci DEFAULT NULL,
  `tracking_link` varchar(191) COLLATE utf8mb4_unicode_ci DEFAULT NULL,
  `estimate_date_shipped` datetime DEFAULT NULL,
  `date_shipped` datetime DEFAULT NULL,
  `label_url` text COLLATE utf8mb4_unicode_ci,
  `metadata` mediumtext COLLATE utf8mb4_unicode_ci,
  PRIMARY KEY (`id`)
) ENGINE=InnoDB DEFAULT CHARSET=utf8mb4 COLLATE=utf8mb4_unicode_ci;

--
-- Dumping data for table `ec_shipments`
--


--
-- Table structure for table `ec_shipping`
--

CREATE TABLE `ec_shipping` (
  `id` bigint unsigned NOT NULL AUTO_INCREMENT,
  `title` varchar(191) COLLATE utf8mb4_unicode_ci DEFAULT NULL,
  `country` varchar(120) COLLATE utf8mb4_unicode_ci DEFAULT NULL,
  `created_at` timestamp NULL DEFAULT NULL,
  `updated_at` timestamp NULL DEFAULT NULL,
  PRIMARY KEY (`id`)
) ENGINE=InnoDB AUTO_INCREMENT=2 DEFAULT CHARSET=utf8mb4 COLLATE=utf8mb4_unicode_ci;

--
-- Dumping data for table `ec_shipping`
--

INSERT INTO `ec_shipping` VALUES (1,'All',NULL,'2024-06-02 03:59:08','2024-06-02 03:59:08');

--
-- Table structure for table `ec_shipping_rule_items`
--

CREATE TABLE `ec_shipping_rule_items` (
  `id` bigint unsigned NOT NULL AUTO_INCREMENT,
  `shipping_rule_id` bigint unsigned NOT NULL,
  `country` varchar(120) COLLATE utf8mb4_unicode_ci DEFAULT NULL,
  `state` varchar(120) COLLATE utf8mb4_unicode_ci DEFAULT NULL,
  `city` varchar(120) COLLATE utf8mb4_unicode_ci DEFAULT NULL,
  `zip_code` varchar(20) COLLATE utf8mb4_unicode_ci DEFAULT NULL,
  `adjustment_price` decimal(15,2) DEFAULT '0.00',
  `is_enabled` tinyint(1) NOT NULL DEFAULT '1',
  `created_at` timestamp NULL DEFAULT NULL,
  `updated_at` timestamp NULL DEFAULT NULL,
  PRIMARY KEY (`id`)
) ENGINE=InnoDB DEFAULT CHARSET=utf8mb4 COLLATE=utf8mb4_unicode_ci;

--
-- Dumping data for table `ec_shipping_rule_items`
--


--
-- Table structure for table `ec_shipping_rules`
--

CREATE TABLE `ec_shipping_rules` (
  `id` bigint unsigned NOT NULL AUTO_INCREMENT,
  `name` varchar(120) COLLATE utf8mb4_unicode_ci NOT NULL,
  `shipping_id` bigint unsigned NOT NULL,
  `type` varchar(24) COLLATE utf8mb4_unicode_ci DEFAULT 'based_on_price',
  `from` decimal(15,2) DEFAULT '0.00',
  `to` decimal(15,2) DEFAULT '0.00',
  `price` decimal(15,2) DEFAULT '0.00',
  `created_at` timestamp NULL DEFAULT NULL,
  `updated_at` timestamp NULL DEFAULT NULL,
  PRIMARY KEY (`id`)
) ENGINE=InnoDB AUTO_INCREMENT=2 DEFAULT CHARSET=utf8mb4 COLLATE=utf8mb4_unicode_ci;

--
-- Dumping data for table `ec_shipping_rules`
--

INSERT INTO `ec_shipping_rules` VALUES (1,'Free delivery',1,'based_on_price',0.00,NULL,0.00,'2024-06-02 03:59:08','2024-06-02 03:59:08');

--
-- Table structure for table `ec_store_locators`
--

CREATE TABLE `ec_store_locators` (
  `id` bigint unsigned NOT NULL AUTO_INCREMENT,
  `name` varchar(60) COLLATE utf8mb4_unicode_ci NOT NULL,
  `email` varchar(60) COLLATE utf8mb4_unicode_ci DEFAULT NULL,
  `phone` varchar(20) COLLATE utf8mb4_unicode_ci NOT NULL,
  `address` varchar(191) COLLATE utf8mb4_unicode_ci NOT NULL,
  `country` varchar(120) COLLATE utf8mb4_unicode_ci DEFAULT NULL,
  `state` varchar(120) COLLATE utf8mb4_unicode_ci DEFAULT NULL,
  `city` varchar(120) COLLATE utf8mb4_unicode_ci DEFAULT NULL,
  `is_primary` tinyint(1) DEFAULT '0',
  `is_shipping_location` tinyint(1) DEFAULT '1',
  `created_at` timestamp NULL DEFAULT NULL,
  `updated_at` timestamp NULL DEFAULT NULL,
  `zip_code` varchar(20) COLLATE utf8mb4_unicode_ci DEFAULT NULL,
  PRIMARY KEY (`id`)
) ENGINE=InnoDB AUTO_INCREMENT=2 DEFAULT CHARSET=utf8mb4 COLLATE=utf8mb4_unicode_ci;

--
-- Dumping data for table `ec_store_locators`
--

INSERT INTO `ec_store_locators` VALUES (1,'Nest','sales@botble.com','18006268','North Link Building, 10 Admiralty Street','SG','Singapore','Singapore',1,1,'2024-06-02 03:59:08','2024-06-02 03:59:08',NULL);

--
-- Table structure for table `ec_tax_products`
--

CREATE TABLE `ec_tax_products` (
  `tax_id` bigint unsigned NOT NULL,
  `product_id` bigint unsigned NOT NULL,
  PRIMARY KEY (`product_id`,`tax_id`),
  KEY `ec_tax_products_tax_id_index` (`tax_id`),
  KEY `ec_tax_products_product_id_index` (`product_id`)
) ENGINE=InnoDB DEFAULT CHARSET=utf8mb4 COLLATE=utf8mb4_unicode_ci;

--
-- Dumping data for table `ec_tax_products`
--


--
-- Table structure for table `ec_tax_rules`
--

CREATE TABLE `ec_tax_rules` (
  `id` bigint unsigned NOT NULL AUTO_INCREMENT,
  `tax_id` bigint unsigned NOT NULL,
  `country` varchar(120) COLLATE utf8mb4_unicode_ci DEFAULT NULL,
  `state` varchar(120) COLLATE utf8mb4_unicode_ci DEFAULT NULL,
  `city` varchar(120) COLLATE utf8mb4_unicode_ci DEFAULT NULL,
  `zip_code` varchar(20) COLLATE utf8mb4_unicode_ci DEFAULT NULL,
  `priority` int DEFAULT NULL,
  `is_enabled` tinyint(1) NOT NULL DEFAULT '1',
  `created_at` timestamp NULL DEFAULT NULL,
  `updated_at` timestamp NULL DEFAULT NULL,
  PRIMARY KEY (`id`)
) ENGINE=InnoDB DEFAULT CHARSET=utf8mb4 COLLATE=utf8mb4_unicode_ci;

--
-- Dumping data for table `ec_tax_rules`
--


--
-- Table structure for table `ec_taxes`
--

CREATE TABLE `ec_taxes` (
  `id` bigint unsigned NOT NULL AUTO_INCREMENT,
  `title` varchar(191) COLLATE utf8mb4_unicode_ci DEFAULT NULL,
  `percentage` double(8,6) DEFAULT NULL,
  `priority` int DEFAULT NULL,
  `status` varchar(60) COLLATE utf8mb4_unicode_ci NOT NULL DEFAULT 'published',
  `created_at` timestamp NULL DEFAULT NULL,
  `updated_at` timestamp NULL DEFAULT NULL,
  PRIMARY KEY (`id`)
) ENGINE=InnoDB AUTO_INCREMENT=4 DEFAULT CHARSET=utf8mb4 COLLATE=utf8mb4_unicode_ci;

--
-- Dumping data for table `ec_taxes`
--

INSERT INTO `ec_taxes` VALUES (1,'VAT',10.000000,1,'published','2024-06-02 03:59:05','2024-06-02 03:59:05'),(2,'None',0.000000,2,'published','2024-06-02 03:59:05','2024-06-02 03:59:05'),(3,'Import Tax',15.000000,3,'published','2024-06-02 03:59:05','2024-06-02 03:59:05');

--
-- Table structure for table `ec_wish_lists`
--

CREATE TABLE `ec_wish_lists` (
  `customer_id` bigint unsigned NOT NULL,
  `product_id` bigint unsigned NOT NULL,
  `created_at` timestamp NULL DEFAULT NULL,
  `updated_at` timestamp NULL DEFAULT NULL,
  PRIMARY KEY (`customer_id`,`product_id`),
  KEY `wishlist_relation_index` (`product_id`,`customer_id`)
) ENGINE=InnoDB DEFAULT CHARSET=utf8mb4 COLLATE=utf8mb4_unicode_ci;

--
-- Dumping data for table `ec_wish_lists`
--


--
-- Table structure for table `failed_jobs`
--

CREATE TABLE `failed_jobs` (
  `id` bigint unsigned NOT NULL AUTO_INCREMENT,
  `uuid` varchar(191) COLLATE utf8mb4_unicode_ci NOT NULL,
  `connection` text COLLATE utf8mb4_unicode_ci NOT NULL,
  `queue` text COLLATE utf8mb4_unicode_ci NOT NULL,
  `payload` longtext COLLATE utf8mb4_unicode_ci NOT NULL,
  `exception` longtext COLLATE utf8mb4_unicode_ci NOT NULL,
  `failed_at` timestamp NOT NULL DEFAULT CURRENT_TIMESTAMP,
  PRIMARY KEY (`id`),
  UNIQUE KEY `failed_jobs_uuid_unique` (`uuid`)
) ENGINE=InnoDB DEFAULT CHARSET=utf8mb4 COLLATE=utf8mb4_unicode_ci;

--
-- Dumping data for table `failed_jobs`
--


--
-- Table structure for table `faq_categories`
--

CREATE TABLE `faq_categories` (
  `id` bigint unsigned NOT NULL AUTO_INCREMENT,
  `name` varchar(120) COLLATE utf8mb4_unicode_ci NOT NULL,
  `order` tinyint NOT NULL DEFAULT '0',
  `status` varchar(60) COLLATE utf8mb4_unicode_ci NOT NULL DEFAULT 'published',
  `created_at` timestamp NULL DEFAULT NULL,
  `updated_at` timestamp NULL DEFAULT NULL,
  `description` varchar(400) COLLATE utf8mb4_unicode_ci DEFAULT NULL,
  PRIMARY KEY (`id`)
) ENGINE=InnoDB AUTO_INCREMENT=4 DEFAULT CHARSET=utf8mb4 COLLATE=utf8mb4_unicode_ci;

--
-- Dumping data for table `faq_categories`
--

INSERT INTO `faq_categories` VALUES (1,'Shipping',0,'published','2024-06-02 03:58:58','2024-06-02 03:58:58',NULL),(2,'Payment',1,'published','2024-06-02 03:58:58','2024-06-02 03:58:58',NULL),(3,'Order &amp; Returns',2,'published','2024-06-02 03:58:58','2024-06-02 03:58:58',NULL);

--
-- Table structure for table `faq_categories_translations`
--

CREATE TABLE `faq_categories_translations` (
  `lang_code` varchar(20) COLLATE utf8mb4_unicode_ci NOT NULL,
  `faq_categories_id` bigint unsigned NOT NULL,
  `name` varchar(120) COLLATE utf8mb4_unicode_ci DEFAULT NULL,
  PRIMARY KEY (`lang_code`,`faq_categories_id`)
) ENGINE=InnoDB DEFAULT CHARSET=utf8mb4 COLLATE=utf8mb4_unicode_ci;

--
-- Dumping data for table `faq_categories_translations`
--


--
-- Table structure for table `faqs`
--

CREATE TABLE `faqs` (
  `id` bigint unsigned NOT NULL AUTO_INCREMENT,
  `question` text COLLATE utf8mb4_unicode_ci NOT NULL,
  `answer` text COLLATE utf8mb4_unicode_ci NOT NULL,
  `category_id` bigint unsigned NOT NULL,
  `status` varchar(60) COLLATE utf8mb4_unicode_ci NOT NULL DEFAULT 'published',
  `created_at` timestamp NULL DEFAULT NULL,
  `updated_at` timestamp NULL DEFAULT NULL,
  PRIMARY KEY (`id`)
) ENGINE=InnoDB AUTO_INCREMENT=11 DEFAULT CHARSET=utf8mb4 COLLATE=utf8mb4_unicode_ci;

--
-- Dumping data for table `faqs`
--

INSERT INTO `faqs` VALUES (1,'What Shipping Methods Are Available?','Ex Portland Pitchfork irure mustache. Eutra fap before they sold out literally. Aliquip ugh bicycle rights actually mlkshk, seitan squid craft beer tempor.',1,'published','2024-06-02 03:58:58','2024-06-02 03:58:58'),(2,'Do You Ship Internationally?','Hoodie tote bag mixtape tofu. Typewriter jean shorts wolf quinoa, messenger bag organic freegan cray.',1,'published','2024-06-02 03:58:58','2024-06-02 03:58:58'),(3,'How Long Will It Take To Get My Package?','Swag slow-carb quinoa VHS typewriter pork belly brunch, paleo single-origin coffee Wes Anderson. Flexitarian Pitchfork forage, literally paleo fap pour-over. Wes Anderson Pinterest YOLO fanny pack meggings, deep v XOXO chambray sustainable slow-carb raw denim church-key fap chillwave Etsy. +1 typewriter kitsch, American Apparel tofu Banksy Vice.',1,'published','2024-06-02 03:58:58','2024-06-02 03:58:58'),(4,'What Payment Methods Are Accepted?','Fashion axe DIY jean shorts, swag kale chips meh polaroid kogi butcher Wes Anderson chambray next level semiotics gentrify yr. Voluptate photo booth fugiat Vice. Austin sed Williamsburg, ea labore raw denim voluptate cred proident mixtape excepteur mustache. Twee chia photo booth readymade food truck, hoodie roof party swag keytar PBR DIY.',2,'published','2024-06-02 03:58:58','2024-06-02 03:58:58'),(5,'Is Buying On-Line Safe?','Art party authentic freegan semiotics jean shorts chia cred. Neutra Austin roof party Brooklyn, synth Thundercats swag 8-bit photo booth. Plaid letterpress leggings craft beer meh ethical Pinterest.',2,'published','2024-06-02 03:58:58','2024-06-02 03:58:58'),(6,'How do I place an Order?','Keytar cray slow-carb, Godard banh mi salvia pour-over. Slow-carb Odd Future seitan normcore. Master cleanse American Apparel gentrify flexitarian beard slow-carb next level. Raw denim polaroid paleo farm-to-table, put a bird on it lo-fi tattooed Wes Anderson Pinterest letterpress. Fingerstache McSweeney’s pour-over, letterpress Schlitz photo booth master cleanse bespoke hashtag chillwave gentrify.',3,'published','2024-06-02 03:58:58','2024-06-02 03:58:58'),(7,'How Can I Cancel Or Change My Order?','Plaid letterpress leggings craft beer meh ethical Pinterest. Art party authentic freegan semiotics jean shorts chia cred. Neutra Austin roof party Brooklyn, synth Thundercats swag 8-bit photo booth.',3,'published','2024-06-02 03:58:58','2024-06-02 03:58:58'),(8,'Do I need an account to place an order?','Thundercats swag 8-bit photo booth. Plaid letterpress leggings craft beer meh ethical Pinterest. Twee chia photo booth readymade food truck, hoodie roof party swag keytar PBR DIY. Cray ugh 3 wolf moon fap, fashion axe irony butcher cornhole typewriter chambray VHS banjo street art.',3,'published','2024-06-02 03:58:58','2024-06-02 03:58:58'),(9,'How Do I Track My Order?','Keytar cray slow-carb, Godard banh mi salvia pour-over. Slow-carb @Odd Future seitan normcore. Master cleanse American Apparel gentrify flexitarian beard slow-carb next level.',3,'published','2024-06-02 03:58:58','2024-06-02 03:58:58'),(10,'How Can I Return a Product?','Kale chips Truffaut Williamsburg, hashtag fixie Pinterest raw denim c hambray drinking vinegar Carles street art Bushwick gastropub. Wolf Tumblr paleo church-key. Plaid food truck Echo Park YOLO bitters hella, direct trade Thundercats leggings quinoa before they sold out. You probably haven’t heard of them wayfarers authentic umami drinking vinegar Pinterest Cosby sweater, fingerstache fap High Life.',3,'published','2024-06-02 03:58:58','2024-06-02 03:58:58');

--
-- Table structure for table `faqs_translations`
--

CREATE TABLE `faqs_translations` (
  `lang_code` varchar(20) COLLATE utf8mb4_unicode_ci NOT NULL,
  `faqs_id` bigint unsigned NOT NULL,
  `question` text COLLATE utf8mb4_unicode_ci,
  `answer` text COLLATE utf8mb4_unicode_ci,
  PRIMARY KEY (`lang_code`,`faqs_id`)
) ENGINE=InnoDB DEFAULT CHARSET=utf8mb4 COLLATE=utf8mb4_unicode_ci;

--
-- Dumping data for table `faqs_translations`
--


--
-- Table structure for table `jobs`
--

CREATE TABLE `jobs` (
  `id` bigint unsigned NOT NULL AUTO_INCREMENT,
  `queue` varchar(191) COLLATE utf8mb4_unicode_ci NOT NULL,
  `payload` longtext COLLATE utf8mb4_unicode_ci NOT NULL,
  `attempts` tinyint unsigned NOT NULL,
  `reserved_at` int unsigned DEFAULT NULL,
  `available_at` int unsigned NOT NULL,
  `created_at` int unsigned NOT NULL,
  PRIMARY KEY (`id`),
  KEY `jobs_queue_index` (`queue`)
) ENGINE=InnoDB DEFAULT CHARSET=utf8mb4 COLLATE=utf8mb4_unicode_ci;

--
-- Dumping data for table `jobs`
--


--
-- Table structure for table `language_meta`
--

CREATE TABLE `language_meta` (
  `lang_meta_id` bigint unsigned NOT NULL AUTO_INCREMENT,
  `lang_meta_code` varchar(20) COLLATE utf8mb4_unicode_ci DEFAULT NULL,
  `lang_meta_origin` varchar(32) COLLATE utf8mb4_unicode_ci NOT NULL,
  `reference_id` bigint unsigned NOT NULL,
  `reference_type` varchar(120) COLLATE utf8mb4_unicode_ci NOT NULL,
  PRIMARY KEY (`lang_meta_id`),
  KEY `language_meta_reference_id_index` (`reference_id`),
  KEY `meta_code_index` (`lang_meta_code`),
  KEY `meta_origin_index` (`lang_meta_origin`),
  KEY `meta_reference_type_index` (`reference_type`)
) ENGINE=InnoDB AUTO_INCREMENT=15 DEFAULT CHARSET=utf8mb4 COLLATE=utf8mb4_unicode_ci;

--
-- Dumping data for table `language_meta`
--

INSERT INTO `language_meta` VALUES (1,'en_US','eda541e956dfdda8cdda9fcb3851c4ad',1,'Botble\\SimpleSlider\\Models\\SimpleSlider'),(2,'en_US','6204a195d28799469ad924259da821cf',2,'Botble\\SimpleSlider\\Models\\SimpleSlider'),(3,'en_US','fd28535d6f8060c8889800370b846014',3,'Botble\\SimpleSlider\\Models\\SimpleSlider'),(4,'en_US','d4f85500971828ec08cde36dd9d133c3',4,'Botble\\SimpleSlider\\Models\\SimpleSlider'),(5,'en_US','7be37850b621f35575110416ad42273f',5,'Botble\\SimpleSlider\\Models\\SimpleSlider'),(6,'en_US','cff6d7c7bcbb79e693b09429d130aace',6,'Botble\\SimpleSlider\\Models\\SimpleSlider'),(7,'en_US','ea8c9a5ae4db382de7492803bf503321',7,'Botble\\SimpleSlider\\Models\\SimpleSlider'),(8,'en_US','edc1a6c8c858241b1bd4b9c6c9ad06ca',1,'Botble\\Menu\\Models\\MenuLocation'),(9,'en_US','0c22e68bdbebad4dceb7b1f5242dbcdc',1,'Botble\\Menu\\Models\\Menu'),(10,'en_US','0e7e76dcfeacb5d6a70ffc5f394e085e',2,'Botble\\Menu\\Models\\MenuLocation'),(11,'en_US','3b8428cc5b547bcada658c4fe1f9b82e',2,'Botble\\Menu\\Models\\Menu'),(12,'en_US','51d6e70dbbb1cf94e73ee54816482691',3,'Botble\\Menu\\Models\\Menu'),(13,'en_US','76e000de92a1e2037daad6e88365898a',4,'Botble\\Menu\\Models\\Menu'),(14,'en_US','4bc202dda1e233e99dda54e672226944',5,'Botble\\Menu\\Models\\Menu');

--
-- Table structure for table `languages`
--

CREATE TABLE `languages` (
  `lang_id` bigint unsigned NOT NULL AUTO_INCREMENT,
  `lang_name` varchar(120) COLLATE utf8mb4_unicode_ci NOT NULL,
  `lang_locale` varchar(20) COLLATE utf8mb4_unicode_ci NOT NULL,
  `lang_code` varchar(20) COLLATE utf8mb4_unicode_ci NOT NULL,
  `lang_flag` varchar(20) COLLATE utf8mb4_unicode_ci DEFAULT NULL,
  `lang_is_default` tinyint unsigned NOT NULL DEFAULT '0',
  `lang_order` int NOT NULL DEFAULT '0',
  `lang_is_rtl` tinyint unsigned NOT NULL DEFAULT '0',
  PRIMARY KEY (`lang_id`),
  KEY `lang_locale_index` (`lang_locale`),
  KEY `lang_code_index` (`lang_code`),
  KEY `lang_is_default_index` (`lang_is_default`)
) ENGINE=InnoDB AUTO_INCREMENT=2 DEFAULT CHARSET=utf8mb4 COLLATE=utf8mb4_unicode_ci;

--
-- Dumping data for table `languages`
--

INSERT INTO `languages` VALUES (1,'English','en','en_US','us',1,0,0);

--
-- Table structure for table `media_files`
--

CREATE TABLE `media_files` (
  `id` bigint unsigned NOT NULL AUTO_INCREMENT,
  `user_id` bigint unsigned NOT NULL,
  `name` varchar(191) COLLATE utf8mb4_unicode_ci NOT NULL,
  `alt` varchar(191) COLLATE utf8mb4_unicode_ci DEFAULT NULL,
  `folder_id` bigint unsigned NOT NULL DEFAULT '0',
  `mime_type` varchar(120) COLLATE utf8mb4_unicode_ci NOT NULL,
  `size` int NOT NULL,
  `url` varchar(191) COLLATE utf8mb4_unicode_ci NOT NULL,
  `options` text COLLATE utf8mb4_unicode_ci,
  `created_at` timestamp NULL DEFAULT NULL,
  `updated_at` timestamp NULL DEFAULT NULL,
  `deleted_at` timestamp NULL DEFAULT NULL,
  `visibility` varchar(191) COLLATE utf8mb4_unicode_ci NOT NULL DEFAULT 'public',
  PRIMARY KEY (`id`),
  KEY `media_files_user_id_index` (`user_id`),
  KEY `media_files_index` (`folder_id`,`user_id`,`created_at`)
) ENGINE=InnoDB AUTO_INCREMENT=181 DEFAULT CHARSET=utf8mb4 COLLATE=utf8mb4_unicode_ci;

--
-- Dumping data for table `media_files`
--

INSERT INTO `media_files` VALUES (1,0,'icon-1','icon-1',1,'image/png',5327,'product-categories/icon-1.png','[]','2024-06-02 03:58:58','2024-06-02 03:58:58',NULL,'public'),(2,0,'icon-10','icon-10',1,'image/png',5327,'product-categories/icon-10.png','[]','2024-06-02 03:58:58','2024-06-02 03:58:58',NULL,'public'),(3,0,'icon-11','icon-11',1,'image/png',5327,'product-categories/icon-11.png','[]','2024-06-02 03:58:58','2024-06-02 03:58:58',NULL,'public'),(4,0,'icon-12','icon-12',1,'image/png',5327,'product-categories/icon-12.png','[]','2024-06-02 03:58:58','2024-06-02 03:58:58',NULL,'public'),(5,0,'icon-13','icon-13',1,'image/png',5327,'product-categories/icon-13.png','[]','2024-06-02 03:58:58','2024-06-02 03:58:58',NULL,'public'),(6,0,'icon-14','icon-14',1,'image/png',5327,'product-categories/icon-14.png','[]','2024-06-02 03:58:58','2024-06-02 03:58:58',NULL,'public'),(7,0,'icon-2','icon-2',1,'image/png',5327,'product-categories/icon-2.png','[]','2024-06-02 03:58:58','2024-06-02 03:58:58',NULL,'public'),(8,0,'icon-3','icon-3',1,'image/png',5327,'product-categories/icon-3.png','[]','2024-06-02 03:58:58','2024-06-02 03:58:58',NULL,'public'),(9,0,'icon-4','icon-4',1,'image/png',5327,'product-categories/icon-4.png','[]','2024-06-02 03:58:58','2024-06-02 03:58:58',NULL,'public'),(10,0,'icon-5','icon-5',1,'image/png',5327,'product-categories/icon-5.png','[]','2024-06-02 03:58:59','2024-06-02 03:58:59',NULL,'public'),(11,0,'icon-6','icon-6',1,'image/png',5327,'product-categories/icon-6.png','[]','2024-06-02 03:58:59','2024-06-02 03:58:59',NULL,'public'),(12,0,'icon-7','icon-7',1,'image/png',5327,'product-categories/icon-7.png','[]','2024-06-02 03:58:59','2024-06-02 03:58:59',NULL,'public'),(13,0,'icon-8','icon-8',1,'image/png',5327,'product-categories/icon-8.png','[]','2024-06-02 03:58:59','2024-06-02 03:58:59',NULL,'public'),(14,0,'icon-9','icon-9',1,'image/png',5327,'product-categories/icon-9.png','[]','2024-06-02 03:58:59','2024-06-02 03:58:59',NULL,'public'),(15,0,'image-1','image-1',1,'image/png',5327,'product-categories/image-1.png','[]','2024-06-02 03:58:59','2024-06-02 03:58:59',NULL,'public'),(16,0,'image-10','image-10',1,'image/png',5327,'product-categories/image-10.png','[]','2024-06-02 03:58:59','2024-06-02 03:58:59',NULL,'public'),(17,0,'image-11','image-11',1,'image/png',5327,'product-categories/image-11.png','[]','2024-06-02 03:58:59','2024-06-02 03:58:59',NULL,'public'),(18,0,'image-12','image-12',1,'image/png',5327,'product-categories/image-12.png','[]','2024-06-02 03:58:59','2024-06-02 03:58:59',NULL,'public'),(19,0,'image-13','image-13',1,'image/png',5327,'product-categories/image-13.png','[]','2024-06-02 03:58:59','2024-06-02 03:58:59',NULL,'public'),(20,0,'image-14','image-14',1,'image/png',5327,'product-categories/image-14.png','[]','2024-06-02 03:58:59','2024-06-02 03:58:59',NULL,'public'),(21,0,'image-15','image-15',1,'image/png',5327,'product-categories/image-15.png','[]','2024-06-02 03:58:59','2024-06-02 03:58:59',NULL,'public'),(22,0,'image-2','image-2',1,'image/png',5327,'product-categories/image-2.png','[]','2024-06-02 03:58:59','2024-06-02 03:58:59',NULL,'public'),(23,0,'image-3','image-3',1,'image/png',5327,'product-categories/image-3.png','[]','2024-06-02 03:58:59','2024-06-02 03:58:59',NULL,'public'),(24,0,'image-4','image-4',1,'image/png',5327,'product-categories/image-4.png','[]','2024-06-02 03:58:59','2024-06-02 03:58:59',NULL,'public'),(25,0,'image-5','image-5',1,'image/png',5327,'product-categories/image-5.png','[]','2024-06-02 03:58:59','2024-06-02 03:58:59',NULL,'public'),(26,0,'image-6','image-6',1,'image/png',5327,'product-categories/image-6.png','[]','2024-06-02 03:59:00','2024-06-02 03:59:00',NULL,'public'),(27,0,'image-7','image-7',1,'image/png',5327,'product-categories/image-7.png','[]','2024-06-02 03:59:00','2024-06-02 03:59:00',NULL,'public'),(28,0,'image-8','image-8',1,'image/png',5327,'product-categories/image-8.png','[]','2024-06-02 03:59:00','2024-06-02 03:59:00',NULL,'public'),(29,0,'image-9','image-9',1,'image/png',5327,'product-categories/image-9.png','[]','2024-06-02 03:59:00','2024-06-02 03:59:00',NULL,'public'),(30,0,'1-1','1-1',2,'image/jpeg',9803,'products/1-1.jpg','[]','2024-06-02 03:59:00','2024-06-02 03:59:00',NULL,'public'),(31,0,'1','1',2,'image/jpeg',9803,'products/1.jpg','[]','2024-06-02 03:59:00','2024-06-02 03:59:00',NULL,'public'),(32,0,'10-1','10-1',2,'image/jpeg',9803,'products/10-1.jpg','[]','2024-06-02 03:59:00','2024-06-02 03:59:00',NULL,'public'),(33,0,'10','10',2,'image/jpeg',9803,'products/10.jpg','[]','2024-06-02 03:59:00','2024-06-02 03:59:00',NULL,'public'),(34,0,'11-1','11-1',2,'image/jpeg',9803,'products/11-1.jpg','[]','2024-06-02 03:59:00','2024-06-02 03:59:00',NULL,'public'),(35,0,'11','11',2,'image/jpeg',9803,'products/11.jpg','[]','2024-06-02 03:59:00','2024-06-02 03:59:00',NULL,'public'),(36,0,'12-1','12-1',2,'image/jpeg',9803,'products/12-1.jpg','[]','2024-06-02 03:59:00','2024-06-02 03:59:00',NULL,'public'),(37,0,'12','12',2,'image/jpeg',9803,'products/12.jpg','[]','2024-06-02 03:59:00','2024-06-02 03:59:00',NULL,'public'),(38,0,'13-1','13-1',2,'image/jpeg',9803,'products/13-1.jpg','[]','2024-06-02 03:59:01','2024-06-02 03:59:01',NULL,'public'),(39,0,'13','13',2,'image/jpeg',9803,'products/13.jpg','[]','2024-06-02 03:59:01','2024-06-02 03:59:01',NULL,'public'),(40,0,'14-1','14-1',2,'image/jpeg',9803,'products/14-1.jpg','[]','2024-06-02 03:59:01','2024-06-02 03:59:01',NULL,'public'),(41,0,'14','14',2,'image/jpeg',9803,'products/14.jpg','[]','2024-06-02 03:59:01','2024-06-02 03:59:01',NULL,'public'),(42,0,'15-1','15-1',2,'image/jpeg',9803,'products/15-1.jpg','[]','2024-06-02 03:59:01','2024-06-02 03:59:01',NULL,'public'),(43,0,'15','15',2,'image/jpeg',9803,'products/15.jpg','[]','2024-06-02 03:59:01','2024-06-02 03:59:01',NULL,'public'),(44,0,'16-1','16-1',2,'image/jpeg',9803,'products/16-1.jpg','[]','2024-06-02 03:59:01','2024-06-02 03:59:01',NULL,'public'),(45,0,'16-2','16-2',2,'image/jpeg',9803,'products/16-2.jpg','[]','2024-06-02 03:59:01','2024-06-02 03:59:01',NULL,'public'),(46,0,'16-3','16-3',2,'image/jpeg',9803,'products/16-3.jpg','[]','2024-06-02 03:59:01','2024-06-02 03:59:01',NULL,'public'),(47,0,'16-4','16-4',2,'image/jpeg',9803,'products/16-4.jpg','[]','2024-06-02 03:59:01','2024-06-02 03:59:01',NULL,'public'),(48,0,'16-5','16-5',2,'image/jpeg',9803,'products/16-5.jpg','[]','2024-06-02 03:59:01','2024-06-02 03:59:01',NULL,'public'),(49,0,'16-6','16-6',2,'image/jpeg',9803,'products/16-6.jpg','[]','2024-06-02 03:59:01','2024-06-02 03:59:01',NULL,'public'),(50,0,'16','16',2,'image/jpeg',9803,'products/16.jpg','[]','2024-06-02 03:59:02','2024-06-02 03:59:02',NULL,'public'),(51,0,'17-1','17-1',2,'image/jpeg',9803,'products/17-1.jpg','[]','2024-06-02 03:59:02','2024-06-02 03:59:02',NULL,'public'),(52,0,'17','17',2,'image/jpeg',9803,'products/17.jpg','[]','2024-06-02 03:59:02','2024-06-02 03:59:02',NULL,'public'),(53,0,'18-1','18-1',2,'image/jpeg',9803,'products/18-1.jpg','[]','2024-06-02 03:59:02','2024-06-02 03:59:02',NULL,'public'),(54,0,'18','18',2,'image/jpeg',9803,'products/18.jpg','[]','2024-06-02 03:59:02','2024-06-02 03:59:02',NULL,'public'),(55,0,'19-1','19-1',2,'image/jpeg',9803,'products/19-1.jpg','[]','2024-06-02 03:59:02','2024-06-02 03:59:02',NULL,'public'),(56,0,'19','19',2,'image/jpeg',9803,'products/19.jpg','[]','2024-06-02 03:59:02','2024-06-02 03:59:02',NULL,'public'),(57,0,'2-1','2-1',2,'image/jpeg',9803,'products/2-1.jpg','[]','2024-06-02 03:59:02','2024-06-02 03:59:02',NULL,'public'),(58,0,'2','2',2,'image/jpeg',9803,'products/2.jpg','[]','2024-06-02 03:59:02','2024-06-02 03:59:02',NULL,'public'),(59,0,'20-1','20-1',2,'image/jpeg',9803,'products/20-1.jpg','[]','2024-06-02 03:59:02','2024-06-02 03:59:02',NULL,'public'),(60,0,'20','20',2,'image/jpeg',9803,'products/20.jpg','[]','2024-06-02 03:59:02','2024-06-02 03:59:02',NULL,'public'),(61,0,'21-1','21-1',2,'image/jpeg',9803,'products/21-1.jpg','[]','2024-06-02 03:59:02','2024-06-02 03:59:02',NULL,'public'),(62,0,'21','21',2,'image/jpeg',9803,'products/21.jpg','[]','2024-06-02 03:59:02','2024-06-02 03:59:02',NULL,'public'),(63,0,'22-1','22-1',2,'image/jpeg',9803,'products/22-1.jpg','[]','2024-06-02 03:59:03','2024-06-02 03:59:03',NULL,'public'),(64,0,'22','22',2,'image/jpeg',9803,'products/22.jpg','[]','2024-06-02 03:59:03','2024-06-02 03:59:03',NULL,'public'),(65,0,'23-1','23-1',2,'image/jpeg',9803,'products/23-1.jpg','[]','2024-06-02 03:59:03','2024-06-02 03:59:03',NULL,'public'),(66,0,'23','23',2,'image/jpeg',9803,'products/23.jpg','[]','2024-06-02 03:59:03','2024-06-02 03:59:03',NULL,'public'),(67,0,'24-1','24-1',2,'image/jpeg',9803,'products/24-1.jpg','[]','2024-06-02 03:59:03','2024-06-02 03:59:03',NULL,'public'),(68,0,'24','24',2,'image/jpeg',9803,'products/24.jpg','[]','2024-06-02 03:59:03','2024-06-02 03:59:03',NULL,'public'),(69,0,'3-1','3-1',2,'image/jpeg',9803,'products/3-1.jpg','[]','2024-06-02 03:59:03','2024-06-02 03:59:03',NULL,'public'),(70,0,'3','3',2,'image/jpeg',9803,'products/3.jpg','[]','2024-06-02 03:59:03','2024-06-02 03:59:03',NULL,'public'),(71,0,'4-1','4-1',2,'image/jpeg',9803,'products/4-1.jpg','[]','2024-06-02 03:59:03','2024-06-02 03:59:03',NULL,'public'),(72,0,'4','4',2,'image/jpeg',9803,'products/4.jpg','[]','2024-06-02 03:59:03','2024-06-02 03:59:03',NULL,'public'),(73,0,'5-1','5-1',2,'image/jpeg',9803,'products/5-1.jpg','[]','2024-06-02 03:59:03','2024-06-02 03:59:03',NULL,'public'),(74,0,'5','5',2,'image/jpeg',9803,'products/5.jpg','[]','2024-06-02 03:59:03','2024-06-02 03:59:03',NULL,'public'),(75,0,'6-1','6-1',2,'image/jpeg',9803,'products/6-1.jpg','[]','2024-06-02 03:59:03','2024-06-02 03:59:03',NULL,'public'),(76,0,'6','6',2,'image/jpeg',9803,'products/6.jpg','[]','2024-06-02 03:59:04','2024-06-02 03:59:04',NULL,'public'),(77,0,'7-1','7-1',2,'image/jpeg',9803,'products/7-1.jpg','[]','2024-06-02 03:59:04','2024-06-02 03:59:04',NULL,'public'),(78,0,'7','7',2,'image/jpeg',9803,'products/7.jpg','[]','2024-06-02 03:59:04','2024-06-02 03:59:04',NULL,'public'),(79,0,'8-1','8-1',2,'image/jpeg',9803,'products/8-1.jpg','[]','2024-06-02 03:59:04','2024-06-02 03:59:04',NULL,'public'),(80,0,'8','8',2,'image/jpeg',9803,'products/8.jpg','[]','2024-06-02 03:59:04','2024-06-02 03:59:04',NULL,'public'),(81,0,'9-1','9-1',2,'image/jpeg',9803,'products/9-1.jpg','[]','2024-06-02 03:59:04','2024-06-02 03:59:04',NULL,'public'),(82,0,'9','9',2,'image/jpeg',9803,'products/9.jpg','[]','2024-06-02 03:59:04','2024-06-02 03:59:04',NULL,'public'),(83,0,'1','1',3,'image/jpeg',9803,'customers/1.jpg','[]','2024-06-02 03:59:05','2024-06-02 03:59:05',NULL,'public'),(84,0,'10','10',3,'image/jpeg',9803,'customers/10.jpg','[]','2024-06-02 03:59:05','2024-06-02 03:59:05',NULL,'public'),(85,0,'2','2',3,'image/jpeg',9803,'customers/2.jpg','[]','2024-06-02 03:59:05','2024-06-02 03:59:05',NULL,'public'),(86,0,'3','3',3,'image/jpeg',9803,'customers/3.jpg','[]','2024-06-02 03:59:05','2024-06-02 03:59:05',NULL,'public'),(87,0,'4','4',3,'image/jpeg',9803,'customers/4.jpg','[]','2024-06-02 03:59:05','2024-06-02 03:59:05',NULL,'public'),(88,0,'5','5',3,'image/jpeg',9803,'customers/5.jpg','[]','2024-06-02 03:59:05','2024-06-02 03:59:05',NULL,'public'),(89,0,'6','6',3,'image/jpeg',9803,'customers/6.jpg','[]','2024-06-02 03:59:05','2024-06-02 03:59:05',NULL,'public'),(90,0,'7','7',3,'image/jpeg',9803,'customers/7.jpg','[]','2024-06-02 03:59:05','2024-06-02 03:59:05',NULL,'public'),(91,0,'8','8',3,'image/jpeg',9803,'customers/8.jpg','[]','2024-06-02 03:59:05','2024-06-02 03:59:05',NULL,'public'),(92,0,'9','9',3,'image/jpeg',9803,'customers/9.jpg','[]','2024-06-02 03:59:05','2024-06-02 03:59:05',NULL,'public'),(93,0,'1','1',4,'image/png',17727,'flash-sales/1.png','[]','2024-06-02 03:59:08','2024-06-02 03:59:08',NULL,'public'),(94,0,'2','2',4,'image/png',12278,'flash-sales/2.png','[]','2024-06-02 03:59:08','2024-06-02 03:59:08',NULL,'public'),(95,0,'3','3',4,'image/png',12278,'flash-sales/3.png','[]','2024-06-02 03:59:08','2024-06-02 03:59:08',NULL,'public'),(96,0,'4','4',4,'image/png',12278,'flash-sales/4.png','[]','2024-06-02 03:59:09','2024-06-02 03:59:09',NULL,'public'),(97,0,'5','5',4,'image/png',12278,'flash-sales/5.png','[]','2024-06-02 03:59:09','2024-06-02 03:59:09',NULL,'public'),(98,0,'1-1','1-1',5,'image/png',28526,'sliders/1-1.png','[]','2024-06-02 03:59:09','2024-06-02 03:59:09',NULL,'public'),(99,0,'1-2','1-2',5,'image/png',28526,'sliders/1-2.png','[]','2024-06-02 03:59:09','2024-06-02 03:59:09',NULL,'public'),(100,0,'2-1','2-1',5,'image/png',15581,'sliders/2-1.png','[]','2024-06-02 03:59:09','2024-06-02 03:59:09',NULL,'public'),(101,0,'2-2','2-2',5,'image/png',15581,'sliders/2-2.png','[]','2024-06-02 03:59:09','2024-06-02 03:59:09',NULL,'public'),(102,0,'3-1','3-1',5,'image/png',28526,'sliders/3-1.png','[]','2024-06-02 03:59:09','2024-06-02 03:59:09',NULL,'public'),(103,0,'3-2','3-2',5,'image/png',28526,'sliders/3-2.png','[]','2024-06-02 03:59:10','2024-06-02 03:59:10',NULL,'public'),(104,0,'4-1','4-1',5,'image/png',28526,'sliders/4-1.png','[]','2024-06-02 03:59:10','2024-06-02 03:59:10',NULL,'public'),(105,0,'4-2','4-2',5,'image/png',28526,'sliders/4-2.png','[]','2024-06-02 03:59:10','2024-06-02 03:59:10',NULL,'public'),(106,0,'5-1','5-1',5,'image/png',23916,'sliders/5-1.png','[]','2024-06-02 03:59:10','2024-06-02 03:59:10',NULL,'public'),(107,0,'5-2','5-2',5,'image/png',23916,'sliders/5-2.png','[]','2024-06-02 03:59:10','2024-06-02 03:59:10',NULL,'public'),(108,0,'banner-1','banner-1',5,'image/png',212534,'sliders/banner-1.png','[]','2024-06-02 03:59:11','2024-06-02 03:59:11',NULL,'public'),(109,0,'thumbnail-1','thumbnail-1',5,'image/jpeg',9803,'sliders/thumbnail-1.jpg','[]','2024-06-02 03:59:11','2024-06-02 03:59:11',NULL,'public'),(110,0,'thumbnail-2','thumbnail-2',5,'image/jpeg',9803,'sliders/thumbnail-2.jpg','[]','2024-06-02 03:59:11','2024-06-02 03:59:11',NULL,'public'),(111,0,'thumbnail-3','thumbnail-3',5,'image/jpeg',9803,'sliders/thumbnail-3.jpg','[]','2024-06-02 03:59:11','2024-06-02 03:59:11',NULL,'public'),(112,0,'thumbnail-4','thumbnail-4',5,'image/jpeg',9803,'sliders/thumbnail-4.jpg','[]','2024-06-02 03:59:11','2024-06-02 03:59:11',NULL,'public'),(113,0,'thumbnail-5','thumbnail-5',5,'image/jpeg',9803,'sliders/thumbnail-5.jpg','[]','2024-06-02 03:59:11','2024-06-02 03:59:11',NULL,'public'),(114,0,'thumbnail-6','thumbnail-6',5,'image/jpeg',9803,'sliders/thumbnail-6.jpg','[]','2024-06-02 03:59:11','2024-06-02 03:59:11',NULL,'public'),(115,0,'1','1',6,'image/png',9803,'news/1.png','[]','2024-06-02 03:59:11','2024-06-02 03:59:11',NULL,'public'),(116,0,'10','10',6,'image/png',9803,'news/10.png','[]','2024-06-02 03:59:11','2024-06-02 03:59:11',NULL,'public'),(117,0,'11','11',6,'image/png',9803,'news/11.png','[]','2024-06-02 03:59:12','2024-06-02 03:59:12',NULL,'public'),(118,0,'2','2',6,'image/png',9803,'news/2.png','[]','2024-06-02 03:59:12','2024-06-02 03:59:12',NULL,'public'),(119,0,'3','3',6,'image/png',9803,'news/3.png','[]','2024-06-02 03:59:12','2024-06-02 03:59:12',NULL,'public'),(120,0,'4','4',6,'image/png',9803,'news/4.png','[]','2024-06-02 03:59:12','2024-06-02 03:59:12',NULL,'public'),(121,0,'5','5',6,'image/png',9803,'news/5.png','[]','2024-06-02 03:59:12','2024-06-02 03:59:12',NULL,'public'),(122,0,'6','6',6,'image/png',9803,'news/6.png','[]','2024-06-02 03:59:12','2024-06-02 03:59:12',NULL,'public'),(123,0,'7','7',6,'image/png',9803,'news/7.png','[]','2024-06-02 03:59:12','2024-06-02 03:59:12',NULL,'public'),(124,0,'8','8',6,'image/png',9803,'news/8.png','[]','2024-06-02 03:59:12','2024-06-02 03:59:12',NULL,'public'),(125,0,'9','9',6,'image/png',9803,'news/9.png','[]','2024-06-02 03:59:12','2024-06-02 03:59:12',NULL,'public'),(126,0,'app-store','app-store',7,'image/jpeg',1928,'general/app-store.jpg','[]','2024-06-02 03:59:13','2024-06-02 03:59:13',NULL,'public'),(127,0,'category-1','category-1',7,'image/png',1070,'general/category-1.png','[]','2024-06-02 03:59:13','2024-06-02 03:59:13',NULL,'public'),(128,0,'clock','clock',7,'image/png',4426,'general/clock.png','[]','2024-06-02 03:59:13','2024-06-02 03:59:13',NULL,'public'),(129,0,'credit-card','credit-card',7,'image/png',1446,'general/credit-card.png','[]','2024-06-02 03:59:13','2024-06-02 03:59:13',NULL,'public'),(130,0,'facebook','facebook',7,'image/png',768,'general/facebook.png','[]','2024-06-02 03:59:13','2024-06-02 03:59:13',NULL,'public'),(131,0,'favicon','favicon',7,'image/png',5331,'general/favicon.png','[]','2024-06-02 03:59:13','2024-06-02 03:59:13',NULL,'public'),(132,0,'google-play','google-play',7,'image/jpeg',1928,'general/google-play.jpg','[]','2024-06-02 03:59:13','2024-06-02 03:59:13',NULL,'public'),(133,0,'header-bg','header-bg',7,'image/png',36758,'general/header-bg.png','[]','2024-06-02 03:59:13','2024-06-02 03:59:13',NULL,'public'),(134,0,'home-6','home-6',7,'image/jpeg',103307,'general/home-6.jpeg','[]','2024-06-02 03:59:13','2024-06-02 03:59:13',NULL,'public'),(135,0,'icon-1','icon-1',7,'image/png',3159,'general/icon-1.png','[]','2024-06-02 03:59:13','2024-06-02 03:59:13',NULL,'public'),(136,0,'icon-2','icon-2',7,'image/png',5368,'general/icon-2.png','[]','2024-06-02 03:59:13','2024-06-02 03:59:13',NULL,'public'),(137,0,'icon-3','icon-3',7,'image/png',3459,'general/icon-3.png','[]','2024-06-02 03:59:13','2024-06-02 03:59:13',NULL,'public'),(138,0,'icon-4','icon-4',7,'image/png',3373,'general/icon-4.png','[]','2024-06-02 03:59:13','2024-06-02 03:59:13',NULL,'public'),(139,0,'icon-5','icon-5',7,'image/png',4430,'general/icon-5.png','[]','2024-06-02 03:59:13','2024-06-02 03:59:13',NULL,'public'),(140,0,'instagram','instagram',7,'image/png',2939,'general/instagram.png','[]','2024-06-02 03:59:14','2024-06-02 03:59:14',NULL,'public'),(141,0,'loading','loading',7,'image/gif',23986,'general/loading.gif','[]','2024-06-02 03:59:14','2024-06-02 03:59:14',NULL,'public'),(142,0,'login-1','login-1',7,'image/png',20332,'general/login-1.png','[]','2024-06-02 03:59:14','2024-06-02 03:59:14',NULL,'public'),(143,0,'logo','logo',7,'image/png',16262,'general/logo.png','[]','2024-06-02 03:59:14','2024-06-02 03:59:14',NULL,'public'),(144,0,'newsletter-background-image','newsletter-background-image',7,'image/png',58306,'general/newsletter-background-image.png','[]','2024-06-02 03:59:14','2024-06-02 03:59:14',NULL,'public'),(145,0,'newsletter-image','newsletter-image',7,'image/png',14191,'general/newsletter-image.png','[]','2024-06-02 03:59:14','2024-06-02 03:59:14',NULL,'public'),(146,0,'open-graph-image','open-graph-image',7,'image/png',387270,'general/open-graph-image.png','[]','2024-06-02 03:59:14','2024-06-02 03:59:14',NULL,'public'),(147,0,'paper-plane','paper-plane',7,'image/png',5296,'general/paper-plane.png','[]','2024-06-02 03:59:15','2024-06-02 03:59:15',NULL,'public'),(148,0,'payment-methods','payment-methods',7,'image/png',476,'general/payment-methods.png','[]','2024-06-02 03:59:15','2024-06-02 03:59:15',NULL,'public'),(149,0,'pinterest','pinterest',7,'image/png',2283,'general/pinterest.png','[]','2024-06-02 03:59:15','2024-06-02 03:59:15',NULL,'public'),(150,0,'twitter','twitter',7,'image/png',2020,'general/twitter.png','[]','2024-06-02 03:59:15','2024-06-02 03:59:15',NULL,'public'),(151,0,'youtube','youtube',7,'image/png',1263,'general/youtube.png','[]','2024-06-02 03:59:15','2024-06-02 03:59:15',NULL,'public'),(152,0,'1','1',8,'image/png',11540,'promotion/1.png','[]','2024-06-02 03:59:15','2024-06-02 03:59:15',NULL,'public'),(153,0,'10','10',8,'image/png',7883,'promotion/10.png','[]','2024-06-02 03:59:15','2024-06-02 03:59:15',NULL,'public'),(154,0,'11','11',8,'image/png',7883,'promotion/11.png','[]','2024-06-02 03:59:15','2024-06-02 03:59:15',NULL,'public'),(155,0,'12','12',8,'image/png',7883,'promotion/12.png','[]','2024-06-02 03:59:15','2024-06-02 03:59:15',NULL,'public'),(156,0,'2','2',8,'image/png',11540,'promotion/2.png','[]','2024-06-02 03:59:15','2024-06-02 03:59:15',NULL,'public'),(157,0,'3','3',8,'image/png',11540,'promotion/3.png','[]','2024-06-02 03:59:15','2024-06-02 03:59:15',NULL,'public'),(158,0,'4','4',8,'image/png',13954,'promotion/4.png','[]','2024-06-02 03:59:15','2024-06-02 03:59:15',NULL,'public'),(159,0,'5','5',8,'image/png',26326,'promotion/5.png','[]','2024-06-02 03:59:15','2024-06-02 03:59:15',NULL,'public'),(160,0,'6','6',8,'image/png',26326,'promotion/6.png','[]','2024-06-02 03:59:16','2024-06-02 03:59:16',NULL,'public'),(161,0,'7','7',8,'image/png',14402,'promotion/7.png','[]','2024-06-02 03:59:16','2024-06-02 03:59:16',NULL,'public'),(162,0,'8','8',8,'image/png',7028,'promotion/8.png','[]','2024-06-02 03:59:16','2024-06-02 03:59:16',NULL,'public'),(163,0,'9','9',8,'image/png',7883,'promotion/9.png','[]','2024-06-02 03:59:16','2024-06-02 03:59:16',NULL,'public'),(164,0,'1','1',9,'image/png',5327,'stores/1.png','[]','2024-06-02 03:59:16','2024-06-02 03:59:16',NULL,'public'),(165,0,'10','10',9,'image/png',5327,'stores/10.png','[]','2024-06-02 03:59:16','2024-06-02 03:59:16',NULL,'public'),(166,0,'11','11',9,'image/png',5327,'stores/11.png','[]','2024-06-02 03:59:16','2024-06-02 03:59:16',NULL,'public'),(167,0,'12','12',9,'image/png',5327,'stores/12.png','[]','2024-06-02 03:59:16','2024-06-02 03:59:16',NULL,'public'),(168,0,'13','13',9,'image/png',5327,'stores/13.png','[]','2024-06-02 03:59:16','2024-06-02 03:59:16',NULL,'public'),(169,0,'14','14',9,'image/png',5327,'stores/14.png','[]','2024-06-02 03:59:16','2024-06-02 03:59:16',NULL,'public'),(170,0,'15','15',9,'image/png',5327,'stores/15.png','[]','2024-06-02 03:59:16','2024-06-02 03:59:16',NULL,'public'),(171,0,'16','16',9,'image/png',5327,'stores/16.png','[]','2024-06-02 03:59:16','2024-06-02 03:59:16',NULL,'public'),(172,0,'17','17',9,'image/png',5327,'stores/17.png','[]','2024-06-02 03:59:17','2024-06-02 03:59:17',NULL,'public'),(173,0,'2','2',9,'image/png',5327,'stores/2.png','[]','2024-06-02 03:59:17','2024-06-02 03:59:17',NULL,'public'),(174,0,'3','3',9,'image/png',5327,'stores/3.png','[]','2024-06-02 03:59:17','2024-06-02 03:59:17',NULL,'public'),(175,0,'4','4',9,'image/png',5327,'stores/4.png','[]','2024-06-02 03:59:17','2024-06-02 03:59:17',NULL,'public'),(176,0,'5','5',9,'image/png',5327,'stores/5.png','[]','2024-06-02 03:59:17','2024-06-02 03:59:17',NULL,'public'),(177,0,'6','6',9,'image/png',5327,'stores/6.png','[]','2024-06-02 03:59:17','2024-06-02 03:59:17',NULL,'public'),(178,0,'7','7',9,'image/png',5327,'stores/7.png','[]','2024-06-02 03:59:17','2024-06-02 03:59:17',NULL,'public'),(179,0,'8','8',9,'image/png',5327,'stores/8.png','[]','2024-06-02 03:59:17','2024-06-02 03:59:17',NULL,'public'),(180,0,'9','9',9,'image/png',5327,'stores/9.png','[]','2024-06-02 03:59:17','2024-06-02 03:59:17',NULL,'public');

--
-- Table structure for table `media_folders`
--

CREATE TABLE `media_folders` (
  `id` bigint unsigned NOT NULL AUTO_INCREMENT,
  `user_id` bigint unsigned NOT NULL,
  `name` varchar(191) COLLATE utf8mb4_unicode_ci DEFAULT NULL,
  `color` varchar(191) COLLATE utf8mb4_unicode_ci DEFAULT NULL,
  `slug` varchar(191) COLLATE utf8mb4_unicode_ci DEFAULT NULL,
  `parent_id` bigint unsigned NOT NULL DEFAULT '0',
  `created_at` timestamp NULL DEFAULT NULL,
  `updated_at` timestamp NULL DEFAULT NULL,
  `deleted_at` timestamp NULL DEFAULT NULL,
  PRIMARY KEY (`id`),
  KEY `media_folders_user_id_index` (`user_id`),
  KEY `media_folders_index` (`parent_id`,`user_id`,`created_at`)
) ENGINE=InnoDB AUTO_INCREMENT=10 DEFAULT CHARSET=utf8mb4 COLLATE=utf8mb4_unicode_ci;

--
-- Dumping data for table `media_folders`
--

INSERT INTO `media_folders` VALUES (1,0,'product-categories',NULL,'product-categories',0,'2024-06-02 03:58:58','2024-06-02 03:58:58',NULL),(2,0,'products',NULL,'products',0,'2024-06-02 03:59:00','2024-06-02 03:59:00',NULL),(3,0,'customers',NULL,'customers',0,'2024-06-02 03:59:05','2024-06-02 03:59:05',NULL),(4,0,'flash-sales',NULL,'flash-sales',0,'2024-06-02 03:59:08','2024-06-02 03:59:08',NULL),(5,0,'sliders',NULL,'sliders',0,'2024-06-02 03:59:09','2024-06-02 03:59:09',NULL),(6,0,'news',NULL,'news',0,'2024-06-02 03:59:11','2024-06-02 03:59:11',NULL),(7,0,'general',NULL,'general',0,'2024-06-02 03:59:13','2024-06-02 03:59:13',NULL),(8,0,'promotion',NULL,'promotion',0,'2024-06-02 03:59:15','2024-06-02 03:59:15',NULL),(9,0,'stores',NULL,'stores',0,'2024-06-02 03:59:16','2024-06-02 03:59:16',NULL);

--
-- Table structure for table `media_settings`
--

CREATE TABLE `media_settings` (
  `id` bigint unsigned NOT NULL AUTO_INCREMENT,
  `key` varchar(120) COLLATE utf8mb4_unicode_ci NOT NULL,
  `value` text COLLATE utf8mb4_unicode_ci,
  `media_id` bigint unsigned DEFAULT NULL,
  `user_id` bigint unsigned DEFAULT NULL,
  `created_at` timestamp NULL DEFAULT NULL,
  `updated_at` timestamp NULL DEFAULT NULL,
  PRIMARY KEY (`id`)
) ENGINE=InnoDB DEFAULT CHARSET=utf8mb4 COLLATE=utf8mb4_unicode_ci;

--
-- Dumping data for table `media_settings`
--


--
-- Table structure for table `menu_locations`
--

CREATE TABLE `menu_locations` (
  `id` bigint unsigned NOT NULL AUTO_INCREMENT,
  `menu_id` bigint unsigned NOT NULL,
  `location` varchar(120) COLLATE utf8mb4_unicode_ci NOT NULL,
  `created_at` timestamp NULL DEFAULT NULL,
  `updated_at` timestamp NULL DEFAULT NULL,
  PRIMARY KEY (`id`),
  KEY `menu_locations_menu_id_created_at_index` (`menu_id`,`created_at`)
) ENGINE=InnoDB AUTO_INCREMENT=3 DEFAULT CHARSET=utf8mb4 COLLATE=utf8mb4_unicode_ci;

--
-- Dumping data for table `menu_locations`
--

INSERT INTO `menu_locations` VALUES (1,1,'main-menu','2024-06-02 03:59:19','2024-06-02 03:59:19'),(2,2,'header-navigation','2024-06-02 03:59:19','2024-06-02 03:59:19');

--
-- Table structure for table `menu_nodes`
--

CREATE TABLE `menu_nodes` (
  `id` bigint unsigned NOT NULL AUTO_INCREMENT,
  `menu_id` bigint unsigned NOT NULL,
  `parent_id` bigint unsigned NOT NULL DEFAULT '0',
  `reference_id` bigint unsigned DEFAULT NULL,
  `reference_type` varchar(191) COLLATE utf8mb4_unicode_ci DEFAULT NULL,
  `url` varchar(120) COLLATE utf8mb4_unicode_ci DEFAULT NULL,
  `icon_font` varchar(50) COLLATE utf8mb4_unicode_ci DEFAULT NULL,
  `position` tinyint unsigned NOT NULL DEFAULT '0',
  `title` varchar(120) COLLATE utf8mb4_unicode_ci DEFAULT NULL,
  `css_class` varchar(120) COLLATE utf8mb4_unicode_ci DEFAULT NULL,
  `target` varchar(20) COLLATE utf8mb4_unicode_ci NOT NULL DEFAULT '_self',
  `has_child` tinyint unsigned NOT NULL DEFAULT '0',
  `created_at` timestamp NULL DEFAULT NULL,
  `updated_at` timestamp NULL DEFAULT NULL,
  PRIMARY KEY (`id`),
  KEY `menu_nodes_menu_id_index` (`menu_id`),
  KEY `menu_nodes_parent_id_index` (`parent_id`),
  KEY `reference_id` (`reference_id`),
  KEY `reference_type` (`reference_type`)
) ENGINE=InnoDB AUTO_INCREMENT=52 DEFAULT CHARSET=utf8mb4 COLLATE=utf8mb4_unicode_ci;

--
-- Dumping data for table `menu_nodes`
--

INSERT INTO `menu_nodes` VALUES (1,1,0,NULL,NULL,'/','fi-rs-home',0,'Home',NULL,'_self',1,'2024-06-02 03:59:19','2024-06-02 03:59:19'),(2,1,1,1,'Botble\\Page\\Models\\Page','/',NULL,0,'Home 1',NULL,'_self',0,'2024-06-02 03:59:19','2024-06-02 03:59:19'),(3,1,1,2,'Botble\\Page\\Models\\Page','/homepage-2',NULL,0,'Home 2',NULL,'_self',0,'2024-06-02 03:59:19','2024-06-02 03:59:19'),(4,1,1,3,'Botble\\Page\\Models\\Page','/homepage-3',NULL,0,'Home 3',NULL,'_self',0,'2024-06-02 03:59:19','2024-06-02 03:59:19'),(5,1,1,4,'Botble\\Page\\Models\\Page','/homepage-4',NULL,0,'Home 4',NULL,'_self',0,'2024-06-02 03:59:19','2024-06-02 03:59:19'),(6,1,1,16,'Botble\\Page\\Models\\Page','/homepage-5',NULL,0,'Home 5',NULL,'_self',0,'2024-06-02 03:59:19','2024-06-02 03:59:19'),(7,1,1,17,'Botble\\Page\\Models\\Page','/homepage-6',NULL,0,'Home 6',NULL,'_self',0,'2024-06-02 03:59:19','2024-06-02 03:59:19'),(8,1,0,NULL,NULL,'/products',NULL,0,'Shop',NULL,'_self',1,'2024-06-02 03:59:19','2024-06-02 03:59:19'),(9,1,8,NULL,NULL,'/products',NULL,0,'Shop Grid - Full Width',NULL,'_self',0,'2024-06-02 03:59:19','2024-06-02 03:59:19'),(10,1,8,NULL,NULL,'/products?layout=product-right-sidebar',NULL,0,'Shop Grid - Right Sidebar',NULL,'_self',0,'2024-06-02 03:59:19','2024-06-02 03:59:19'),(11,1,8,NULL,NULL,'/products?layout=product-left-sidebar',NULL,0,'Shop Grid - Left Sidebar',NULL,'_self',0,'2024-06-02 03:59:19','2024-06-02 03:59:19'),(12,1,8,1,'Botble\\Ecommerce\\Models\\ProductCategory',NULL,NULL,0,'Products Of Category',NULL,'_self',0,'2024-06-02 03:59:19','2024-06-02 03:59:19'),(13,1,0,NULL,NULL,'/stores',NULL,0,'Stores',NULL,'_self',1,'2024-06-02 03:59:19','2024-06-02 03:59:19'),(14,1,13,NULL,NULL,'/stores',NULL,0,'Stores - Grid',NULL,'_self',0,'2024-06-02 03:59:19','2024-06-02 03:59:19'),(15,1,13,NULL,NULL,'/stores?layout=stores-list',NULL,0,'Stores - List',NULL,'_self',0,'2024-06-02 03:59:19','2024-06-02 03:59:19'),(16,1,13,NULL,NULL,'',NULL,0,'Store - Detail',NULL,'_self',0,'2024-06-02 03:59:19','2024-06-02 03:59:19'),(17,1,0,NULL,NULL,'',NULL,0,'Product',NULL,'_self',1,'2024-06-02 03:59:19','2024-06-02 03:59:19'),(18,1,17,NULL,NULL,'',NULL,0,'Product Right Sidebar',NULL,'_self',0,'2024-06-02 03:59:19','2024-06-02 03:59:19'),(19,1,17,NULL,NULL,'',NULL,0,'Product Left Sidebar',NULL,'_self',0,'2024-06-02 03:59:19','2024-06-02 03:59:19'),(20,1,17,NULL,NULL,'',NULL,0,'Product Full Width',NULL,'_self',0,'2024-06-02 03:59:19','2024-06-02 03:59:19'),(21,1,0,5,'Botble\\Page\\Models\\Page',NULL,NULL,0,'Blog',NULL,'_self',1,'2024-06-02 03:59:19','2024-06-02 03:59:19'),(22,1,21,5,'Botble\\Page\\Models\\Page',NULL,NULL,0,'Blog Grid',NULL,'_self',0,'2024-06-02 03:59:19','2024-06-02 03:59:19'),(23,1,21,13,'Botble\\Page\\Models\\Page',NULL,NULL,0,'Blog List',NULL,'_self',0,'2024-06-02 03:59:19','2024-06-02 03:59:19'),(24,1,21,14,'Botble\\Page\\Models\\Page',NULL,NULL,0,'Blog Big',NULL,'_self',0,'2024-06-02 03:59:19','2024-06-02 03:59:19'),(25,1,21,15,'Botble\\Page\\Models\\Page',NULL,NULL,0,'Blog Wide',NULL,'_self',0,'2024-06-02 03:59:19','2024-06-02 03:59:19'),(26,1,21,NULL,NULL,'',NULL,0,'Single Post',NULL,'_self',1,'2024-06-02 03:59:19','2024-06-02 03:59:19'),(27,1,26,NULL,NULL,'',NULL,0,'Single Post Right Sidebar',NULL,'_self',0,'2024-06-02 03:59:19','2024-06-02 03:59:19'),(28,1,26,NULL,NULL,'',NULL,0,'Single Post Left Sidebar',NULL,'_self',0,'2024-06-02 03:59:19','2024-06-02 03:59:19'),(29,1,26,NULL,NULL,'',NULL,0,'Single Post Full Width',NULL,'_self',0,'2024-06-02 03:59:19','2024-06-02 03:59:19'),(30,1,26,NULL,NULL,'',NULL,0,'Single Post with Product Listing',NULL,'_self',0,'2024-06-02 03:59:19','2024-06-02 03:59:19'),(31,1,0,18,'Botble\\Page\\Models\\Page',NULL,NULL,0,'FAQ',NULL,'_self',0,'2024-06-02 03:59:19','2024-06-02 03:59:19'),(32,1,0,6,'Botble\\Page\\Models\\Page',NULL,NULL,0,'Contact',NULL,'_self',0,'2024-06-02 03:59:19','2024-06-02 03:59:19'),(33,2,0,7,'Botble\\Page\\Models\\Page',NULL,NULL,0,'About Us',NULL,'_self',0,'2024-06-02 03:59:19','2024-06-02 03:59:19'),(34,2,0,NULL,NULL,'/orders/tracking',NULL,0,'Order Tracking',NULL,'_self',0,'2024-06-02 03:59:19','2024-06-02 03:59:19'),(35,3,0,1,'Botble\\Ecommerce\\Models\\ProductCategory',NULL,NULL,0,'Milks and Dairies',NULL,'_self',0,'2024-06-02 03:59:19','2024-06-02 03:59:19'),(36,3,0,2,'Botble\\Ecommerce\\Models\\ProductCategory',NULL,NULL,0,'Clothing & beauty',NULL,'_self',0,'2024-06-02 03:59:19','2024-06-02 03:59:19'),(37,3,0,3,'Botble\\Ecommerce\\Models\\ProductCategory',NULL,NULL,0,'Pet Toy',NULL,'_self',0,'2024-06-02 03:59:19','2024-06-02 03:59:19'),(38,3,0,4,'Botble\\Ecommerce\\Models\\ProductCategory',NULL,NULL,0,'Baking material',NULL,'_self',0,'2024-06-02 03:59:19','2024-06-02 03:59:19'),(39,3,0,5,'Botble\\Ecommerce\\Models\\ProductCategory',NULL,NULL,0,'Fresh Fruit',NULL,'_self',0,'2024-06-02 03:59:19','2024-06-02 03:59:19'),(40,3,0,6,'Botble\\Ecommerce\\Models\\ProductCategory',NULL,NULL,0,'Wines & Drinks',NULL,'_self',0,'2024-06-02 03:59:19','2024-06-02 03:59:19'),(41,4,0,6,'Botble\\Page\\Models\\Page',NULL,NULL,0,'Contact Us',NULL,'_self',0,'2024-06-02 03:59:19','2024-06-02 03:59:19'),(42,4,0,7,'Botble\\Page\\Models\\Page',NULL,NULL,0,'About Us',NULL,'_self',0,'2024-06-02 03:59:19','2024-06-02 03:59:19'),(43,4,0,8,'Botble\\Page\\Models\\Page',NULL,NULL,0,'Cookie Policy',NULL,'_self',0,'2024-06-02 03:59:19','2024-06-02 03:59:19'),(44,4,0,9,'Botble\\Page\\Models\\Page',NULL,NULL,0,'Terms & Conditions',NULL,'_self',0,'2024-06-02 03:59:19','2024-06-02 03:59:19'),(45,4,0,10,'Botble\\Page\\Models\\Page',NULL,NULL,0,'Returns & Exchanges',NULL,'_self',0,'2024-06-02 03:59:19','2024-06-02 03:59:19'),(46,4,0,11,'Botble\\Page\\Models\\Page',NULL,NULL,0,'Shipping & Delivery',NULL,'_self',0,'2024-06-02 03:59:19','2024-06-02 03:59:19'),(47,4,0,12,'Botble\\Page\\Models\\Page',NULL,NULL,0,'Privacy Policy',NULL,'_self',0,'2024-06-02 03:59:19','2024-06-02 03:59:19'),(48,5,0,7,'Botble\\Page\\Models\\Page',NULL,NULL,0,'About us',NULL,'_self',0,'2024-06-02 03:59:19','2024-06-02 03:59:19'),(49,5,0,NULL,NULL,'#',NULL,0,'Affiliate',NULL,'_self',0,'2024-06-02 03:59:19','2024-06-02 03:59:19'),(50,5,0,NULL,NULL,'#',NULL,0,'Career',NULL,'_self',0,'2024-06-02 03:59:19','2024-06-02 03:59:19'),(51,5,0,6,'Botble\\Page\\Models\\Page',NULL,NULL,0,'Contact us',NULL,'_self',0,'2024-06-02 03:59:19','2024-06-02 03:59:19');

--
-- Table structure for table `menus`
--

CREATE TABLE `menus` (
  `id` bigint unsigned NOT NULL AUTO_INCREMENT,
  `name` varchar(120) COLLATE utf8mb4_unicode_ci NOT NULL,
  `slug` varchar(120) COLLATE utf8mb4_unicode_ci DEFAULT NULL,
  `status` varchar(60) COLLATE utf8mb4_unicode_ci NOT NULL DEFAULT 'published',
  `created_at` timestamp NULL DEFAULT NULL,
  `updated_at` timestamp NULL DEFAULT NULL,
  PRIMARY KEY (`id`),
  UNIQUE KEY `menus_slug_unique` (`slug`)
) ENGINE=InnoDB AUTO_INCREMENT=6 DEFAULT CHARSET=utf8mb4 COLLATE=utf8mb4_unicode_ci;

--
-- Dumping data for table `menus`
--

INSERT INTO `menus` VALUES (1,'Main menu','main-menu','published','2024-06-02 03:59:19','2024-06-02 03:59:19'),(2,'Header menu','header-menu','published','2024-06-02 03:59:19','2024-06-02 03:59:19'),(3,'Product categories','product-categories','published','2024-06-02 03:59:19','2024-06-02 03:59:19'),(4,'Information','information','published','2024-06-02 03:59:19','2024-06-02 03:59:19'),(5,'Company','company','published','2024-06-02 03:59:19','2024-06-02 03:59:19');

--
-- Table structure for table `meta_boxes`
--

CREATE TABLE `meta_boxes` (
  `id` bigint unsigned NOT NULL AUTO_INCREMENT,
  `meta_key` varchar(191) COLLATE utf8mb4_unicode_ci NOT NULL,
  `meta_value` text COLLATE utf8mb4_unicode_ci,
  `reference_id` bigint unsigned NOT NULL,
  `reference_type` varchar(120) COLLATE utf8mb4_unicode_ci NOT NULL,
  `created_at` timestamp NULL DEFAULT NULL,
  `updated_at` timestamp NULL DEFAULT NULL,
  PRIMARY KEY (`id`),
  KEY `meta_boxes_reference_id_index` (`reference_id`)
) ENGINE=InnoDB AUTO_INCREMENT=98 DEFAULT CHARSET=utf8mb4 COLLATE=utf8mb4_unicode_ci;

--
-- Dumping data for table `meta_boxes`
--

INSERT INTO `meta_boxes` VALUES (1,'background_color','[\"#F2FCE4\"]',1,'Botble\\Ecommerce\\Models\\ProductCategory','2024-06-02 03:59:00','2024-06-02 03:59:00'),(2,'background_color','[\"#FFFCEB\"]',2,'Botble\\Ecommerce\\Models\\ProductCategory','2024-06-02 03:59:00','2024-06-02 03:59:00'),(3,'background_color','[\"#ECFFEC\"]',3,'Botble\\Ecommerce\\Models\\ProductCategory','2024-06-02 03:59:00','2024-06-02 03:59:00'),(4,'background_color','[\"#FEEFEA\"]',4,'Botble\\Ecommerce\\Models\\ProductCategory','2024-06-02 03:59:00','2024-06-02 03:59:00'),(5,'background_color','[\"#FFF3EB\"]',5,'Botble\\Ecommerce\\Models\\ProductCategory','2024-06-02 03:59:00','2024-06-02 03:59:00'),(6,'background_color','[\"#FFF3FF\"]',6,'Botble\\Ecommerce\\Models\\ProductCategory','2024-06-02 03:59:00','2024-06-02 03:59:00'),(7,'background_color','[\"#F2FCE4\"]',7,'Botble\\Ecommerce\\Models\\ProductCategory','2024-06-02 03:59:00','2024-06-02 03:59:00'),(8,'background_color','[\"#FFFCEB\"]',8,'Botble\\Ecommerce\\Models\\ProductCategory','2024-06-02 03:59:00','2024-06-02 03:59:00'),(9,'background_color','[\"#ECFFEC\"]',9,'Botble\\Ecommerce\\Models\\ProductCategory','2024-06-02 03:59:00','2024-06-02 03:59:00'),(10,'background_color','[\"#FEEFEA\"]',10,'Botble\\Ecommerce\\Models\\ProductCategory','2024-06-02 03:59:00','2024-06-02 03:59:00'),(11,'background_color','[\"#FFF3EB\"]',11,'Botble\\Ecommerce\\Models\\ProductCategory','2024-06-02 03:59:00','2024-06-02 03:59:00'),(12,'background_color','[\"#FFF3FF\"]',12,'Botble\\Ecommerce\\Models\\ProductCategory','2024-06-02 03:59:00','2024-06-02 03:59:00'),(13,'background_color','[\"#F2FCE4\"]',13,'Botble\\Ecommerce\\Models\\ProductCategory','2024-06-02 03:59:00','2024-06-02 03:59:00'),(14,'background_color','[\"#FFFCEB\"]',14,'Botble\\Ecommerce\\Models\\ProductCategory','2024-06-02 03:59:00','2024-06-02 03:59:00'),(15,'layout','[\"product-right-sidebar\"]',1,'Botble\\Ecommerce\\Models\\Product','2024-06-02 03:59:04','2024-06-02 03:59:04'),(16,'is_popular','[\"1\"]',1,'Botble\\Ecommerce\\Models\\Product','2024-06-02 03:59:04','2024-06-02 03:59:04'),(17,'faq_ids','[[1,2,5,6,9]]',1,'Botble\\Ecommerce\\Models\\Product','2024-06-02 03:59:04','2024-06-02 03:59:04'),(18,'layout','[\"product-left-sidebar\"]',2,'Botble\\Ecommerce\\Models\\Product','2024-06-02 03:59:04','2024-06-02 03:59:04'),(19,'faq_ids','[[1,5,6,8,10]]',2,'Botble\\Ecommerce\\Models\\Product','2024-06-02 03:59:04','2024-06-02 03:59:04'),(20,'layout','[\"product-full-width\"]',3,'Botble\\Ecommerce\\Models\\Product','2024-06-02 03:59:04','2024-06-02 03:59:04'),(21,'is_popular','[\"1\"]',3,'Botble\\Ecommerce\\Models\\Product','2024-06-02 03:59:04','2024-06-02 03:59:04'),(22,'faq_ids','[[1,5,7,8,9]]',3,'Botble\\Ecommerce\\Models\\Product','2024-06-02 03:59:04','2024-06-02 03:59:04'),(23,'faq_ids','[[2,3,6,8,10]]',4,'Botble\\Ecommerce\\Models\\Product','2024-06-02 03:59:04','2024-06-02 03:59:04'),(24,'is_popular','[\"1\"]',5,'Botble\\Ecommerce\\Models\\Product','2024-06-02 03:59:04','2024-06-02 03:59:04'),(25,'faq_ids','[[2,5,7,8,10]]',5,'Botble\\Ecommerce\\Models\\Product','2024-06-02 03:59:04','2024-06-02 03:59:04'),(26,'faq_ids','[[1,2,4,6,8]]',6,'Botble\\Ecommerce\\Models\\Product','2024-06-02 03:59:04','2024-06-02 03:59:04'),(27,'is_popular','[\"1\"]',7,'Botble\\Ecommerce\\Models\\Product','2024-06-02 03:59:04','2024-06-02 03:59:04'),(28,'faq_ids','[[3,4,7,9,10]]',7,'Botble\\Ecommerce\\Models\\Product','2024-06-02 03:59:04','2024-06-02 03:59:04'),(29,'faq_ids','[[1,2,3,6,8]]',8,'Botble\\Ecommerce\\Models\\Product','2024-06-02 03:59:04','2024-06-02 03:59:04'),(30,'is_popular','[\"1\"]',9,'Botble\\Ecommerce\\Models\\Product','2024-06-02 03:59:04','2024-06-02 03:59:04'),(31,'faq_ids','[[1,4,5,7,10]]',9,'Botble\\Ecommerce\\Models\\Product','2024-06-02 03:59:04','2024-06-02 03:59:04'),(32,'faq_ids','[[1,3,5,7,9]]',10,'Botble\\Ecommerce\\Models\\Product','2024-06-02 03:59:04','2024-06-02 03:59:04'),(33,'is_popular','[\"1\"]',11,'Botble\\Ecommerce\\Models\\Product','2024-06-02 03:59:04','2024-06-02 03:59:04'),(34,'faq_ids','[[1,2,6,9,10]]',11,'Botble\\Ecommerce\\Models\\Product','2024-06-02 03:59:04','2024-06-02 03:59:04'),(35,'faq_ids','[[2,3,6,7,8]]',12,'Botble\\Ecommerce\\Models\\Product','2024-06-02 03:59:04','2024-06-02 03:59:04'),(36,'is_popular','[\"1\"]',13,'Botble\\Ecommerce\\Models\\Product','2024-06-02 03:59:04','2024-06-02 03:59:04'),(37,'faq_ids','[[2,4,5,6,10]]',13,'Botble\\Ecommerce\\Models\\Product','2024-06-02 03:59:04','2024-06-02 03:59:04'),(38,'faq_ids','[[2,5,6,8,10]]',14,'Botble\\Ecommerce\\Models\\Product','2024-06-02 03:59:04','2024-06-02 03:59:04'),(39,'is_popular','[\"1\"]',15,'Botble\\Ecommerce\\Models\\Product','2024-06-02 03:59:04','2024-06-02 03:59:04'),(40,'faq_ids','[[4,5,6,7,8]]',15,'Botble\\Ecommerce\\Models\\Product','2024-06-02 03:59:04','2024-06-02 03:59:04'),(41,'faq_ids','[[2,3,5,6,7]]',16,'Botble\\Ecommerce\\Models\\Product','2024-06-02 03:59:04','2024-06-02 03:59:04'),(42,'is_popular','[\"1\"]',17,'Botble\\Ecommerce\\Models\\Product','2024-06-02 03:59:04','2024-06-02 03:59:04'),(43,'faq_ids','[[1,3,4,6,10]]',17,'Botble\\Ecommerce\\Models\\Product','2024-06-02 03:59:04','2024-06-02 03:59:04'),(44,'faq_ids','[[1,2,3,4,7]]',18,'Botble\\Ecommerce\\Models\\Product','2024-06-02 03:59:04','2024-06-02 03:59:04'),(45,'is_popular','[\"1\"]',19,'Botble\\Ecommerce\\Models\\Product','2024-06-02 03:59:04','2024-06-02 03:59:04'),(46,'faq_ids','[[1,2,6,8,9]]',19,'Botble\\Ecommerce\\Models\\Product','2024-06-02 03:59:04','2024-06-02 03:59:04'),(47,'faq_ids','[[2,3,5,6,10]]',20,'Botble\\Ecommerce\\Models\\Product','2024-06-02 03:59:04','2024-06-02 03:59:04'),(48,'is_popular','[\"1\"]',21,'Botble\\Ecommerce\\Models\\Product','2024-06-02 03:59:04','2024-06-02 03:59:04'),(49,'faq_ids','[[1,2,3,6,7]]',21,'Botble\\Ecommerce\\Models\\Product','2024-06-02 03:59:04','2024-06-02 03:59:04'),(50,'faq_ids','[[1,2,4,5,7]]',22,'Botble\\Ecommerce\\Models\\Product','2024-06-02 03:59:04','2024-06-02 03:59:04'),(51,'is_popular','[\"1\"]',23,'Botble\\Ecommerce\\Models\\Product','2024-06-02 03:59:04','2024-06-02 03:59:04'),(52,'faq_ids','[[1,2,3,5,6]]',23,'Botble\\Ecommerce\\Models\\Product','2024-06-02 03:59:04','2024-06-02 03:59:04'),(53,'faq_ids','[[1,2,6,9,10]]',24,'Botble\\Ecommerce\\Models\\Product','2024-06-02 03:59:04','2024-06-02 03:59:04'),(54,'image','[\"flash-sales\\/1.png\"]',1,'Botble\\Ecommerce\\Models\\FlashSale','2024-06-02 03:59:09','2024-06-02 03:59:09'),(55,'image','[\"flash-sales\\/2.png\"]',2,'Botble\\Ecommerce\\Models\\FlashSale','2024-06-02 03:59:09','2024-06-02 03:59:09'),(56,'image','[\"flash-sales\\/3.png\"]',3,'Botble\\Ecommerce\\Models\\FlashSale','2024-06-02 03:59:09','2024-06-02 03:59:09'),(57,'image','[\"flash-sales\\/4.png\"]',4,'Botble\\Ecommerce\\Models\\FlashSale','2024-06-02 03:59:09','2024-06-02 03:59:09'),(58,'image','[\"flash-sales\\/5.png\"]',5,'Botble\\Ecommerce\\Models\\FlashSale','2024-06-02 03:59:09','2024-06-02 03:59:09'),(59,'simple_slider_style','[\"style-4\"]',1,'Botble\\SimpleSlider\\Models\\SimpleSlider','2024-06-02 03:59:11','2024-06-02 03:59:11'),(60,'simple_slider_style','[\"style-2\"]',2,'Botble\\SimpleSlider\\Models\\SimpleSlider','2024-06-02 03:59:11','2024-06-02 03:59:11'),(61,'simple_slider_style','[\"style-3\"]',3,'Botble\\SimpleSlider\\Models\\SimpleSlider','2024-06-02 03:59:11','2024-06-02 03:59:11'),(62,'simple_slider_style','[\"style-1\"]',4,'Botble\\SimpleSlider\\Models\\SimpleSlider','2024-06-02 03:59:11','2024-06-02 03:59:11'),(63,'simple_slider_style','[\"style-5\"]',5,'Botble\\SimpleSlider\\Models\\SimpleSlider','2024-06-02 03:59:11','2024-06-02 03:59:11'),(64,'simple_slider_style','[\"style-6\"]',6,'Botble\\SimpleSlider\\Models\\SimpleSlider','2024-06-02 03:59:11','2024-06-02 03:59:11'),(65,'simple_slider_style','[\"style-1\"]',7,'Botble\\SimpleSlider\\Models\\SimpleSlider','2024-06-02 03:59:11','2024-06-02 03:59:11'),(66,'header_style','[\"header-style-5\"]',16,'Botble\\Page\\Models\\Page','2024-06-02 03:59:12','2024-06-02 03:59:12'),(67,'header_style','[\"header-style-5\"]',17,'Botble\\Page\\Models\\Page','2024-06-02 03:59:12','2024-06-02 03:59:12'),(68,'button_text','[\"Shop now\"]',1,'Botble\\Ads\\Models\\Ads','2024-06-02 03:59:16','2024-06-02 03:59:16'),(69,'subtitle','[\"Everyday Fresh & \\nClean with Our \\nProducts\"]',1,'Botble\\Ads\\Models\\Ads','2024-06-02 03:59:16','2024-06-02 03:59:16'),(70,'button_text','[\"Shop now\"]',2,'Botble\\Ads\\Models\\Ads','2024-06-02 03:59:16','2024-06-02 03:59:16'),(71,'subtitle','[\"Make your Breakfast Healthy and Easy\"]',2,'Botble\\Ads\\Models\\Ads','2024-06-02 03:59:16','2024-06-02 03:59:16'),(72,'button_text','[\"Shop now\"]',3,'Botble\\Ads\\Models\\Ads','2024-06-02 03:59:16','2024-06-02 03:59:16'),(73,'subtitle','[\"The best Organic Products Online\"]',3,'Botble\\Ads\\Models\\Ads','2024-06-02 03:59:16','2024-06-02 03:59:16'),(74,'button_text','[\"Shop now\"]',4,'Botble\\Ads\\Models\\Ads','2024-06-02 03:59:16','2024-06-02 03:59:16'),(75,'subtitle','[\"Bring nature into your home\"]',4,'Botble\\Ads\\Models\\Ads','2024-06-02 03:59:16','2024-06-02 03:59:16'),(76,'button_text','[\"Shop now\"]',5,'Botble\\Ads\\Models\\Ads','2024-06-02 03:59:16','2024-06-02 03:59:16'),(77,'subtitle','[\"Delivered to your home\"]',5,'Botble\\Ads\\Models\\Ads','2024-06-02 03:59:16','2024-06-02 03:59:16'),(78,'button_text','[\"Shop now\"]',6,'Botble\\Ads\\Models\\Ads','2024-06-02 03:59:16','2024-06-02 03:59:16'),(79,'subtitle','[\"Save 17% <br \\/>on Oganic <br \\/>Juice\"]',6,'Botble\\Ads\\Models\\Ads','2024-06-02 03:59:16','2024-06-02 03:59:16'),(80,'button_text','[\"Shop now\"]',7,'Botble\\Ads\\Models\\Ads','2024-06-02 03:59:16','2024-06-02 03:59:16'),(81,'subtitle','[\"Everyday Fresh & Clean with Our Products\"]',7,'Botble\\Ads\\Models\\Ads','2024-06-02 03:59:16','2024-06-02 03:59:16'),(82,'button_text','[\"Shop now\"]',8,'Botble\\Ads\\Models\\Ads','2024-06-02 03:59:16','2024-06-02 03:59:16'),(83,'subtitle','[\"The best Organic Products Online\"]',8,'Botble\\Ads\\Models\\Ads','2024-06-02 03:59:16','2024-06-02 03:59:16'),(84,'button_text','[\"Go to supplier\"]',9,'Botble\\Ads\\Models\\Ads','2024-06-02 03:59:16','2024-06-02 03:59:16'),(85,'subtitle','[\"Everyday Fresh with\\n Our Products\"]',9,'Botble\\Ads\\Models\\Ads','2024-06-02 03:59:16','2024-06-02 03:59:16'),(86,'button_text','[\"Go to supplier\"]',10,'Botble\\Ads\\Models\\Ads','2024-06-02 03:59:16','2024-06-02 03:59:16'),(87,'subtitle','[\"100% guaranteed all\\n Fresh items\"]',10,'Botble\\Ads\\Models\\Ads','2024-06-02 03:59:16','2024-06-02 03:59:16'),(88,'button_text','[\"Go to supplier\"]',11,'Botble\\Ads\\Models\\Ads','2024-06-02 03:59:16','2024-06-02 03:59:16'),(89,'subtitle','[\"Special grocery sale\\n off this month\"]',11,'Botble\\Ads\\Models\\Ads','2024-06-02 03:59:16','2024-06-02 03:59:16'),(90,'button_text','[\"Go to supplier\"]',12,'Botble\\Ads\\Models\\Ads','2024-06-02 03:59:16','2024-06-02 03:59:16'),(91,'subtitle','[\"Enjoy 15% OFF for all\\n vegetable and fruit\"]',12,'Botble\\Ads\\Models\\Ads','2024-06-02 03:59:16','2024-06-02 03:59:16'),(92,'social_links','[{\"facebook\":\"botble\",\"twitter\":\"botble\"}]',1,'Botble\\Marketplace\\Models\\Store','2024-06-02 03:59:19','2024-06-02 03:59:19'),(93,'social_links','[{\"facebook\":\"botble\",\"twitter\":\"botble\"}]',2,'Botble\\Marketplace\\Models\\Store','2024-06-02 03:59:19','2024-06-02 03:59:19'),(94,'social_links','[{\"facebook\":\"botble\",\"twitter\":\"botble\"}]',3,'Botble\\Marketplace\\Models\\Store','2024-06-02 03:59:19','2024-06-02 03:59:19'),(95,'social_links','[{\"facebook\":\"botble\",\"twitter\":\"botble\"}]',4,'Botble\\Marketplace\\Models\\Store','2024-06-02 03:59:19','2024-06-02 03:59:19'),(96,'social_links','[{\"facebook\":\"botble\",\"twitter\":\"botble\"}]',5,'Botble\\Marketplace\\Models\\Store','2024-06-02 03:59:19','2024-06-02 03:59:19'),(97,'social_links','[{\"facebook\":\"botble\",\"twitter\":\"botble\"}]',6,'Botble\\Marketplace\\Models\\Store','2024-06-02 03:59:19','2024-06-02 03:59:19');

--
-- Table structure for table `migrations`
--

CREATE TABLE `migrations` (
  `id` int unsigned NOT NULL AUTO_INCREMENT,
  `migration` varchar(191) COLLATE utf8mb4_unicode_ci NOT NULL,
  `batch` int NOT NULL,
  PRIMARY KEY (`id`)
) ENGINE=InnoDB AUTO_INCREMENT=188 DEFAULT CHARSET=utf8mb4 COLLATE=utf8mb4_unicode_ci;

--
-- Dumping data for table `migrations`
--

INSERT INTO `migrations` VALUES (1,'2013_04_09_032329_create_base_tables',1),(2,'2013_04_09_062329_create_revisions_table',1),(3,'2014_10_12_000000_create_users_table',1),(4,'2014_10_12_100000_create_password_reset_tokens_table',1),(5,'2016_06_10_230148_create_acl_tables',1),(6,'2016_06_14_230857_create_menus_table',1),(7,'2016_06_28_221418_create_pages_table',1),(8,'2016_10_05_074239_create_setting_table',1),(9,'2016_11_28_032840_create_dashboard_widget_tables',1),(10,'2016_12_16_084601_create_widgets_table',1),(11,'2017_05_09_070343_create_media_tables',1),(12,'2017_11_03_070450_create_slug_table',1),(13,'2019_01_05_053554_create_jobs_table',1),(14,'2019_08_19_000000_create_failed_jobs_table',1),(15,'2019_12_14_000001_create_personal_access_tokens_table',1),(16,'2022_04_20_100851_add_index_to_media_table',1),(17,'2022_04_20_101046_add_index_to_menu_table',1),(18,'2022_07_10_034813_move_lang_folder_to_root',1),(19,'2022_08_04_051940_add_missing_column_expires_at',1),(20,'2022_09_01_000001_create_admin_notifications_tables',1),(21,'2022_10_14_024629_drop_column_is_featured',1),(22,'2022_11_18_063357_add_missing_timestamp_in_table_settings',1),(23,'2022_12_02_093615_update_slug_index_columns',1),(24,'2023_01_30_024431_add_alt_to_media_table',1),(25,'2023_02_16_042611_drop_table_password_resets',1),(26,'2023_04_23_005903_add_column_permissions_to_admin_notifications',1),(27,'2023_05_10_075124_drop_column_id_in_role_users_table',1),(28,'2023_08_21_090810_make_page_content_nullable',1),(29,'2023_09_14_021936_update_index_for_slugs_table',1),(30,'2023_12_06_100448_change_random_hash_for_media',1),(31,'2023_12_07_095130_add_color_column_to_media_folders_table',1),(32,'2023_12_17_162208_make_sure_column_color_in_media_folders_nullable',1),(33,'2024_01_07_072057_update_theme_option_for_login_page',1),(34,'2024_04_04_110758_update_value_column_in_user_meta_table',1),(35,'2024_04_25_021317_remove_wrong_widget',1),(36,'2024_05_12_091229_add_column_visibility_to_table_media_files',1),(37,'2024_05_16_100000_change_random_hash_for_media',1),(38,'2020_11_18_150916_ads_create_ads_table',2),(39,'2021_12_02_035301_add_ads_translations_table',2),(40,'2023_04_17_062645_add_open_in_new_tab',2),(41,'2023_11_07_023805_add_tablet_mobile_image',2),(42,'2024_04_01_043317_add_google_adsense_slot_id_to_ads_table',2),(43,'2024_04_27_100730_improve_analytics_setting',3),(44,'2015_06_29_025744_create_audit_history',4),(45,'2023_11_14_033417_change_request_column_in_table_audit_histories',4),(46,'2015_06_18_033822_create_blog_table',5),(47,'2021_02_16_092633_remove_default_value_for_author_type',5),(48,'2021_12_03_030600_create_blog_translations',5),(49,'2022_04_19_113923_add_index_to_table_posts',5),(50,'2023_08_29_074620_make_column_author_id_nullable',5),(51,'2016_06_17_091537_create_contacts_table',6),(52,'2023_11_10_080225_migrate_contact_blacklist_email_domains_to_core',6),(53,'2024_03_20_080001_migrate_change_attribute_email_to_nullable_form_contacts_table',6),(54,'2024_03_25_000001_update_captcha_settings_for_contact',6),(55,'2024_04_19_063914_create_custom_fields_table',6),(56,'2020_03_05_041139_create_ecommerce_tables',7),(57,'2021_01_01_044147_ecommerce_create_flash_sale_table',7),(58,'2021_01_17_082713_add_column_is_featured_to_product_collections_table',7),(59,'2021_01_18_024333_add_zip_code_into_table_customer_addresses',7),(60,'2021_02_18_073505_update_table_ec_reviews',7),(61,'2021_03_10_024419_add_column_confirmed_at_to_table_ec_customers',7),(62,'2021_03_10_025153_change_column_tax_amount',7),(63,'2021_03_20_033103_add_column_availability_to_table_ec_products',7),(64,'2021_04_28_074008_ecommerce_create_product_label_table',7),(65,'2021_05_31_173037_ecommerce_create_ec_products_translations',7),(66,'2021_08_17_105016_remove_column_currency_id_in_some_tables',7),(67,'2021_08_30_142128_add_images_column_to_ec_reviews_table',7),(68,'2021_10_04_030050_add_column_created_by_to_table_ec_products',7),(69,'2021_10_05_122616_add_status_column_to_ec_customers_table',7),(70,'2021_11_03_025806_nullable_phone_number_in_ec_customer_addresses',7),(71,'2021_11_23_071403_correct_languages_for_product_variations',7),(72,'2021_11_28_031808_add_product_tags_translations',7),(73,'2021_12_01_031123_add_featured_image_to_ec_products',7),(74,'2022_01_01_033107_update_table_ec_shipments',7),(75,'2022_02_16_042457_improve_product_attribute_sets',7),(76,'2022_03_22_075758_correct_product_name',7),(77,'2022_04_19_113334_add_index_to_ec_products',7),(78,'2022_04_28_144405_remove_unused_table',7),(79,'2022_05_05_115015_create_ec_customer_recently_viewed_products_table',7),(80,'2022_05_18_143720_add_index_to_table_ec_product_categories',7),(81,'2022_06_16_095633_add_index_to_some_tables',7),(82,'2022_06_30_035148_create_order_referrals_table',7),(83,'2022_07_24_153815_add_completed_at_to_ec_orders_table',7),(84,'2022_08_14_032836_create_ec_order_returns_table',7),(85,'2022_08_14_033554_create_ec_order_return_items_table',7),(86,'2022_08_15_040324_add_billing_address',7),(87,'2022_08_30_091114_support_digital_products_table',7),(88,'2022_09_13_095744_create_options_table',7),(89,'2022_09_13_104347_create_option_value_table',7),(90,'2022_10_05_163518_alter_table_ec_order_product',7),(91,'2022_10_12_041517_create_invoices_table',7),(92,'2022_10_12_142226_update_orders_table',7),(93,'2022_10_13_024916_update_table_order_returns',7),(94,'2022_10_21_030830_update_columns_in_ec_shipments_table',7),(95,'2022_10_28_021046_update_columns_in_ec_shipments_table',7),(96,'2022_11_16_034522_update_type_column_in_ec_shipping_rules_table',7),(97,'2022_11_19_041643_add_ec_tax_product_table',7),(98,'2022_12_12_063830_update_tax_defadult_in_ec_tax_products_table',7),(99,'2022_12_17_041532_fix_address_in_order_invoice',7),(100,'2022_12_26_070329_create_ec_product_views_table',7),(101,'2023_01_04_033051_fix_product_categories',7),(102,'2023_01_09_050400_add_ec_global_options_translations_table',7),(103,'2023_01_10_093754_add_missing_option_value_id',7),(104,'2023_01_17_082713_add_column_barcode_and_cost_per_item_to_product_table',7),(105,'2023_01_26_021854_add_ec_customer_used_coupons_table',7),(106,'2023_02_08_015900_update_options_column_in_ec_order_product_table',7),(107,'2023_02_27_095752_remove_duplicate_reviews',7),(108,'2023_03_20_115757_add_user_type_column_to_ec_shipment_histories_table',7),(109,'2023_04_21_082427_create_ec_product_categorizables_table',7),(110,'2023_05_03_011331_add_missing_column_price_into_invoice_items_table',7),(111,'2023_05_17_025812_fix_invoice_issue',7),(112,'2023_05_26_073140_move_option_make_phone_field_optional_at_checkout_page_to_mandatory_fields',7),(113,'2023_05_27_144611_fix_exchange_rate_setting',7),(114,'2023_06_22_084331_add_generate_license_code_to_ec_products_table',7),(115,'2023_06_30_042512_create_ec_order_tax_information_table',7),(116,'2023_07_14_022724_remove_column_id_from_ec_product_collection_products',7),(117,'2023_08_09_012940_remove_column_status_in_ec_product_attributes',7),(118,'2023_08_15_064505_create_ec_tax_rules_table',7),(119,'2023_08_21_021819_make_column_address_in_ec_customer_addresses_nullable',7),(120,'2023_08_22_094114_drop_unique_for_barcode',7),(121,'2023_08_30_031811_add_apply_via_url_column_to_ec_discounts_table',7),(122,'2023_09_07_094312_add_index_to_product_sku_and_translations',7),(123,'2023_09_19_024955_create_discount_product_categories_table',7),(124,'2023_10_17_070728_add_icon_and_icon_image_to_product_categories_table',7),(125,'2023_11_22_154643_add_unique_in_table_ec_products_variations',7),(126,'2023_11_27_032313_add_price_columns_to_ec_product_cross_sale_relations_table',7),(127,'2023_12_06_023945_add_display_on_checkout_column_to_ec_discounts_table',7),(128,'2023_12_25_040604_ec_create_review_replies_table',7),(129,'2023_12_26_090340_add_private_notes_column_to_ec_customers_table',7),(130,'2024_01_16_070706_fix_translation_tables',7),(131,'2024_01_23_075227_add_proof_file_to_ec_orders_table',7),(132,'2024_03_26_041531_add_cancel_reason_to_ec_orders_table',7),(133,'2024_03_27_062402_create_ec_customer_deletion_requests_table',7),(134,'2024_03_29_042242_migrate_old_captcha_settings',7),(135,'2024_03_29_093946_create_ec_order_return_histories_table',7),(136,'2024_04_01_063523_add_customer_columns_to_ec_reviews_table',7),(137,'2024_04_15_092654_migrate_ecommerce_google_tag_manager_code_setting',7),(138,'2024_04_16_035713_add_min_max_order_quantity_columns_to_products_table',7),(139,'2024_05_07_073153_improve_table_wishlist',7),(140,'2024_05_07_093703_add_missing_zip_code_into_table_store_locators',7),(141,'2024_05_15_021503_fix_invoice_path',7),(142,'2018_07_09_221238_create_faq_table',8),(143,'2021_12_03_082134_create_faq_translations',8),(144,'2023_11_17_063408_add_description_column_to_faq_categories_table',8),(145,'2016_10_03_032336_create_languages_table',9),(146,'2023_09_14_022423_add_index_for_language_table',9),(147,'2021_10_25_021023_fix-priority-load-for-language-advanced',10),(148,'2021_12_03_075608_create_page_translations',10),(149,'2023_07_06_011444_create_slug_translations_table',10),(150,'2019_11_18_061011_create_country_table',11),(151,'2021_12_03_084118_create_location_translations',11),(152,'2021_12_03_094518_migrate_old_location_data',11),(153,'2021_12_10_034440_switch_plugin_location_to_use_language_advanced',11),(154,'2022_01_16_085908_improve_plugin_location',11),(155,'2022_08_04_052122_delete_location_backup_tables',11),(156,'2023_04_23_061847_increase_state_translations_abbreviation_column',11),(157,'2023_07_26_041451_add_more_columns_to_location_table',11),(158,'2023_07_27_041451_add_more_columns_to_location_translation_table',11),(159,'2023_08_15_073307_drop_unique_in_states_cities_translations',11),(160,'2023_10_21_065016_make_state_id_in_table_cities_nullable',11),(161,'2021_07_06_030002_create_marketplace_table',12),(162,'2021_09_04_150137_add_vendor_verified_at_to_ec_customers_table',12),(163,'2021_10_04_033903_add_column_approved_by_into_table_ec_products',12),(164,'2021_10_06_124943_add_transaction_id_column_to_mp_customer_withdrawals_table',12),(165,'2021_10_10_054216_add_columns_to_mp_customer_revenues_table',12),(166,'2021_12_06_031304_update_table_mp_customer_revenues',12),(167,'2022_10_19_152916_add_columns_to_mp_stores_table',12),(168,'2022_10_20_062849_create_mp_category_sale_commissions_table',12),(169,'2022_11_02_071413_add_more_info_for_store',12),(170,'2022_11_02_080444_add_tax_info',12),(171,'2023_02_01_062030_add_store_translations',12),(172,'2023_02_13_032133_update_fee_column_mp_customer_revenues_table',12),(173,'2023_02_17_023648_fix_store_prefix',12),(174,'2024_04_03_062451_add_cover_image_to_table_mp_stores',12),(175,'2024_05_07_082630_create_mp_messages_table',12),(176,'2017_10_24_154832_create_newsletter_table',13),(177,'2024_03_25_000001_update_captcha_settings_for_newsletter',13),(178,'2017_05_18_080441_create_payment_tables',14),(179,'2021_03_27_144913_add_customer_type_into_table_payments',14),(180,'2021_05_24_034720_make_column_currency_nullable',14),(181,'2021_08_09_161302_add_metadata_column_to_payments_table',14),(182,'2021_10_19_020859_update_metadata_field',14),(183,'2022_06_28_151901_activate_paypal_stripe_plugin',14),(184,'2022_07_07_153354_update_charge_id_in_table_payments',14),(185,'2017_07_11_140018_create_simple_slider_table',15),(186,'2016_10_07_193005_create_translations_table',16),(187,'2023_12_12_105220_drop_translations_table',16);

--
-- Table structure for table `mp_category_sale_commissions`
--

CREATE TABLE `mp_category_sale_commissions` (
  `id` bigint unsigned NOT NULL AUTO_INCREMENT,
  `product_category_id` bigint unsigned NOT NULL,
  `commission_percentage` decimal(8,2) NOT NULL DEFAULT '0.00',
  PRIMARY KEY (`id`),
  UNIQUE KEY `mp_category_sale_commissions_product_category_id_unique` (`product_category_id`)
) ENGINE=InnoDB DEFAULT CHARSET=utf8mb4 COLLATE=utf8mb4_unicode_ci;

--
-- Dumping data for table `mp_category_sale_commissions`
--


--
-- Table structure for table `mp_customer_revenues`
--

CREATE TABLE `mp_customer_revenues` (
  `id` bigint unsigned NOT NULL AUTO_INCREMENT,
  `customer_id` bigint unsigned DEFAULT NULL,
  `order_id` bigint unsigned DEFAULT NULL,
  `sub_amount` decimal(15,2) DEFAULT '0.00',
  `fee` decimal(15,2) DEFAULT '0.00',
  `amount` decimal(15,2) DEFAULT '0.00',
  `current_balance` decimal(15,2) DEFAULT '0.00',
  `currency` varchar(120) COLLATE utf8mb4_unicode_ci DEFAULT NULL,
  `description` text COLLATE utf8mb4_unicode_ci,
  `created_at` timestamp NULL DEFAULT NULL,
  `updated_at` timestamp NULL DEFAULT NULL,
  `user_id` bigint unsigned NOT NULL DEFAULT '0',
  `type` varchar(60) COLLATE utf8mb4_unicode_ci DEFAULT NULL,
  PRIMARY KEY (`id`)
) ENGINE=InnoDB DEFAULT CHARSET=utf8mb4 COLLATE=utf8mb4_unicode_ci;

--
-- Dumping data for table `mp_customer_revenues`
--


--
-- Table structure for table `mp_customer_withdrawals`
--

CREATE TABLE `mp_customer_withdrawals` (
  `id` bigint unsigned NOT NULL AUTO_INCREMENT,
  `customer_id` bigint unsigned DEFAULT NULL,
  `fee` decimal(15,2) unsigned DEFAULT '0.00',
  `amount` decimal(15,2) unsigned DEFAULT '0.00',
  `current_balance` decimal(15,2) unsigned DEFAULT '0.00',
  `currency` varchar(120) COLLATE utf8mb4_unicode_ci DEFAULT NULL,
  `description` text COLLATE utf8mb4_unicode_ci,
  `bank_info` text COLLATE utf8mb4_unicode_ci,
  `payment_channel` varchar(60) COLLATE utf8mb4_unicode_ci DEFAULT NULL,
  `user_id` bigint unsigned NOT NULL DEFAULT '0',
  `status` varchar(60) COLLATE utf8mb4_unicode_ci NOT NULL DEFAULT 'pending',
  `images` text COLLATE utf8mb4_unicode_ci,
  `created_at` timestamp NULL DEFAULT NULL,
  `updated_at` timestamp NULL DEFAULT NULL,
  `transaction_id` varchar(60) COLLATE utf8mb4_unicode_ci DEFAULT NULL,
  PRIMARY KEY (`id`)
) ENGINE=InnoDB DEFAULT CHARSET=utf8mb4 COLLATE=utf8mb4_unicode_ci;

--
-- Dumping data for table `mp_customer_withdrawals`
--


--
-- Table structure for table `mp_messages`
--

CREATE TABLE `mp_messages` (
  `id` bigint unsigned NOT NULL AUTO_INCREMENT,
  `store_id` bigint unsigned NOT NULL,
  `customer_id` bigint unsigned DEFAULT NULL,
  `name` varchar(60) COLLATE utf8mb4_unicode_ci NOT NULL,
  `email` varchar(60) COLLATE utf8mb4_unicode_ci NOT NULL,
  `content` longtext COLLATE utf8mb4_unicode_ci NOT NULL,
  `created_at` timestamp NULL DEFAULT NULL,
  `updated_at` timestamp NULL DEFAULT NULL,
  PRIMARY KEY (`id`)
) ENGINE=InnoDB DEFAULT CHARSET=utf8mb4 COLLATE=utf8mb4_unicode_ci;

--
-- Dumping data for table `mp_messages`
--


--
-- Table structure for table `mp_stores`
--

CREATE TABLE `mp_stores` (
  `id` bigint unsigned NOT NULL AUTO_INCREMENT,
  `name` varchar(191) COLLATE utf8mb4_unicode_ci NOT NULL,
  `email` varchar(60) COLLATE utf8mb4_unicode_ci DEFAULT NULL,
  `phone` varchar(20) COLLATE utf8mb4_unicode_ci DEFAULT NULL,
  `address` varchar(191) COLLATE utf8mb4_unicode_ci DEFAULT NULL,
  `country` varchar(120) COLLATE utf8mb4_unicode_ci DEFAULT NULL,
  `state` varchar(120) COLLATE utf8mb4_unicode_ci DEFAULT NULL,
  `city` varchar(120) COLLATE utf8mb4_unicode_ci DEFAULT NULL,
  `customer_id` bigint unsigned DEFAULT NULL,
  `logo` varchar(191) COLLATE utf8mb4_unicode_ci DEFAULT NULL,
  `cover_image` varchar(191) COLLATE utf8mb4_unicode_ci DEFAULT NULL,
  `description` varchar(400) COLLATE utf8mb4_unicode_ci DEFAULT NULL,
  `content` longtext COLLATE utf8mb4_unicode_ci,
  `status` varchar(60) COLLATE utf8mb4_unicode_ci NOT NULL DEFAULT 'published',
  `vendor_verified_at` datetime DEFAULT NULL,
  `created_at` timestamp NULL DEFAULT NULL,
  `updated_at` timestamp NULL DEFAULT NULL,
  `zip_code` varchar(20) COLLATE utf8mb4_unicode_ci DEFAULT NULL,
  `company` varchar(191) COLLATE utf8mb4_unicode_ci DEFAULT NULL,
  PRIMARY KEY (`id`)
) ENGINE=InnoDB AUTO_INCREMENT=7 DEFAULT CHARSET=utf8mb4 COLLATE=utf8mb4_unicode_ci;

--
-- Dumping data for table `mp_stores`
--

INSERT INTO `mp_stores` VALUES (1,'GoPro','fbernier@example.net','+15633300615','62748 Streich Trace','GS','Michigan','New Keithhaven',2,'stores/1.png',NULL,'Nihil beatae aut dolores ut dolore eum rem.','Alias dicta nihil odit voluptatum. In excepturi natus hic sed. Voluptatem rem harum repellendus omnis consequatur quisquam officia nemo.','published',NULL,'2024-06-02 03:59:19','2024-06-02 03:59:19',NULL,NULL),(2,'Global Office','jarrell.pagac@example.com','+14128786695','48323 Weber Avenue Suite 587','TF','New York','North Dawnmouth',3,'stores/2.png',NULL,'Quibusdam delectus ut voluptatem assumenda.','Sequi nihil consequatur in. Sit facere hic quia quia velit error deleniti. Debitis tempore rem iste sit aut ut asperiores qui.','published',NULL,'2024-06-02 03:59:19','2024-06-02 03:59:19',NULL,NULL),(3,'Young Shop','qlegros@example.net','+17328960559','28730 Anderson Views','MO','Georgia','Pinkieside',6,'stores/3.png',NULL,'Beatae inventore rerum reiciendis.','Ab rem molestiae laboriosam illum aliquam dolorem sunt. Et ut ut atque impedit. Eligendi quo inventore voluptatem repellendus.','published',NULL,'2024-06-02 03:59:19','2024-06-02 03:59:19',NULL,NULL),(4,'Global Store','cgerhold@example.org','+16789954283','260 Filiberto Stream Apt. 018','SE','North Dakota','Prosaccoborough',7,'stores/4.png',NULL,'Eligendi officia nemo sit ut at repellat.','Suscipit molestiae quidem et. Illo ducimus molestias eos nobis. Ullam sit dolorem tempora quis numquam temporibus.','published',NULL,'2024-06-02 03:59:19','2024-06-02 03:59:19',NULL,NULL),(5,'Robert’s Store','dorcas.heaney@example.org','+18282086365','5899 Robel Villages','GL','Washington','Chaddchester',9,'stores/5.png',NULL,'Maxime illum optio qui.','Dolor qui laudantium voluptatem perferendis ut. Quisquam modi quae magni in et sed ab. Similique quod doloremque fugit earum aut.','published',NULL,'2024-06-02 03:59:19','2024-06-02 03:59:19',NULL,NULL),(6,'Stouffer','dveum@example.org','+13619441890','36915 Kuvalis Cove','MZ','Pennsylvania','North Arne',10,'stores/6.png',NULL,'Qui nihil ullam odio mollitia.','Magnam sunt et eos iusto qui excepturi. Ipsam et delectus voluptate incidunt ex. Quo ut molestiae facilis dolorem.','published',NULL,'2024-06-02 03:59:19','2024-06-02 03:59:19',NULL,NULL);

--
-- Table structure for table `mp_stores_translations`
--

CREATE TABLE `mp_stores_translations` (
  `lang_code` varchar(191) COLLATE utf8mb4_unicode_ci NOT NULL,
  `mp_stores_id` bigint unsigned NOT NULL,
  `name` varchar(191) COLLATE utf8mb4_unicode_ci DEFAULT NULL,
  `description` varchar(400) COLLATE utf8mb4_unicode_ci DEFAULT NULL,
  `content` longtext COLLATE utf8mb4_unicode_ci,
  `address` varchar(191) COLLATE utf8mb4_unicode_ci DEFAULT NULL,
  `company` varchar(191) COLLATE utf8mb4_unicode_ci DEFAULT NULL,
  `cover_image` varchar(191) COLLATE utf8mb4_unicode_ci DEFAULT NULL,
  PRIMARY KEY (`lang_code`,`mp_stores_id`)
) ENGINE=InnoDB DEFAULT CHARSET=utf8mb4 COLLATE=utf8mb4_unicode_ci;

--
-- Dumping data for table `mp_stores_translations`
--


--
-- Table structure for table `mp_vendor_info`
--

CREATE TABLE `mp_vendor_info` (
  `id` bigint unsigned NOT NULL AUTO_INCREMENT,
  `customer_id` bigint unsigned NOT NULL DEFAULT '0',
  `balance` decimal(15,2) NOT NULL DEFAULT '0.00',
  `total_fee` decimal(15,2) NOT NULL DEFAULT '0.00',
  `total_revenue` decimal(15,2) NOT NULL DEFAULT '0.00',
  `signature` varchar(191) COLLATE utf8mb4_unicode_ci DEFAULT NULL,
  `bank_info` text COLLATE utf8mb4_unicode_ci,
  `created_at` timestamp NULL DEFAULT NULL,
  `updated_at` timestamp NULL DEFAULT NULL,
  `payout_payment_method` varchar(120) COLLATE utf8mb4_unicode_ci DEFAULT 'bank_transfer',
  `tax_info` text COLLATE utf8mb4_unicode_ci,
  PRIMARY KEY (`id`)
) ENGINE=InnoDB AUTO_INCREMENT=7 DEFAULT CHARSET=utf8mb4 COLLATE=utf8mb4_unicode_ci;

--
-- Dumping data for table `mp_vendor_info`
--

INSERT INTO `mp_vendor_info` VALUES (1,2,0.00,0.00,0.00,'$2y$12$fTT83oyP4GBezNOY9cJPm.hGjxFr/xP5z0JhloMlTIB.Q1T1Lrcl2','{\"name\":\"Jordyn Shanahan\",\"number\":\"+12409812987\",\"full_name\":\"Ms. Arlie Schoen III\",\"description\":\"Concepcion Bednar II\"}','2024-06-02 03:59:17','2024-06-02 03:59:17','bank_transfer',NULL),(2,3,0.00,0.00,0.00,'$2y$12$Fl36v8WKjZgR01KaaYfR0OJBoNV0XnWEmraGkuO4VtXa62lkQlqCm','{\"name\":\"Miss Susan Champlin Jr.\",\"number\":\"+12315545979\",\"full_name\":\"Jordi Gaylord\",\"description\":\"Libbie Jacobi I\"}','2024-06-02 03:59:18','2024-06-02 03:59:18','bank_transfer',NULL),(3,6,0.00,0.00,0.00,'$2y$12$gyTKBwlA1cY7cNttdtcsjugCJ9.Li6m625.gnYICLjilYSQqfXug.','{\"name\":\"Wendy Prosacco DDS\",\"number\":\"+16616972329\",\"full_name\":\"Ericka Daniel\",\"description\":\"Bridie Jones II\"}','2024-06-02 03:59:18','2024-06-02 03:59:18','bank_transfer',NULL),(4,7,0.00,0.00,0.00,'$2y$12$HwbJQKZPWY1BYRNLmOCw4.KeUr9drvQmTUlwU7ULT6.oXtu2jnRya','{\"name\":\"Maeve Windler\",\"number\":\"+16578810290\",\"full_name\":\"Scottie Hermiston\",\"description\":\"Paolo Pouros\"}','2024-06-02 03:59:18','2024-06-02 03:59:18','bank_transfer',NULL),(5,9,0.00,0.00,0.00,'$2y$12$.uY6i3zxT7/NiWIwkvvVxOFGanYCg.HXZ9pgfWD4jvP.01kctJsZi','{\"name\":\"Jada Haag III\",\"number\":\"+17695224119\",\"full_name\":\"Dakota Doyle\",\"description\":\"Elnora O\'Connell\"}','2024-06-02 03:59:18','2024-06-02 03:59:18','bank_transfer',NULL),(6,10,0.00,0.00,0.00,'$2y$12$7tLmSHF6.9MAIDxut0x1Me00Wea7JE/inm7.w1DVX.QEJKu7eqtla','{\"name\":\"Andre Murray\",\"number\":\"+17035938147\",\"full_name\":\"Mercedes Harber\",\"description\":\"Kane Grady III\"}','2024-06-02 03:59:19','2024-06-02 03:59:19','bank_transfer',NULL);

--
-- Table structure for table `newsletters`
--

CREATE TABLE `newsletters` (
  `id` bigint unsigned NOT NULL AUTO_INCREMENT,
  `email` varchar(120) COLLATE utf8mb4_unicode_ci NOT NULL,
  `name` varchar(120) COLLATE utf8mb4_unicode_ci DEFAULT NULL,
  `status` varchar(60) COLLATE utf8mb4_unicode_ci NOT NULL DEFAULT 'subscribed',
  `created_at` timestamp NULL DEFAULT NULL,
  `updated_at` timestamp NULL DEFAULT NULL,
  PRIMARY KEY (`id`)
) ENGINE=InnoDB DEFAULT CHARSET=utf8mb4 COLLATE=utf8mb4_unicode_ci;

--
-- Dumping data for table `newsletters`
--


--
-- Table structure for table `pages`
--

CREATE TABLE `pages` (
  `id` bigint unsigned NOT NULL AUTO_INCREMENT,
  `name` varchar(120) COLLATE utf8mb4_unicode_ci NOT NULL,
  `content` longtext COLLATE utf8mb4_unicode_ci,
  `user_id` bigint unsigned DEFAULT NULL,
  `image` varchar(191) COLLATE utf8mb4_unicode_ci DEFAULT NULL,
  `template` varchar(60) COLLATE utf8mb4_unicode_ci DEFAULT NULL,
  `description` varchar(400) COLLATE utf8mb4_unicode_ci DEFAULT NULL,
  `status` varchar(60) COLLATE utf8mb4_unicode_ci NOT NULL DEFAULT 'published',
  `created_at` timestamp NULL DEFAULT NULL,
  `updated_at` timestamp NULL DEFAULT NULL,
  PRIMARY KEY (`id`),
  KEY `pages_user_id_index` (`user_id`)
) ENGINE=InnoDB AUTO_INCREMENT=19 DEFAULT CHARSET=utf8mb4 COLLATE=utf8mb4_unicode_ci;

--
-- Dumping data for table `pages`
--

INSERT INTO `pages` VALUES (1,'Homepage','<div>[simple-slider key=\"home-slider-1\" show_newsletter_form=\"yes\"][/simple-slider]</div><div>[featured-product-categories title=\"Top Categories\"][/featured-product-categories]</div><div>[theme-ads ads_1=\"IZ6WU8KUALYD\" ads_2=\"ILSFJVYFGCPZ\" ads_3=\"ILSDKVYFGXPH\"][/theme-ads]</div><div>[popular-products title=\"Popular Products\" per_row=\"5\" limit=\"10\"][/popular-products]</div><div>[best-flash-sale title=\"Daily Best Sells\" flash_sale_id=\"5\" ads=\"IZ6WU8KUALYG\"][/best-flash-sale]</div><div>[flash-sale flash_sale_1=\"1\" flash_sale_2=\"2\" flash_sale_3=\"3\" flash_sale_4=\"4\" title=\"Deals Of The Day\" flash_sale_popup_id=\"1\"][/flash-sale]</div><div>[top-products-group tabs=\"top-selling,trending-products,recent-added,top-rated\" top_selling_in_days=\"365\"][/top-products-group]</div>',1,NULL,'homepage',NULL,'published','2024-06-02 03:59:12','2024-06-02 03:59:12'),(2,'Homepage 2','<div>[simple-slider key=\"home-slider-2\" ads_1=\"IZ6WU8KUALYH\" show_newsletter_form=\"yes\" cover_image=\"sliders/banner-1.png\"][/simple-slider]</div><div>[theme-ads ads_1=\"IZ6WU8KUALYD\" ads_2=\"ILSFJVYFGCPZ\" ads_3=\"ILSDKVYFGXPH\"][/theme-ads]</div><div>[popular-products title=\"Popular Products\" per_row=\"5\" limit=\"10\"][/popular-products]</div><div>[best-flash-sale title=\"Daily Best Sells\" flash_sale_id=\"5\" ads=\"IZ6WU8KUALYG\"][/best-flash-sale]</div><div>[flash-sale flash_sale_1=\"1\" flash_sale_2=\"2\" flash_sale_3=\"3\" flash_sale_4=\"4\" title=\"Deals Of The Day\" flash_sale_popup_id=\"1\"][/flash-sale]</div><div>[top-products-group tabs=\"top-selling,trending-products,recent-added,top-rated\" top_selling_in_days=\"365\"][/top-products-group]</div><div>[product-categories title=\"Shop by Categories\"][/product-categories]</div>',1,NULL,'homepage',NULL,'published','2024-06-02 03:59:12','2024-06-02 03:59:12'),(3,'Homepage 3','<div>[simple-slider key=\"home-slider-1\" show_newsletter_form=\"yes\"][/simple-slider]</div><div>[popular-products title=\"Popular Products\" per_row=\"5\" limit=\"10\"][/popular-products]</div><div>[flash-sale flash_sale_1=\"1\" flash_sale_2=\"2\" flash_sale_3=\"3\" flash_sale_4=\"4\" title=\"Deals Of The Day\" flash_sale_popup_id=\"1\"][/flash-sale]</div><div>[theme-ads ads_1=\"IZ6WU8KUALYD\" ads_2=\"ILSFJVYFGCPZ\" ads_3=\"ILSDKVYFGXPH\"][/theme-ads]</div><div>[product-categories title=\"Shop by Categories\"][/product-categories]</div><div>[top-products-group tabs=\"top-selling,trending-products,recent-added,top-rated\" top_selling_in_days=\"365\"][/top-products-group]</div>',1,NULL,'homepage',NULL,'published','2024-06-02 03:59:12','2024-06-02 03:59:12'),(4,'Homepage 4','<div>[simple-slider key=\"home-slider-4\" show_newsletter_form=\"yes\"][/simple-slider]</div><div>[popular-products title=\"Popular Products\" per_row=\"5\" limit=\"10\"][/popular-products]</div><div>[flash-sale flash_sale_1=\"1\" flash_sale_2=\"2\" flash_sale_3=\"3\" flash_sale_4=\"4\" title=\"Deals Of The Day\" flash_sale_popup_id=\"1\"][/flash-sale]</div><div>[theme-ads ads_1=\"IZ6WU8KUALYD\" ads_2=\"ILSFJVYFGCPZ\" ads_3=\"ILSDKVYFGXPH\"][/theme-ads]</div><div>[product-categories title=\"Shop by Categories\"][/product-categories]</div><div>[top-products-group tabs=\"top-selling,trending-products,recent-added,top-rated\" top_selling_in_days=\"365\"][/top-products-group]</div>',1,NULL,'homepage',NULL,'published','2024-06-02 03:59:12','2024-06-02 03:59:12'),(5,'Blog','<p>---</p>',1,NULL,'blog-grid',NULL,'published','2024-06-02 03:59:12','2024-06-02 03:59:12'),(6,'Contact','<p>[google-map]502 New Street, Brighton VIC, Australia[/google-map]</p><p>[our-offices][/our-offices]</p><p>[contact-form][/contact-form]</p>',1,NULL,'default',NULL,'published','2024-06-02 03:59:12','2024-06-02 03:59:12'),(7,'About us','<p>I should have croqueted the Queen\'s shrill cries to the other, and making faces at him as he came, \'Oh! the Duchess, as she did it at all; however, she waited patiently. \'Once,\' said the Pigeon in a wondering tone. \'Why, what a Gryphon is, look at them--\'I wish they\'d get the trial done,\' she thought, \'it\'s sure to do it?\' \'In my youth,\' Father William replied to his ear. Alice considered a little shaking among the party. Some of the other ladder?--Why, I hadn\'t to bring tears into her face.</p><p>Majesty!\' the soldiers did. After these came the guests, mostly Kings and Queens, and among them Alice recognised the White Rabbit, \'and that\'s why. Pig!\' She said this she looked up, and reduced the answer to shillings and pence. \'Take off your hat,\' the King repeated angrily, \'or I\'ll have you executed, whether you\'re a little queer, won\'t you?\' \'Not a bit,\' said the Caterpillar. \'Well, I should say what you mean,\' said Alice. \'I\'ve read that in the sea, some children digging in the.</p><p>I shall never get to the Mock Turtle: \'why, if a dish or kettle had been to her, though, as they all looked puzzled.) \'He must have been was not much like keeping so close to them, and it\'ll sit up and bawled out, \"He\'s murdering the time! Off with his head!\' she said, as politely as she spoke--fancy CURTSEYING as you\'re falling through the glass, and she swam about, trying to find it out, we should all have our heads cut off, you know. Please, Ma\'am, is this New Zealand or Australia?\' (and.</p><p>I suppose I ought to be lost: away went Alice like the three gardeners who were lying round the rosetree; for, you see, Miss, this here ought to be seen: she found this a very curious to see what I say--that\'s the same solemn tone, only changing the order of the pack, she could even make out what it might tell her something about the same year for such a new idea to Alice, \'Have you guessed the riddle yet?\' the Hatter and the White Rabbit, with a deep sigh, \'I was a sound of many footsteps.</p>',1,NULL,'right-sidebar',NULL,'published','2024-06-02 03:59:12','2024-06-02 03:59:12'),(8,'Cookie Policy','<h3>EU Cookie Consent</h3><p>To use this website we are using Cookies and collecting some data. To be compliant with the EU GDPR we give you to choose if you allow us to use certain Cookies and to collect some Data.</p><h4>Essential Data</h4><p>The Essential Data is needed to run the Site you are visiting technically. You can not deactivate them.</p><p>- Session Cookie: PHP uses a Cookie to identify user sessions. Without this Cookie the Website is not working.</p><p>- XSRF-Token Cookie: Laravel automatically generates a CSRF \"token\" for each active user session managed by the application. This token is used to verify that the authenticated user is the one actually making the requests to the application.</p>',1,NULL,'default',NULL,'published','2024-06-02 03:59:12','2024-06-02 03:59:12'),(9,'Terms &amp; Conditions','<p>Footman went on to her head, she tried hard to whistle to it; but she ran out of its mouth and began by producing from under his arm a great hurry. An enormous puppy was looking about for them, but they were nowhere to be true): If she should chance to be seen--everything seemed to be treated with respect. \'Cheshire Puss,\' she began, in a hoarse growl, \'the world would go anywhere without a porpoise.\' \'Wouldn\'t it really?\' said Alice very meekly: \'I\'m growing.\' \'You\'ve no right to grow up any.</p><p>Why, I wouldn\'t be so easily offended!\' \'You\'ll get used to it!\' pleaded poor Alice. \'But you\'re so easily offended, you know!\' The Mouse looked at the March Hare said--\' \'I didn\'t!\' the March Hare meekly replied. \'Yes, but I shall be a LITTLE larger, sir, if you hold it too long; and that if something wasn\'t done about it while the Dodo solemnly, rising to its children, \'Come away, my dears! It\'s high time to wash the things being alive; for instance, there\'s the arch I\'ve got to the waving.</p><p>Hatter. \'Nor I,\' said the Duchess. \'I make you dry enough!\' They all sat down and began to get out at the cook had disappeared. \'Never mind!\' said the Dodo solemnly presented the thimble, saying \'We beg your pardon!\' she exclaimed in a hurry: a large arm-chair at one end to the shore. CHAPTER III. A Caucus-Race and a long time with the name of nearly everything there. \'That\'s the first minute or two the Caterpillar decidedly, and the two sides of the ground.\' So she went on, yawning and.</p><p>NOT marked \'poison,\' so Alice soon came to the Knave. The Knave of Hearts, carrying the King\'s crown on a crimson velvet cushion; and, last of all her coaxing. Hardly knowing what she was up to the door. \'Call the next verse.\' \'But about his toes?\' the Mock Turtle sighed deeply, and began, in rather a hard word, I will just explain to you never even spoke to Time!\' \'Perhaps not,\' Alice replied eagerly, for she thought, and it put the Lizard in head downwards, and the m--\' But here, to Alice\'s.</p>',1,NULL,'default',NULL,'published','2024-06-02 03:59:12','2024-06-02 03:59:12'),(10,'Returns &amp; Exchanges','<p>Alice to herself, for this curious child was very nearly carried it off. \'If everybody minded their own business,\' the Duchess said after a pause: \'the reason is, that there\'s any one left alive!\' She was close behind it was not here before,\' said Alice,) and round the court was in the pool, and the small ones choked and had come to an end! \'I wonder what they\'ll do well enough; and what does it matter to me whether you\'re a little sharp bark just over her head in the wood,\' continued the.</p><p>King was the Hatter. Alice felt that this could not tell whether they were mine before. If I or she fell past it. \'Well!\' thought Alice \'without pictures or conversations in it, and very soon finished it off. * * * * * * * * * CHAPTER II. The Pool of Tears \'Curiouser and curiouser!\' cried Alice again, in a trembling voice:-- \'I passed by his face only, she would feel with all speed back to the Dormouse, after thinking a minute or two sobs choked his voice. \'Same as if he wasn\'t going to shrink.</p><p>Rabbit came up to Alice, she went down on one knee. \'I\'m a poor man, your Majesty,\' he began, \'for bringing these in: but I THINK I can go back by railway,\' she said to live. \'I\'ve seen hatters before,\' she said to the croquet-ground. The other side of the hall: in fact she was now the right size to do it! Oh dear! I wish you wouldn\'t mind,\' said Alice: \'three inches is such a curious appearance in the middle of the Mock Turtle in a deep, hollow tone: \'sit down, both of you, and must know.</p><p>Adventures, till she heard the Rabbit came near her, she began, in a frightened tone. \'The Queen will hear you! You see, she came in sight of the fact. \'I keep them to sell,\' the Hatter went on without attending to her; \'but those serpents! There\'s no pleasing them!\' Alice was rather doubtful whether she ought to have it explained,\' said the Queen. \'Well, I should like to be no chance of getting her hands on her hand, and Alice heard it before,\' said Alice,) and round the refreshments!\' But.</p>',1,NULL,'default',NULL,'published','2024-06-02 03:59:12','2024-06-02 03:59:12'),(11,'Shipping &amp; Delivery','<p>Dinn may be,\' said the Mock Turtle said: \'no wise fish would go anywhere without a cat! It\'s the most interesting, and perhaps after all it might end, you know,\' the Hatter added as an explanation. \'Oh, you\'re sure to happen,\' she said this, she came up to the rose-tree, she went back to the Gryphon. \'--you advance twice--\' \'Each with a teacup in one hand, and made believe to worry it; then Alice, thinking it was too small, but at the frontispiece if you like!\' the Duchess to play croquet.\'.</p><p>King exclaimed, turning to Alice an excellent plan, no doubt, and very neatly and simply arranged; the only one who had followed him into the teapot. \'At any rate it would be QUITE as much use in knocking,\' said the Duchess: you\'d better finish the story for yourself.\' \'No, please go on!\' Alice said to the game. CHAPTER IX. The Mock Turtle at last, and they repeated their arguments to her, still it had struck her foot! She was walking hand in hand with Dinah, and saying \"Come up again, dear!\".</p><p>I can\'t take LESS,\' said the Caterpillar. \'Well, I\'ve tried hedges,\' the Pigeon in a coaxing tone, and added \'It isn\'t a letter, after all: it\'s a French mouse, come over with diamonds, and walked off; the Dormouse began in a deep sigh, \'I was a large crowd collected round it: there were three little sisters--they were learning to draw,\' the Dormouse crossed the court, she said this, she noticed that they couldn\'t see it?\' So she began: \'O Mouse, do you mean that you had been found and handed.</p><p>Alice thought), and it sat for a moment that it was YOUR table,\' said Alice; \'all I know I do!\' said Alice indignantly. \'Let me alone!\' \'Serpent, I say again!\' repeated the Pigeon, raising its voice to a shriek, \'and just as if he thought it had come back and finish your story!\' Alice called after her. \'I\'ve something important to say!\' This sounded promising, certainly: Alice turned and came back again. \'Keep your temper,\' said the Mouse. \'Of course,\' the Gryphon remarked: \'because they.</p>',1,NULL,'default',NULL,'published','2024-06-02 03:59:12','2024-06-02 03:59:12'),(12,'Privacy Policy','<p>March Hare. \'Yes, please do!\' pleaded Alice. \'And where HAVE my shoulders got to? And oh, my poor hands, how is it I can\'t be civil, you\'d better leave off,\' said the March Hare, \'that \"I like what I get\" is the same age as herself, to see what this bottle does. I do hope it\'ll make me giddy.\' And then, turning to Alice an excellent plan, no doubt, and very soon finished it off. \'If everybody minded their own business,\' the Duchess sang the second time round, she came up to her usual height.</p><p>Turtle.\' These words were followed by a row of lamps hanging from the Gryphon, \'that they WOULD put their heads down! I am very tired of sitting by her sister on the end of the e--e--evening, Beautiful, beauti--FUL SOUP!\' \'Chorus again!\' cried the Mock Turtle went on, without attending to her; \'but those serpents! There\'s no pleasing them!\' Alice was beginning to think about it, you know.\' It was, no doubt: only Alice did not like to go with Edgar Atheling to meet William and offer him the.</p><p>I\'m not used to it in a low voice. \'Not at all,\' said the White Rabbit, who was reading the list of singers. \'You may go,\' said the Dodo, pointing to the game, feeling very glad to find herself still in sight, and no one else seemed inclined to say than his first speech. \'You should learn not to be patted on the door that led into a sort of idea that they could not join the dance. \'\"What matters it how far we go?\" his scaly friend replied. \"There is another shore, you know, upon the other.</p><p>Cat, and vanished again. Alice waited patiently until it chose to speak good English); \'now I\'m opening out like the tone of this rope--Will the roof bear?--Mind that loose slate--Oh, it\'s coming down! Heads below!\' (a loud crash)--\'Now, who did that?--It was Bill, the Lizard) could not think of nothing else to do, and in a solemn tone, \'For the Duchess. \'I make you grow shorter.\' \'One side of the mushroom, and her eyes to see how he did with the next question is, what did the archbishop.</p>',1,NULL,'default',NULL,'published','2024-06-02 03:59:12','2024-06-02 03:59:12'),(13,'Blog List','<p>[blog-posts paginate=\"12\"][/blog-posts]</p>',1,NULL,'blog-list',NULL,'published','2024-06-02 03:59:12','2024-06-02 03:59:12'),(14,'Blog Big','<p>[blog-posts paginate=\"12\"][/blog-posts]</p>',1,NULL,'blog-big',NULL,'published','2024-06-02 03:59:12','2024-06-02 03:59:12'),(15,'Blog Wide','<p>[blog-posts paginate=\"12\"][/blog-posts]</p>',1,NULL,'blog-wide',NULL,'published','2024-06-02 03:59:12','2024-06-02 03:59:12'),(16,'Homepage 5','<div>[simple-slider key=\"home-slider-5\" ads_1=\"IZ6WU8KUALYJ\" ads_2=\"IZ6WU8KUALYK\" show_newsletter_form=\"yes\"][/simple-slider]</div><div>[featured-product-categories title=\"Top Categories\"][/featured-product-categories]</div><div>[theme-ads ads_1=\"IZ6WU8KUALYD\" ads_2=\"ILSFJVYFGCPZ\" ads_3=\"ILSDKVYFGXPH\"][/theme-ads]</div><div>[popular-products title=\"Popular Products\" per_row=\"5\" limit=\"10\"][/popular-products]</div><div>[theme-ads ads_1=\"IZ6WU8KUALYL\" ads_2=\"IZ6WU8KUALYM\" ads_3=\"IZ6WU8KUALYN\" ads_4=\"IZ6WU8KUALYO\" style=\"style-5\"][/theme-ads]</div><div>[best-flash-sale title=\"Daily Best Sells\" flash_sale_id=\"5\" ads=\"IZ6WU8KUALYG\"][/best-flash-sale]</div><div>[flash-sale flash_sale_1=\"1\" flash_sale_2=\"2\" flash_sale_3=\"3\" flash_sale_4=\"4\" title=\"Deals Of The Day\" flash_sale_popup_id=\"1\"][/flash-sale]</div><div>[top-products-group tabs=\"top-selling,trending-products,recent-added,top-rated\" top_selling_in_days=\"365\"][/top-products-group]</div>',1,NULL,'homepage',NULL,'published','2024-06-02 03:59:12','2024-06-02 03:59:12'),(17,'Homepage 6','<div>[big-banner cover_image=\"general/home-6.jpeg\" show_newsletter_form=\"yes\" number_display_featured_categories=\"4\" title=\"What are you looking for?\"][/big-banner]</div><div>[trending-products title=\"Trending items\" per_row=\"5\" limit=\"20\"][/trending-products]</div><div>[flash-sale flash_sale_1=\"1\" flash_sale_2=\"2\" flash_sale_3=\"3\" flash_sale_4=\"4\" title=\"Deals Of The Day\" flash_sale_popup_id=\"1\"][/flash-sale]</div><div>[top-products-group tabs=\"top-selling,trending-products,recent-added,top-rated\" top_selling_in_days=\"365\"][/top-products-group]</div>',1,NULL,'homepage',NULL,'published','2024-06-02 03:59:12','2024-06-02 03:59:12'),(18,'Faq','<div>[faqs][/faqs]</div>',1,NULL,'default',NULL,'published','2024-06-02 03:59:12','2024-06-02 03:59:12');

--
-- Table structure for table `pages_translations`
--

CREATE TABLE `pages_translations` (
  `lang_code` varchar(20) COLLATE utf8mb4_unicode_ci NOT NULL,
  `pages_id` bigint unsigned NOT NULL,
  `name` varchar(191) COLLATE utf8mb4_unicode_ci DEFAULT NULL,
  `description` varchar(400) COLLATE utf8mb4_unicode_ci DEFAULT NULL,
  `content` longtext COLLATE utf8mb4_unicode_ci,
  PRIMARY KEY (`lang_code`,`pages_id`)
) ENGINE=InnoDB DEFAULT CHARSET=utf8mb4 COLLATE=utf8mb4_unicode_ci;

--
-- Dumping data for table `pages_translations`
--


--
-- Table structure for table `password_reset_tokens`
--

CREATE TABLE `password_reset_tokens` (
  `email` varchar(191) COLLATE utf8mb4_unicode_ci NOT NULL,
  `token` varchar(191) COLLATE utf8mb4_unicode_ci NOT NULL,
  `created_at` timestamp NULL DEFAULT NULL,
  PRIMARY KEY (`email`)
) ENGINE=InnoDB DEFAULT CHARSET=utf8mb4 COLLATE=utf8mb4_unicode_ci;

--
-- Dumping data for table `password_reset_tokens`
--


--
-- Table structure for table `payments`
--

CREATE TABLE `payments` (
  `id` bigint unsigned NOT NULL AUTO_INCREMENT,
  `currency` varchar(120) COLLATE utf8mb4_unicode_ci DEFAULT NULL,
  `user_id` bigint unsigned NOT NULL DEFAULT '0',
  `charge_id` varchar(191) COLLATE utf8mb4_unicode_ci DEFAULT NULL,
  `payment_channel` varchar(60) COLLATE utf8mb4_unicode_ci DEFAULT NULL,
  `description` varchar(400) COLLATE utf8mb4_unicode_ci DEFAULT NULL,
  `amount` decimal(15,2) unsigned NOT NULL,
  `order_id` bigint unsigned DEFAULT NULL,
  `status` varchar(60) COLLATE utf8mb4_unicode_ci DEFAULT 'pending',
  `payment_type` varchar(191) COLLATE utf8mb4_unicode_ci DEFAULT 'confirm',
  `customer_id` bigint unsigned DEFAULT NULL,
  `refunded_amount` decimal(15,2) unsigned DEFAULT NULL,
  `refund_note` varchar(191) COLLATE utf8mb4_unicode_ci DEFAULT NULL,
  `created_at` timestamp NULL DEFAULT NULL,
  `updated_at` timestamp NULL DEFAULT NULL,
  `customer_type` varchar(191) COLLATE utf8mb4_unicode_ci DEFAULT NULL,
  `metadata` mediumtext COLLATE utf8mb4_unicode_ci,
  PRIMARY KEY (`id`)
) ENGINE=InnoDB DEFAULT CHARSET=utf8mb4 COLLATE=utf8mb4_unicode_ci;

--
-- Dumping data for table `payments`
--


--
-- Table structure for table `personal_access_tokens`
--

CREATE TABLE `personal_access_tokens` (
  `id` bigint unsigned NOT NULL AUTO_INCREMENT,
  `tokenable_type` varchar(191) COLLATE utf8mb4_unicode_ci NOT NULL,
  `tokenable_id` bigint unsigned NOT NULL,
  `name` varchar(191) COLLATE utf8mb4_unicode_ci NOT NULL,
  `token` varchar(64) COLLATE utf8mb4_unicode_ci NOT NULL,
  `abilities` text COLLATE utf8mb4_unicode_ci,
  `last_used_at` timestamp NULL DEFAULT NULL,
  `expires_at` timestamp NULL DEFAULT NULL,
  `created_at` timestamp NULL DEFAULT NULL,
  `updated_at` timestamp NULL DEFAULT NULL,
  PRIMARY KEY (`id`),
  UNIQUE KEY `personal_access_tokens_token_unique` (`token`),
  KEY `personal_access_tokens_tokenable_type_tokenable_id_index` (`tokenable_type`,`tokenable_id`)
) ENGINE=InnoDB DEFAULT CHARSET=utf8mb4 COLLATE=utf8mb4_unicode_ci;

--
-- Dumping data for table `personal_access_tokens`
--


--
-- Table structure for table `post_categories`
--

CREATE TABLE `post_categories` (
  `category_id` bigint unsigned NOT NULL,
  `post_id` bigint unsigned NOT NULL,
  KEY `post_categories_category_id_index` (`category_id`),
  KEY `post_categories_post_id_index` (`post_id`)
) ENGINE=InnoDB DEFAULT CHARSET=utf8mb4 COLLATE=utf8mb4_unicode_ci;

--
-- Dumping data for table `post_categories`
--

INSERT INTO `post_categories` VALUES (2,1),(4,1),(2,2),(3,2),(2,3),(3,3),(2,4),(3,4),(1,5),(4,5),(1,6),(4,6),(1,7),(3,7),(1,8),(4,8),(1,9),(3,9),(2,10),(3,10),(2,11),(4,11);

--
-- Table structure for table `post_tags`
--

CREATE TABLE `post_tags` (
  `tag_id` bigint unsigned NOT NULL,
  `post_id` bigint unsigned NOT NULL,
  KEY `post_tags_tag_id_index` (`tag_id`),
  KEY `post_tags_post_id_index` (`post_id`)
) ENGINE=InnoDB DEFAULT CHARSET=utf8mb4 COLLATE=utf8mb4_unicode_ci;

--
-- Dumping data for table `post_tags`
--

INSERT INTO `post_tags` VALUES (1,1),(2,1),(3,1),(4,1),(5,1),(1,2),(2,2),(3,2),(4,2),(5,2),(1,3),(2,3),(3,3),(4,3),(5,3),(1,4),(2,4),(3,4),(4,4),(5,4),(1,5),(2,5),(3,5),(4,5),(5,5),(1,6),(2,6),(3,6),(4,6),(5,6),(1,7),(2,7),(3,7),(4,7),(5,7),(1,8),(2,8),(3,8),(4,8),(5,8),(1,9),(2,9),(3,9),(4,9),(5,9),(1,10),(2,10),(3,10),(4,10),(5,10),(1,11),(2,11),(3,11),(4,11),(5,11);

--
-- Table structure for table `posts`
--

CREATE TABLE `posts` (
  `id` bigint unsigned NOT NULL AUTO_INCREMENT,
  `name` varchar(191) COLLATE utf8mb4_unicode_ci NOT NULL,
  `description` varchar(400) COLLATE utf8mb4_unicode_ci DEFAULT NULL,
  `content` longtext COLLATE utf8mb4_unicode_ci,
  `status` varchar(60) COLLATE utf8mb4_unicode_ci NOT NULL DEFAULT 'published',
  `author_id` bigint unsigned DEFAULT NULL,
  `author_type` varchar(191) COLLATE utf8mb4_unicode_ci NOT NULL DEFAULT 'Botble\\ACL\\Models\\User',
  `is_featured` tinyint unsigned NOT NULL DEFAULT '0',
  `image` varchar(191) COLLATE utf8mb4_unicode_ci DEFAULT NULL,
  `views` int unsigned NOT NULL DEFAULT '0',
  `format_type` varchar(30) COLLATE utf8mb4_unicode_ci DEFAULT NULL,
  `created_at` timestamp NULL DEFAULT NULL,
  `updated_at` timestamp NULL DEFAULT NULL,
  PRIMARY KEY (`id`),
  KEY `posts_status_index` (`status`),
  KEY `posts_author_id_index` (`author_id`),
  KEY `posts_author_type_index` (`author_type`),
  KEY `posts_created_at_index` (`created_at`)
) ENGINE=InnoDB AUTO_INCREMENT=12 DEFAULT CHARSET=utf8mb4 COLLATE=utf8mb4_unicode_ci;

--
-- Dumping data for table `posts`
--

INSERT INTO `posts` VALUES (1,'4 Expert Tips On How To Choose The Right Men’s Wallet','You should pay more attention when you choose your wallets. There are a lot of them on the market with the different designs and styles. When you choose carefully, you would be able to buy a wallet that is catered to your needs. Not to mention that it will help to enhance your style significantly.','<p>I have seen many people underestimating the power of their wallets. To them, they are just a functional item they use to carry. As a result, they often end up with the wallets which are not really suitable for them.</p>\n\n<p>You should pay more attention when you choose your wallets. There are a lot of them on the market with the different designs and styles. When you choose carefully, you would be able to buy a wallet that is catered to your needs. Not to mention that it will help to enhance your style significantly.</p>\n\n<p style=\"text-align:center\"><img alt=\"f4\" src=\"/storage/news/1.png\" /></p>\n\n<p><br />\n&nbsp;</p>\n\n\n\n<p><strong><em>For all of the reason above, here are 7 expert tips to help you pick up the right men&rsquo;s wallet for you:</em></strong></p>\n\n<h4><strong>Number 1: Choose A Neat Wallet</strong></h4>\n\n<p>The wallet is an essential accessory that you should go simple. Simplicity is the best in this case. A simple and neat wallet with the plain color and even&nbsp;<strong>minimalist style</strong>&nbsp;is versatile. It can be used for both formal and casual events. In addition, that wallet will go well with most of the clothes in your wardrobe.</p>\n\n<p>Keep in mind that a wallet will tell other people about your personality and your fashion sense as much as other clothes you put on. Hence, don&rsquo;t go cheesy on your wallet or else people will think that you have a funny and particular style.</p>\n\n<p style=\"text-align:center\"><img alt=\"f5\" src=\"/storage/news/2.png\" /></p>\n\n<p><br />\n&nbsp;</p>\n<hr />\n<h4><strong>Number 2: Choose The Right Size For Your Wallet</strong></h4>\n\n<p>You should avoid having an over-sized wallet. Don&rsquo;t think that you need to buy a big wallet because you have a lot to carry with you. In addition, a fat wallet is very ugly. It will make it harder for you to slide the wallet into your trousers&rsquo; pocket. In addition, it will create a bulge and ruin your look.</p>\n\n<p>Before you go on to buy a new wallet, clean out your wallet and place all of the items from your wallet on a table. Throw away things that you would never need any more such as the old bills or the expired gift cards. Remember to check your wallet on a frequent basis to get rid of all of the old stuff that you don&rsquo;t need anymore.</p>\n\n<p style=\"text-align:center\"><img alt=\"f1\" src=\"/storage/news/3.png\" /></p>\n\n<p><br />\n&nbsp;</p>\n\n<hr />\n<h4><strong>Number 3: Don&rsquo;t Limit Your Options Of Materials</strong></h4>\n\n<p>The types and designs of wallets are not the only things that you should consider when you go out searching for your best wallet. You have more than 1 option of material rather than leather to choose from as well.</p>\n\n<p>You can experiment with other available options such as cotton, polyester and canvas. They all have their own pros and cons. As a result, they will be suitable for different needs and requirements. You should think about them all in order to choose the material which you would like the most.</p>\n\n<p style=\"text-align:center\"><img alt=\"f6\" height=\"375\" src=\"/storage/news/4.png\" /></p>\n\n<p><br />\n&nbsp;</p>\n\n<hr />\n<h4><strong>Number 4: Consider A Wallet As A Long Term Investment</strong></h4>\n\n<p>Your wallet is indeed an investment that you should consider spending a decent amount of time and effort on it. Another factor that you need to consider is how much you want to spend on your wallet. The price ranges of wallets on the market vary a great deal. You can find a wallet which is as cheap as about 5 to 7 dollars. On the other hand, you should expect to pay around 250 to 300 dollars for a high-quality wallet.</p>\n\n<p>In case you need a wallet to use for a long time, it is a good idea that you should invest a decent amount of money on a wallet. A high quality wallet from a reputational brand with the premium quality such as cowhide leather will last for a long time. In addition, it is an accessory to show off your fashion sense and your social status.</p>\n\n<p style=\"text-align:center\"><img alt=\"f2\" height=\"400\" src=\"/storage/news/5.png\" /></p>\n\n<p>&nbsp;</p>\n','published',NULL,'Botble\\ACL\\Models\\User',1,'news/1.png',1040,NULL,'2024-06-02 03:59:12','2024-06-02 03:59:12'),(2,'Sexy Clutches: How to Buy &amp; Wear a Designer Clutch Bag','You should pay more attention when you choose your wallets. There are a lot of them on the market with the different designs and styles. When you choose carefully, you would be able to buy a wallet that is catered to your needs. Not to mention that it will help to enhance your style significantly.','<p>I have seen many people underestimating the power of their wallets. To them, they are just a functional item they use to carry. As a result, they often end up with the wallets which are not really suitable for them.</p>\n\n<p>You should pay more attention when you choose your wallets. There are a lot of them on the market with the different designs and styles. When you choose carefully, you would be able to buy a wallet that is catered to your needs. Not to mention that it will help to enhance your style significantly.</p>\n\n<p style=\"text-align:center\"><img alt=\"f4\" src=\"/storage/news/1.png\" /></p>\n\n<p><br />\n&nbsp;</p>\n\n\n\n<p><strong><em>For all of the reason above, here are 7 expert tips to help you pick up the right men&rsquo;s wallet for you:</em></strong></p>\n\n<h4><strong>Number 1: Choose A Neat Wallet</strong></h4>\n\n<p>The wallet is an essential accessory that you should go simple. Simplicity is the best in this case. A simple and neat wallet with the plain color and even&nbsp;<strong>minimalist style</strong>&nbsp;is versatile. It can be used for both formal and casual events. In addition, that wallet will go well with most of the clothes in your wardrobe.</p>\n\n<p>Keep in mind that a wallet will tell other people about your personality and your fashion sense as much as other clothes you put on. Hence, don&rsquo;t go cheesy on your wallet or else people will think that you have a funny and particular style.</p>\n\n<p style=\"text-align:center\"><img alt=\"f5\" src=\"/storage/news/2.png\" /></p>\n\n<p><br />\n&nbsp;</p>\n<hr />\n<h4><strong>Number 2: Choose The Right Size For Your Wallet</strong></h4>\n\n<p>You should avoid having an over-sized wallet. Don&rsquo;t think that you need to buy a big wallet because you have a lot to carry with you. In addition, a fat wallet is very ugly. It will make it harder for you to slide the wallet into your trousers&rsquo; pocket. In addition, it will create a bulge and ruin your look.</p>\n\n<p>Before you go on to buy a new wallet, clean out your wallet and place all of the items from your wallet on a table. Throw away things that you would never need any more such as the old bills or the expired gift cards. Remember to check your wallet on a frequent basis to get rid of all of the old stuff that you don&rsquo;t need anymore.</p>\n\n<p style=\"text-align:center\"><img alt=\"f1\" src=\"/storage/news/3.png\" /></p>\n\n<p><br />\n&nbsp;</p>\n\n<hr />\n<h4><strong>Number 3: Don&rsquo;t Limit Your Options Of Materials</strong></h4>\n\n<p>The types and designs of wallets are not the only things that you should consider when you go out searching for your best wallet. You have more than 1 option of material rather than leather to choose from as well.</p>\n\n<p>You can experiment with other available options such as cotton, polyester and canvas. They all have their own pros and cons. As a result, they will be suitable for different needs and requirements. You should think about them all in order to choose the material which you would like the most.</p>\n\n<p style=\"text-align:center\"><img alt=\"f6\" height=\"375\" src=\"/storage/news/4.png\" /></p>\n\n<p><br />\n&nbsp;</p>\n\n<hr />\n<h4><strong>Number 4: Consider A Wallet As A Long Term Investment</strong></h4>\n\n<p>Your wallet is indeed an investment that you should consider spending a decent amount of time and effort on it. Another factor that you need to consider is how much you want to spend on your wallet. The price ranges of wallets on the market vary a great deal. You can find a wallet which is as cheap as about 5 to 7 dollars. On the other hand, you should expect to pay around 250 to 300 dollars for a high-quality wallet.</p>\n\n<p>In case you need a wallet to use for a long time, it is a good idea that you should invest a decent amount of money on a wallet. A high quality wallet from a reputational brand with the premium quality such as cowhide leather will last for a long time. In addition, it is an accessory to show off your fashion sense and your social status.</p>\n\n<p style=\"text-align:center\"><img alt=\"f2\" height=\"400\" src=\"/storage/news/5.png\" /></p>\n\n<p>&nbsp;</p>\n','published',NULL,'Botble\\ACL\\Models\\User',1,'news/2.png',733,NULL,'2024-06-02 03:59:12','2024-06-02 03:59:12'),(3,'The Top 2020 Handbag Trends to Know','You should pay more attention when you choose your wallets. There are a lot of them on the market with the different designs and styles. When you choose carefully, you would be able to buy a wallet that is catered to your needs. Not to mention that it will help to enhance your style significantly.','<p>I have seen many people underestimating the power of their wallets. To them, they are just a functional item they use to carry. As a result, they often end up with the wallets which are not really suitable for them.</p>\n\n<p>You should pay more attention when you choose your wallets. There are a lot of them on the market with the different designs and styles. When you choose carefully, you would be able to buy a wallet that is catered to your needs. Not to mention that it will help to enhance your style significantly.</p>\n\n<p style=\"text-align:center\"><img alt=\"f4\" src=\"/storage/news/1.png\" /></p>\n\n<p><br />\n&nbsp;</p>\n\n\n\n<p><strong><em>For all of the reason above, here are 7 expert tips to help you pick up the right men&rsquo;s wallet for you:</em></strong></p>\n\n<h4><strong>Number 1: Choose A Neat Wallet</strong></h4>\n\n<p>The wallet is an essential accessory that you should go simple. Simplicity is the best in this case. A simple and neat wallet with the plain color and even&nbsp;<strong>minimalist style</strong>&nbsp;is versatile. It can be used for both formal and casual events. In addition, that wallet will go well with most of the clothes in your wardrobe.</p>\n\n<p>Keep in mind that a wallet will tell other people about your personality and your fashion sense as much as other clothes you put on. Hence, don&rsquo;t go cheesy on your wallet or else people will think that you have a funny and particular style.</p>\n\n<p style=\"text-align:center\"><img alt=\"f5\" src=\"/storage/news/2.png\" /></p>\n\n<p><br />\n&nbsp;</p>\n<hr />\n<h4><strong>Number 2: Choose The Right Size For Your Wallet</strong></h4>\n\n<p>You should avoid having an over-sized wallet. Don&rsquo;t think that you need to buy a big wallet because you have a lot to carry with you. In addition, a fat wallet is very ugly. It will make it harder for you to slide the wallet into your trousers&rsquo; pocket. In addition, it will create a bulge and ruin your look.</p>\n\n<p>Before you go on to buy a new wallet, clean out your wallet and place all of the items from your wallet on a table. Throw away things that you would never need any more such as the old bills or the expired gift cards. Remember to check your wallet on a frequent basis to get rid of all of the old stuff that you don&rsquo;t need anymore.</p>\n\n<p style=\"text-align:center\"><img alt=\"f1\" src=\"/storage/news/3.png\" /></p>\n\n<p><br />\n&nbsp;</p>\n\n<hr />\n<h4><strong>Number 3: Don&rsquo;t Limit Your Options Of Materials</strong></h4>\n\n<p>The types and designs of wallets are not the only things that you should consider when you go out searching for your best wallet. You have more than 1 option of material rather than leather to choose from as well.</p>\n\n<p>You can experiment with other available options such as cotton, polyester and canvas. They all have their own pros and cons. As a result, they will be suitable for different needs and requirements. You should think about them all in order to choose the material which you would like the most.</p>\n\n<p style=\"text-align:center\"><img alt=\"f6\" height=\"375\" src=\"/storage/news/4.png\" /></p>\n\n<p><br />\n&nbsp;</p>\n\n<hr />\n<h4><strong>Number 4: Consider A Wallet As A Long Term Investment</strong></h4>\n\n<p>Your wallet is indeed an investment that you should consider spending a decent amount of time and effort on it. Another factor that you need to consider is how much you want to spend on your wallet. The price ranges of wallets on the market vary a great deal. You can find a wallet which is as cheap as about 5 to 7 dollars. On the other hand, you should expect to pay around 250 to 300 dollars for a high-quality wallet.</p>\n\n<p>In case you need a wallet to use for a long time, it is a good idea that you should invest a decent amount of money on a wallet. A high quality wallet from a reputational brand with the premium quality such as cowhide leather will last for a long time. In addition, it is an accessory to show off your fashion sense and your social status.</p>\n\n<p style=\"text-align:center\"><img alt=\"f2\" height=\"400\" src=\"/storage/news/5.png\" /></p>\n\n<p>&nbsp;</p>\n','published',NULL,'Botble\\ACL\\Models\\User',1,'news/3.png',905,NULL,'2024-06-02 03:59:12','2024-06-02 03:59:12'),(4,'How to Match the Color of Your Handbag With an Outfit','You should pay more attention when you choose your wallets. There are a lot of them on the market with the different designs and styles. When you choose carefully, you would be able to buy a wallet that is catered to your needs. Not to mention that it will help to enhance your style significantly.','<p>I have seen many people underestimating the power of their wallets. To them, they are just a functional item they use to carry. As a result, they often end up with the wallets which are not really suitable for them.</p>\n\n<p>You should pay more attention when you choose your wallets. There are a lot of them on the market with the different designs and styles. When you choose carefully, you would be able to buy a wallet that is catered to your needs. Not to mention that it will help to enhance your style significantly.</p>\n\n<p style=\"text-align:center\"><img alt=\"f4\" src=\"/storage/news/1.png\" /></p>\n\n<p><br />\n&nbsp;</p>\n\n[featured-products title=\"Shop The Look\" limit=\"6\"][/featured-products]\n\n<p><strong><em>For all of the reason above, here are 7 expert tips to help you pick up the right men&rsquo;s wallet for you:</em></strong></p>\n\n<h4><strong>Number 1: Choose A Neat Wallet</strong></h4>\n\n<p>The wallet is an essential accessory that you should go simple. Simplicity is the best in this case. A simple and neat wallet with the plain color and even&nbsp;<strong>minimalist style</strong>&nbsp;is versatile. It can be used for both formal and casual events. In addition, that wallet will go well with most of the clothes in your wardrobe.</p>\n\n<p>Keep in mind that a wallet will tell other people about your personality and your fashion sense as much as other clothes you put on. Hence, don&rsquo;t go cheesy on your wallet or else people will think that you have a funny and particular style.</p>\n\n<p style=\"text-align:center\"><img alt=\"f5\" src=\"/storage/news/2.png\" /></p>\n\n<p><br />\n&nbsp;</p>\n<hr />\n<h4><strong>Number 2: Choose The Right Size For Your Wallet</strong></h4>\n\n<p>You should avoid having an over-sized wallet. Don&rsquo;t think that you need to buy a big wallet because you have a lot to carry with you. In addition, a fat wallet is very ugly. It will make it harder for you to slide the wallet into your trousers&rsquo; pocket. In addition, it will create a bulge and ruin your look.</p>\n\n<p>Before you go on to buy a new wallet, clean out your wallet and place all of the items from your wallet on a table. Throw away things that you would never need any more such as the old bills or the expired gift cards. Remember to check your wallet on a frequent basis to get rid of all of the old stuff that you don&rsquo;t need anymore.</p>\n\n<p style=\"text-align:center\"><img alt=\"f1\" src=\"/storage/news/3.png\" /></p>\n\n<p><br />\n&nbsp;</p>\n\n<hr />\n<h4><strong>Number 3: Don&rsquo;t Limit Your Options Of Materials</strong></h4>\n\n<p>The types and designs of wallets are not the only things that you should consider when you go out searching for your best wallet. You have more than 1 option of material rather than leather to choose from as well.</p>\n\n<p>You can experiment with other available options such as cotton, polyester and canvas. They all have their own pros and cons. As a result, they will be suitable for different needs and requirements. You should think about them all in order to choose the material which you would like the most.</p>\n\n<p style=\"text-align:center\"><img alt=\"f6\" height=\"375\" src=\"/storage/news/4.png\" /></p>\n\n<p><br />\n&nbsp;</p>\n\n<hr />\n<h4><strong>Number 4: Consider A Wallet As A Long Term Investment</strong></h4>\n\n<p>Your wallet is indeed an investment that you should consider spending a decent amount of time and effort on it. Another factor that you need to consider is how much you want to spend on your wallet. The price ranges of wallets on the market vary a great deal. You can find a wallet which is as cheap as about 5 to 7 dollars. On the other hand, you should expect to pay around 250 to 300 dollars for a high-quality wallet.</p>\n\n<p>In case you need a wallet to use for a long time, it is a good idea that you should invest a decent amount of money on a wallet. A high quality wallet from a reputational brand with the premium quality such as cowhide leather will last for a long time. In addition, it is an accessory to show off your fashion sense and your social status.</p>\n\n<p style=\"text-align:center\"><img alt=\"f2\" height=\"400\" src=\"/storage/news/5.png\" /></p>\n\n<p>&nbsp;</p>\n','published',NULL,'Botble\\ACL\\Models\\User',1,'news/4.png',2375,NULL,'2024-06-02 03:59:12','2024-06-02 03:59:12'),(5,'How to Care for Leather Bags','You should pay more attention when you choose your wallets. There are a lot of them on the market with the different designs and styles. When you choose carefully, you would be able to buy a wallet that is catered to your needs. Not to mention that it will help to enhance your style significantly.','<p>I have seen many people underestimating the power of their wallets. To them, they are just a functional item they use to carry. As a result, they often end up with the wallets which are not really suitable for them.</p>\n\n<p>You should pay more attention when you choose your wallets. There are a lot of them on the market with the different designs and styles. When you choose carefully, you would be able to buy a wallet that is catered to your needs. Not to mention that it will help to enhance your style significantly.</p>\n\n<p style=\"text-align:center\"><img alt=\"f4\" src=\"/storage/news/1.png\" /></p>\n\n<p><br />\n&nbsp;</p>\n\n\n\n<p><strong><em>For all of the reason above, here are 7 expert tips to help you pick up the right men&rsquo;s wallet for you:</em></strong></p>\n\n<h4><strong>Number 1: Choose A Neat Wallet</strong></h4>\n\n<p>The wallet is an essential accessory that you should go simple. Simplicity is the best in this case. A simple and neat wallet with the plain color and even&nbsp;<strong>minimalist style</strong>&nbsp;is versatile. It can be used for both formal and casual events. In addition, that wallet will go well with most of the clothes in your wardrobe.</p>\n\n<p>Keep in mind that a wallet will tell other people about your personality and your fashion sense as much as other clothes you put on. Hence, don&rsquo;t go cheesy on your wallet or else people will think that you have a funny and particular style.</p>\n\n<p style=\"text-align:center\"><img alt=\"f5\" src=\"/storage/news/2.png\" /></p>\n\n<p><br />\n&nbsp;</p>\n<hr />\n<h4><strong>Number 2: Choose The Right Size For Your Wallet</strong></h4>\n\n<p>You should avoid having an over-sized wallet. Don&rsquo;t think that you need to buy a big wallet because you have a lot to carry with you. In addition, a fat wallet is very ugly. It will make it harder for you to slide the wallet into your trousers&rsquo; pocket. In addition, it will create a bulge and ruin your look.</p>\n\n<p>Before you go on to buy a new wallet, clean out your wallet and place all of the items from your wallet on a table. Throw away things that you would never need any more such as the old bills or the expired gift cards. Remember to check your wallet on a frequent basis to get rid of all of the old stuff that you don&rsquo;t need anymore.</p>\n\n<p style=\"text-align:center\"><img alt=\"f1\" src=\"/storage/news/3.png\" /></p>\n\n<p><br />\n&nbsp;</p>\n\n<hr />\n<h4><strong>Number 3: Don&rsquo;t Limit Your Options Of Materials</strong></h4>\n\n<p>The types and designs of wallets are not the only things that you should consider when you go out searching for your best wallet. You have more than 1 option of material rather than leather to choose from as well.</p>\n\n<p>You can experiment with other available options such as cotton, polyester and canvas. They all have their own pros and cons. As a result, they will be suitable for different needs and requirements. You should think about them all in order to choose the material which you would like the most.</p>\n\n<p style=\"text-align:center\"><img alt=\"f6\" height=\"375\" src=\"/storage/news/4.png\" /></p>\n\n<p><br />\n&nbsp;</p>\n\n<hr />\n<h4><strong>Number 4: Consider A Wallet As A Long Term Investment</strong></h4>\n\n<p>Your wallet is indeed an investment that you should consider spending a decent amount of time and effort on it. Another factor that you need to consider is how much you want to spend on your wallet. The price ranges of wallets on the market vary a great deal. You can find a wallet which is as cheap as about 5 to 7 dollars. On the other hand, you should expect to pay around 250 to 300 dollars for a high-quality wallet.</p>\n\n<p>In case you need a wallet to use for a long time, it is a good idea that you should invest a decent amount of money on a wallet. A high quality wallet from a reputational brand with the premium quality such as cowhide leather will last for a long time. In addition, it is an accessory to show off your fashion sense and your social status.</p>\n\n<p style=\"text-align:center\"><img alt=\"f2\" height=\"400\" src=\"/storage/news/5.png\" /></p>\n\n<p>&nbsp;</p>\n','published',NULL,'Botble\\ACL\\Models\\User',1,'news/5.png',216,NULL,'2024-06-02 03:59:12','2024-06-02 03:59:12'),(6,'We\'re Crushing Hard on Summer\'s 10 Biggest Bag Trends','You should pay more attention when you choose your wallets. There are a lot of them on the market with the different designs and styles. When you choose carefully, you would be able to buy a wallet that is catered to your needs. Not to mention that it will help to enhance your style significantly.','<p>I have seen many people underestimating the power of their wallets. To them, they are just a functional item they use to carry. As a result, they often end up with the wallets which are not really suitable for them.</p>\n\n<p>You should pay more attention when you choose your wallets. There are a lot of them on the market with the different designs and styles. When you choose carefully, you would be able to buy a wallet that is catered to your needs. Not to mention that it will help to enhance your style significantly.</p>\n\n<p style=\"text-align:center\"><img alt=\"f4\" src=\"/storage/news/1.png\" /></p>\n\n<p><br />\n&nbsp;</p>\n\n\n\n<p><strong><em>For all of the reason above, here are 7 expert tips to help you pick up the right men&rsquo;s wallet for you:</em></strong></p>\n\n<h4><strong>Number 1: Choose A Neat Wallet</strong></h4>\n\n<p>The wallet is an essential accessory that you should go simple. Simplicity is the best in this case. A simple and neat wallet with the plain color and even&nbsp;<strong>minimalist style</strong>&nbsp;is versatile. It can be used for both formal and casual events. In addition, that wallet will go well with most of the clothes in your wardrobe.</p>\n\n<p>Keep in mind that a wallet will tell other people about your personality and your fashion sense as much as other clothes you put on. Hence, don&rsquo;t go cheesy on your wallet or else people will think that you have a funny and particular style.</p>\n\n<p style=\"text-align:center\"><img alt=\"f5\" src=\"/storage/news/2.png\" /></p>\n\n<p><br />\n&nbsp;</p>\n<hr />\n<h4><strong>Number 2: Choose The Right Size For Your Wallet</strong></h4>\n\n<p>You should avoid having an over-sized wallet. Don&rsquo;t think that you need to buy a big wallet because you have a lot to carry with you. In addition, a fat wallet is very ugly. It will make it harder for you to slide the wallet into your trousers&rsquo; pocket. In addition, it will create a bulge and ruin your look.</p>\n\n<p>Before you go on to buy a new wallet, clean out your wallet and place all of the items from your wallet on a table. Throw away things that you would never need any more such as the old bills or the expired gift cards. Remember to check your wallet on a frequent basis to get rid of all of the old stuff that you don&rsquo;t need anymore.</p>\n\n<p style=\"text-align:center\"><img alt=\"f1\" src=\"/storage/news/3.png\" /></p>\n\n<p><br />\n&nbsp;</p>\n\n<hr />\n<h4><strong>Number 3: Don&rsquo;t Limit Your Options Of Materials</strong></h4>\n\n<p>The types and designs of wallets are not the only things that you should consider when you go out searching for your best wallet. You have more than 1 option of material rather than leather to choose from as well.</p>\n\n<p>You can experiment with other available options such as cotton, polyester and canvas. They all have their own pros and cons. As a result, they will be suitable for different needs and requirements. You should think about them all in order to choose the material which you would like the most.</p>\n\n<p style=\"text-align:center\"><img alt=\"f6\" height=\"375\" src=\"/storage/news/4.png\" /></p>\n\n<p><br />\n&nbsp;</p>\n\n<hr />\n<h4><strong>Number 4: Consider A Wallet As A Long Term Investment</strong></h4>\n\n<p>Your wallet is indeed an investment that you should consider spending a decent amount of time and effort on it. Another factor that you need to consider is how much you want to spend on your wallet. The price ranges of wallets on the market vary a great deal. You can find a wallet which is as cheap as about 5 to 7 dollars. On the other hand, you should expect to pay around 250 to 300 dollars for a high-quality wallet.</p>\n\n<p>In case you need a wallet to use for a long time, it is a good idea that you should invest a decent amount of money on a wallet. A high quality wallet from a reputational brand with the premium quality such as cowhide leather will last for a long time. In addition, it is an accessory to show off your fashion sense and your social status.</p>\n\n<p style=\"text-align:center\"><img alt=\"f2\" height=\"400\" src=\"/storage/news/5.png\" /></p>\n\n<p>&nbsp;</p>\n','published',NULL,'Botble\\ACL\\Models\\User',1,'news/6.png',486,NULL,'2024-06-02 03:59:12','2024-06-02 03:59:12'),(7,'Essential Qualities of Highly Successful Music','You should pay more attention when you choose your wallets. There are a lot of them on the market with the different designs and styles. When you choose carefully, you would be able to buy a wallet that is catered to your needs. Not to mention that it will help to enhance your style significantly.','<p>I have seen many people underestimating the power of their wallets. To them, they are just a functional item they use to carry. As a result, they often end up with the wallets which are not really suitable for them.</p>\n\n<p>You should pay more attention when you choose your wallets. There are a lot of them on the market with the different designs and styles. When you choose carefully, you would be able to buy a wallet that is catered to your needs. Not to mention that it will help to enhance your style significantly.</p>\n\n<p style=\"text-align:center\"><img alt=\"f4\" src=\"/storage/news/1.png\" /></p>\n\n<p><br />\n&nbsp;</p>\n\n\n\n<p><strong><em>For all of the reason above, here are 7 expert tips to help you pick up the right men&rsquo;s wallet for you:</em></strong></p>\n\n<h4><strong>Number 1: Choose A Neat Wallet</strong></h4>\n\n<p>The wallet is an essential accessory that you should go simple. Simplicity is the best in this case. A simple and neat wallet with the plain color and even&nbsp;<strong>minimalist style</strong>&nbsp;is versatile. It can be used for both formal and casual events. In addition, that wallet will go well with most of the clothes in your wardrobe.</p>\n\n<p>Keep in mind that a wallet will tell other people about your personality and your fashion sense as much as other clothes you put on. Hence, don&rsquo;t go cheesy on your wallet or else people will think that you have a funny and particular style.</p>\n\n<p style=\"text-align:center\"><img alt=\"f5\" src=\"/storage/news/2.png\" /></p>\n\n<p><br />\n&nbsp;</p>\n<hr />\n<h4><strong>Number 2: Choose The Right Size For Your Wallet</strong></h4>\n\n<p>You should avoid having an over-sized wallet. Don&rsquo;t think that you need to buy a big wallet because you have a lot to carry with you. In addition, a fat wallet is very ugly. It will make it harder for you to slide the wallet into your trousers&rsquo; pocket. In addition, it will create a bulge and ruin your look.</p>\n\n<p>Before you go on to buy a new wallet, clean out your wallet and place all of the items from your wallet on a table. Throw away things that you would never need any more such as the old bills or the expired gift cards. Remember to check your wallet on a frequent basis to get rid of all of the old stuff that you don&rsquo;t need anymore.</p>\n\n<p style=\"text-align:center\"><img alt=\"f1\" src=\"/storage/news/3.png\" /></p>\n\n<p><br />\n&nbsp;</p>\n\n<hr />\n<h4><strong>Number 3: Don&rsquo;t Limit Your Options Of Materials</strong></h4>\n\n<p>The types and designs of wallets are not the only things that you should consider when you go out searching for your best wallet. You have more than 1 option of material rather than leather to choose from as well.</p>\n\n<p>You can experiment with other available options such as cotton, polyester and canvas. They all have their own pros and cons. As a result, they will be suitable for different needs and requirements. You should think about them all in order to choose the material which you would like the most.</p>\n\n<p style=\"text-align:center\"><img alt=\"f6\" height=\"375\" src=\"/storage/news/4.png\" /></p>\n\n<p><br />\n&nbsp;</p>\n\n<hr />\n<h4><strong>Number 4: Consider A Wallet As A Long Term Investment</strong></h4>\n\n<p>Your wallet is indeed an investment that you should consider spending a decent amount of time and effort on it. Another factor that you need to consider is how much you want to spend on your wallet. The price ranges of wallets on the market vary a great deal. You can find a wallet which is as cheap as about 5 to 7 dollars. On the other hand, you should expect to pay around 250 to 300 dollars for a high-quality wallet.</p>\n\n<p>In case you need a wallet to use for a long time, it is a good idea that you should invest a decent amount of money on a wallet. A high quality wallet from a reputational brand with the premium quality such as cowhide leather will last for a long time. In addition, it is an accessory to show off your fashion sense and your social status.</p>\n\n<p style=\"text-align:center\"><img alt=\"f2\" height=\"400\" src=\"/storage/news/5.png\" /></p>\n\n<p>&nbsp;</p>\n','published',NULL,'Botble\\ACL\\Models\\User',1,'news/7.png',1620,NULL,'2024-06-02 03:59:12','2024-06-02 03:59:12'),(8,'9 Things I Love About Shaving My Head','You should pay more attention when you choose your wallets. There are a lot of them on the market with the different designs and styles. When you choose carefully, you would be able to buy a wallet that is catered to your needs. Not to mention that it will help to enhance your style significantly.','<p>I have seen many people underestimating the power of their wallets. To them, they are just a functional item they use to carry. As a result, they often end up with the wallets which are not really suitable for them.</p>\n\n<p>You should pay more attention when you choose your wallets. There are a lot of them on the market with the different designs and styles. When you choose carefully, you would be able to buy a wallet that is catered to your needs. Not to mention that it will help to enhance your style significantly.</p>\n\n<p style=\"text-align:center\"><img alt=\"f4\" src=\"/storage/news/1.png\" /></p>\n\n<p><br />\n&nbsp;</p>\n\n\n\n<p><strong><em>For all of the reason above, here are 7 expert tips to help you pick up the right men&rsquo;s wallet for you:</em></strong></p>\n\n<h4><strong>Number 1: Choose A Neat Wallet</strong></h4>\n\n<p>The wallet is an essential accessory that you should go simple. Simplicity is the best in this case. A simple and neat wallet with the plain color and even&nbsp;<strong>minimalist style</strong>&nbsp;is versatile. It can be used for both formal and casual events. In addition, that wallet will go well with most of the clothes in your wardrobe.</p>\n\n<p>Keep in mind that a wallet will tell other people about your personality and your fashion sense as much as other clothes you put on. Hence, don&rsquo;t go cheesy on your wallet or else people will think that you have a funny and particular style.</p>\n\n<p style=\"text-align:center\"><img alt=\"f5\" src=\"/storage/news/2.png\" /></p>\n\n<p><br />\n&nbsp;</p>\n<hr />\n<h4><strong>Number 2: Choose The Right Size For Your Wallet</strong></h4>\n\n<p>You should avoid having an over-sized wallet. Don&rsquo;t think that you need to buy a big wallet because you have a lot to carry with you. In addition, a fat wallet is very ugly. It will make it harder for you to slide the wallet into your trousers&rsquo; pocket. In addition, it will create a bulge and ruin your look.</p>\n\n<p>Before you go on to buy a new wallet, clean out your wallet and place all of the items from your wallet on a table. Throw away things that you would never need any more such as the old bills or the expired gift cards. Remember to check your wallet on a frequent basis to get rid of all of the old stuff that you don&rsquo;t need anymore.</p>\n\n<p style=\"text-align:center\"><img alt=\"f1\" src=\"/storage/news/3.png\" /></p>\n\n<p><br />\n&nbsp;</p>\n\n<hr />\n<h4><strong>Number 3: Don&rsquo;t Limit Your Options Of Materials</strong></h4>\n\n<p>The types and designs of wallets are not the only things that you should consider when you go out searching for your best wallet. You have more than 1 option of material rather than leather to choose from as well.</p>\n\n<p>You can experiment with other available options such as cotton, polyester and canvas. They all have their own pros and cons. As a result, they will be suitable for different needs and requirements. You should think about them all in order to choose the material which you would like the most.</p>\n\n<p style=\"text-align:center\"><img alt=\"f6\" height=\"375\" src=\"/storage/news/4.png\" /></p>\n\n<p><br />\n&nbsp;</p>\n\n<hr />\n<h4><strong>Number 4: Consider A Wallet As A Long Term Investment</strong></h4>\n\n<p>Your wallet is indeed an investment that you should consider spending a decent amount of time and effort on it. Another factor that you need to consider is how much you want to spend on your wallet. The price ranges of wallets on the market vary a great deal. You can find a wallet which is as cheap as about 5 to 7 dollars. On the other hand, you should expect to pay around 250 to 300 dollars for a high-quality wallet.</p>\n\n<p>In case you need a wallet to use for a long time, it is a good idea that you should invest a decent amount of money on a wallet. A high quality wallet from a reputational brand with the premium quality such as cowhide leather will last for a long time. In addition, it is an accessory to show off your fashion sense and your social status.</p>\n\n<p style=\"text-align:center\"><img alt=\"f2\" height=\"400\" src=\"/storage/news/5.png\" /></p>\n\n<p>&nbsp;</p>\n','published',NULL,'Botble\\ACL\\Models\\User',1,'news/8.png',1708,NULL,'2024-06-02 03:59:12','2024-06-02 03:59:12'),(9,'Why Teamwork Really Makes The Dream Work','You should pay more attention when you choose your wallets. There are a lot of them on the market with the different designs and styles. When you choose carefully, you would be able to buy a wallet that is catered to your needs. Not to mention that it will help to enhance your style significantly.','<p>I have seen many people underestimating the power of their wallets. To them, they are just a functional item they use to carry. As a result, they often end up with the wallets which are not really suitable for them.</p>\n\n<p>You should pay more attention when you choose your wallets. There are a lot of them on the market with the different designs and styles. When you choose carefully, you would be able to buy a wallet that is catered to your needs. Not to mention that it will help to enhance your style significantly.</p>\n\n<p style=\"text-align:center\"><img alt=\"f4\" src=\"/storage/news/1.png\" /></p>\n\n<p><br />\n&nbsp;</p>\n\n\n\n<p><strong><em>For all of the reason above, here are 7 expert tips to help you pick up the right men&rsquo;s wallet for you:</em></strong></p>\n\n<h4><strong>Number 1: Choose A Neat Wallet</strong></h4>\n\n<p>The wallet is an essential accessory that you should go simple. Simplicity is the best in this case. A simple and neat wallet with the plain color and even&nbsp;<strong>minimalist style</strong>&nbsp;is versatile. It can be used for both formal and casual events. In addition, that wallet will go well with most of the clothes in your wardrobe.</p>\n\n<p>Keep in mind that a wallet will tell other people about your personality and your fashion sense as much as other clothes you put on. Hence, don&rsquo;t go cheesy on your wallet or else people will think that you have a funny and particular style.</p>\n\n<p style=\"text-align:center\"><img alt=\"f5\" src=\"/storage/news/2.png\" /></p>\n\n<p><br />\n&nbsp;</p>\n<hr />\n<h4><strong>Number 2: Choose The Right Size For Your Wallet</strong></h4>\n\n<p>You should avoid having an over-sized wallet. Don&rsquo;t think that you need to buy a big wallet because you have a lot to carry with you. In addition, a fat wallet is very ugly. It will make it harder for you to slide the wallet into your trousers&rsquo; pocket. In addition, it will create a bulge and ruin your look.</p>\n\n<p>Before you go on to buy a new wallet, clean out your wallet and place all of the items from your wallet on a table. Throw away things that you would never need any more such as the old bills or the expired gift cards. Remember to check your wallet on a frequent basis to get rid of all of the old stuff that you don&rsquo;t need anymore.</p>\n\n<p style=\"text-align:center\"><img alt=\"f1\" src=\"/storage/news/3.png\" /></p>\n\n<p><br />\n&nbsp;</p>\n\n<hr />\n<h4><strong>Number 3: Don&rsquo;t Limit Your Options Of Materials</strong></h4>\n\n<p>The types and designs of wallets are not the only things that you should consider when you go out searching for your best wallet. You have more than 1 option of material rather than leather to choose from as well.</p>\n\n<p>You can experiment with other available options such as cotton, polyester and canvas. They all have their own pros and cons. As a result, they will be suitable for different needs and requirements. You should think about them all in order to choose the material which you would like the most.</p>\n\n<p style=\"text-align:center\"><img alt=\"f6\" height=\"375\" src=\"/storage/news/4.png\" /></p>\n\n<p><br />\n&nbsp;</p>\n\n<hr />\n<h4><strong>Number 4: Consider A Wallet As A Long Term Investment</strong></h4>\n\n<p>Your wallet is indeed an investment that you should consider spending a decent amount of time and effort on it. Another factor that you need to consider is how much you want to spend on your wallet. The price ranges of wallets on the market vary a great deal. You can find a wallet which is as cheap as about 5 to 7 dollars. On the other hand, you should expect to pay around 250 to 300 dollars for a high-quality wallet.</p>\n\n<p>In case you need a wallet to use for a long time, it is a good idea that you should invest a decent amount of money on a wallet. A high quality wallet from a reputational brand with the premium quality such as cowhide leather will last for a long time. In addition, it is an accessory to show off your fashion sense and your social status.</p>\n\n<p style=\"text-align:center\"><img alt=\"f2\" height=\"400\" src=\"/storage/news/5.png\" /></p>\n\n<p>&nbsp;</p>\n','published',NULL,'Botble\\ACL\\Models\\User',1,'news/9.png',1162,NULL,'2024-06-02 03:59:12','2024-06-02 03:59:12'),(10,'The World Caters to Average People','You should pay more attention when you choose your wallets. There are a lot of them on the market with the different designs and styles. When you choose carefully, you would be able to buy a wallet that is catered to your needs. Not to mention that it will help to enhance your style significantly.','<p>I have seen many people underestimating the power of their wallets. To them, they are just a functional item they use to carry. As a result, they often end up with the wallets which are not really suitable for them.</p>\n\n<p>You should pay more attention when you choose your wallets. There are a lot of them on the market with the different designs and styles. When you choose carefully, you would be able to buy a wallet that is catered to your needs. Not to mention that it will help to enhance your style significantly.</p>\n\n<p style=\"text-align:center\"><img alt=\"f4\" src=\"/storage/news/1.png\" /></p>\n\n<p><br />\n&nbsp;</p>\n\n\n\n<p><strong><em>For all of the reason above, here are 7 expert tips to help you pick up the right men&rsquo;s wallet for you:</em></strong></p>\n\n<h4><strong>Number 1: Choose A Neat Wallet</strong></h4>\n\n<p>The wallet is an essential accessory that you should go simple. Simplicity is the best in this case. A simple and neat wallet with the plain color and even&nbsp;<strong>minimalist style</strong>&nbsp;is versatile. It can be used for both formal and casual events. In addition, that wallet will go well with most of the clothes in your wardrobe.</p>\n\n<p>Keep in mind that a wallet will tell other people about your personality and your fashion sense as much as other clothes you put on. Hence, don&rsquo;t go cheesy on your wallet or else people will think that you have a funny and particular style.</p>\n\n<p style=\"text-align:center\"><img alt=\"f5\" src=\"/storage/news/2.png\" /></p>\n\n<p><br />\n&nbsp;</p>\n<hr />\n<h4><strong>Number 2: Choose The Right Size For Your Wallet</strong></h4>\n\n<p>You should avoid having an over-sized wallet. Don&rsquo;t think that you need to buy a big wallet because you have a lot to carry with you. In addition, a fat wallet is very ugly. It will make it harder for you to slide the wallet into your trousers&rsquo; pocket. In addition, it will create a bulge and ruin your look.</p>\n\n<p>Before you go on to buy a new wallet, clean out your wallet and place all of the items from your wallet on a table. Throw away things that you would never need any more such as the old bills or the expired gift cards. Remember to check your wallet on a frequent basis to get rid of all of the old stuff that you don&rsquo;t need anymore.</p>\n\n<p style=\"text-align:center\"><img alt=\"f1\" src=\"/storage/news/3.png\" /></p>\n\n<p><br />\n&nbsp;</p>\n\n<hr />\n<h4><strong>Number 3: Don&rsquo;t Limit Your Options Of Materials</strong></h4>\n\n<p>The types and designs of wallets are not the only things that you should consider when you go out searching for your best wallet. You have more than 1 option of material rather than leather to choose from as well.</p>\n\n<p>You can experiment with other available options such as cotton, polyester and canvas. They all have their own pros and cons. As a result, they will be suitable for different needs and requirements. You should think about them all in order to choose the material which you would like the most.</p>\n\n<p style=\"text-align:center\"><img alt=\"f6\" height=\"375\" src=\"/storage/news/4.png\" /></p>\n\n<p><br />\n&nbsp;</p>\n\n<hr />\n<h4><strong>Number 4: Consider A Wallet As A Long Term Investment</strong></h4>\n\n<p>Your wallet is indeed an investment that you should consider spending a decent amount of time and effort on it. Another factor that you need to consider is how much you want to spend on your wallet. The price ranges of wallets on the market vary a great deal. You can find a wallet which is as cheap as about 5 to 7 dollars. On the other hand, you should expect to pay around 250 to 300 dollars for a high-quality wallet.</p>\n\n<p>In case you need a wallet to use for a long time, it is a good idea that you should invest a decent amount of money on a wallet. A high quality wallet from a reputational brand with the premium quality such as cowhide leather will last for a long time. In addition, it is an accessory to show off your fashion sense and your social status.</p>\n\n<p style=\"text-align:center\"><img alt=\"f2\" height=\"400\" src=\"/storage/news/5.png\" /></p>\n\n<p>&nbsp;</p>\n','published',NULL,'Botble\\ACL\\Models\\User',1,'news/10.png',858,NULL,'2024-06-02 03:59:12','2024-06-02 03:59:12'),(11,'The litigants on the screen are not actors','You should pay more attention when you choose your wallets. There are a lot of them on the market with the different designs and styles. When you choose carefully, you would be able to buy a wallet that is catered to your needs. Not to mention that it will help to enhance your style significantly.','<p>I have seen many people underestimating the power of their wallets. To them, they are just a functional item they use to carry. As a result, they often end up with the wallets which are not really suitable for them.</p>\n\n<p>You should pay more attention when you choose your wallets. There are a lot of them on the market with the different designs and styles. When you choose carefully, you would be able to buy a wallet that is catered to your needs. Not to mention that it will help to enhance your style significantly.</p>\n\n<p style=\"text-align:center\"><img alt=\"f4\" src=\"/storage/news/1.png\" /></p>\n\n<p><br />\n&nbsp;</p>\n\n\n\n<p><strong><em>For all of the reason above, here are 7 expert tips to help you pick up the right men&rsquo;s wallet for you:</em></strong></p>\n\n<h4><strong>Number 1: Choose A Neat Wallet</strong></h4>\n\n<p>The wallet is an essential accessory that you should go simple. Simplicity is the best in this case. A simple and neat wallet with the plain color and even&nbsp;<strong>minimalist style</strong>&nbsp;is versatile. It can be used for both formal and casual events. In addition, that wallet will go well with most of the clothes in your wardrobe.</p>\n\n<p>Keep in mind that a wallet will tell other people about your personality and your fashion sense as much as other clothes you put on. Hence, don&rsquo;t go cheesy on your wallet or else people will think that you have a funny and particular style.</p>\n\n<p style=\"text-align:center\"><img alt=\"f5\" src=\"/storage/news/2.png\" /></p>\n\n<p><br />\n&nbsp;</p>\n<hr />\n<h4><strong>Number 2: Choose The Right Size For Your Wallet</strong></h4>\n\n<p>You should avoid having an over-sized wallet. Don&rsquo;t think that you need to buy a big wallet because you have a lot to carry with you. In addition, a fat wallet is very ugly. It will make it harder for you to slide the wallet into your trousers&rsquo; pocket. In addition, it will create a bulge and ruin your look.</p>\n\n<p>Before you go on to buy a new wallet, clean out your wallet and place all of the items from your wallet on a table. Throw away things that you would never need any more such as the old bills or the expired gift cards. Remember to check your wallet on a frequent basis to get rid of all of the old stuff that you don&rsquo;t need anymore.</p>\n\n<p style=\"text-align:center\"><img alt=\"f1\" src=\"/storage/news/3.png\" /></p>\n\n<p><br />\n&nbsp;</p>\n\n<hr />\n<h4><strong>Number 3: Don&rsquo;t Limit Your Options Of Materials</strong></h4>\n\n<p>The types and designs of wallets are not the only things that you should consider when you go out searching for your best wallet. You have more than 1 option of material rather than leather to choose from as well.</p>\n\n<p>You can experiment with other available options such as cotton, polyester and canvas. They all have their own pros and cons. As a result, they will be suitable for different needs and requirements. You should think about them all in order to choose the material which you would like the most.</p>\n\n<p style=\"text-align:center\"><img alt=\"f6\" height=\"375\" src=\"/storage/news/4.png\" /></p>\n\n<p><br />\n&nbsp;</p>\n\n<hr />\n<h4><strong>Number 4: Consider A Wallet As A Long Term Investment</strong></h4>\n\n<p>Your wallet is indeed an investment that you should consider spending a decent amount of time and effort on it. Another factor that you need to consider is how much you want to spend on your wallet. The price ranges of wallets on the market vary a great deal. You can find a wallet which is as cheap as about 5 to 7 dollars. On the other hand, you should expect to pay around 250 to 300 dollars for a high-quality wallet.</p>\n\n<p>In case you need a wallet to use for a long time, it is a good idea that you should invest a decent amount of money on a wallet. A high quality wallet from a reputational brand with the premium quality such as cowhide leather will last for a long time. In addition, it is an accessory to show off your fashion sense and your social status.</p>\n\n<p style=\"text-align:center\"><img alt=\"f2\" height=\"400\" src=\"/storage/news/5.png\" /></p>\n\n<p>&nbsp;</p>\n','published',NULL,'Botble\\ACL\\Models\\User',0,'news/11.png',1446,NULL,'2024-06-02 03:59:12','2024-06-02 03:59:12');

--
-- Table structure for table `posts_translations`
--

CREATE TABLE `posts_translations` (
  `lang_code` varchar(20) COLLATE utf8mb4_unicode_ci NOT NULL,
  `posts_id` bigint unsigned NOT NULL,
  `name` varchar(191) COLLATE utf8mb4_unicode_ci DEFAULT NULL,
  `description` varchar(400) COLLATE utf8mb4_unicode_ci DEFAULT NULL,
  `content` longtext COLLATE utf8mb4_unicode_ci,
  PRIMARY KEY (`lang_code`,`posts_id`)
) ENGINE=InnoDB DEFAULT CHARSET=utf8mb4 COLLATE=utf8mb4_unicode_ci;

--
-- Dumping data for table `posts_translations`
--


--
-- Table structure for table `revisions`
--

CREATE TABLE `revisions` (
  `id` bigint unsigned NOT NULL AUTO_INCREMENT,
  `revisionable_type` varchar(191) COLLATE utf8mb4_unicode_ci NOT NULL,
  `revisionable_id` bigint unsigned NOT NULL,
  `user_id` bigint unsigned DEFAULT NULL,
  `key` varchar(120) COLLATE utf8mb4_unicode_ci NOT NULL,
  `old_value` text COLLATE utf8mb4_unicode_ci,
  `new_value` text COLLATE utf8mb4_unicode_ci,
  `created_at` timestamp NULL DEFAULT NULL,
  `updated_at` timestamp NULL DEFAULT NULL,
  PRIMARY KEY (`id`),
  KEY `revisions_revisionable_id_revisionable_type_index` (`revisionable_id`,`revisionable_type`)
) ENGINE=InnoDB DEFAULT CHARSET=utf8mb4 COLLATE=utf8mb4_unicode_ci;

--
-- Dumping data for table `revisions`
--


--
-- Table structure for table `role_users`
--

CREATE TABLE `role_users` (
  `user_id` bigint unsigned NOT NULL,
  `role_id` bigint unsigned NOT NULL,
  `created_at` timestamp NULL DEFAULT NULL,
  `updated_at` timestamp NULL DEFAULT NULL,
  PRIMARY KEY (`user_id`,`role_id`),
  KEY `role_users_user_id_index` (`user_id`),
  KEY `role_users_role_id_index` (`role_id`)
) ENGINE=InnoDB DEFAULT CHARSET=utf8mb4 COLLATE=utf8mb4_unicode_ci;

--
-- Dumping data for table `role_users`
--


--
-- Table structure for table `roles`
--

CREATE TABLE `roles` (
  `id` bigint unsigned NOT NULL AUTO_INCREMENT,
  `slug` varchar(120) COLLATE utf8mb4_unicode_ci NOT NULL,
  `name` varchar(120) COLLATE utf8mb4_unicode_ci NOT NULL,
  `permissions` text COLLATE utf8mb4_unicode_ci,
  `description` varchar(400) COLLATE utf8mb4_unicode_ci DEFAULT NULL,
  `is_default` tinyint unsigned NOT NULL DEFAULT '0',
  `created_by` bigint unsigned NOT NULL,
  `updated_by` bigint unsigned NOT NULL,
  `created_at` timestamp NULL DEFAULT NULL,
  `updated_at` timestamp NULL DEFAULT NULL,
  PRIMARY KEY (`id`),
  UNIQUE KEY `roles_slug_unique` (`slug`),
  KEY `roles_created_by_index` (`created_by`),
  KEY `roles_updated_by_index` (`updated_by`)
) ENGINE=InnoDB AUTO_INCREMENT=2 DEFAULT CHARSET=utf8mb4 COLLATE=utf8mb4_unicode_ci;

--
-- Dumping data for table `roles`
--

INSERT INTO `roles` VALUES (1,'admin','Admin','{\"users.index\":true,\"users.create\":true,\"users.edit\":true,\"users.destroy\":true,\"roles.index\":true,\"roles.create\":true,\"roles.edit\":true,\"roles.destroy\":true,\"core.system\":true,\"core.cms\":true,\"core.manage.license\":true,\"systems.cronjob\":true,\"core.tools\":true,\"tools.data-synchronize\":true,\"media.index\":true,\"files.index\":true,\"files.create\":true,\"files.edit\":true,\"files.trash\":true,\"files.destroy\":true,\"folders.index\":true,\"folders.create\":true,\"folders.edit\":true,\"folders.trash\":true,\"folders.destroy\":true,\"settings.index\":true,\"settings.common\":true,\"settings.options\":true,\"settings.email\":true,\"settings.media\":true,\"settings.admin-appearance\":true,\"settings.cache\":true,\"settings.datatables\":true,\"settings.email.rules\":true,\"settings.others\":true,\"menus.index\":true,\"menus.create\":true,\"menus.edit\":true,\"menus.destroy\":true,\"optimize.settings\":true,\"pages.index\":true,\"pages.create\":true,\"pages.edit\":true,\"pages.destroy\":true,\"plugins.index\":true,\"plugins.edit\":true,\"plugins.remove\":true,\"plugins.marketplace\":true,\"core.appearance\":true,\"theme.index\":true,\"theme.activate\":true,\"theme.remove\":true,\"theme.options\":true,\"theme.custom-css\":true,\"theme.custom-js\":true,\"theme.custom-html\":true,\"theme.robots-txt\":true,\"settings.website-tracking\":true,\"widgets.index\":true,\"ads.index\":true,\"ads.create\":true,\"ads.edit\":true,\"ads.destroy\":true,\"ads.settings\":true,\"analytics.general\":true,\"analytics.page\":true,\"analytics.browser\":true,\"analytics.referrer\":true,\"analytics.settings\":true,\"audit-log.index\":true,\"audit-log.destroy\":true,\"backups.index\":true,\"backups.create\":true,\"backups.restore\":true,\"backups.destroy\":true,\"plugins.blog\":true,\"posts.index\":true,\"posts.create\":true,\"posts.edit\":true,\"posts.destroy\":true,\"categories.index\":true,\"categories.create\":true,\"categories.edit\":true,\"categories.destroy\":true,\"tags.index\":true,\"tags.create\":true,\"tags.edit\":true,\"tags.destroy\":true,\"blog.settings\":true,\"posts.export\":true,\"posts.import\":true,\"captcha.settings\":true,\"contacts.index\":true,\"contacts.edit\":true,\"contacts.destroy\":true,\"contact.settings\":true,\"plugins.ecommerce\":true,\"ecommerce.report.index\":true,\"products.index\":true,\"products.create\":true,\"products.edit\":true,\"products.destroy\":true,\"products.duplicate\":true,\"ecommerce.product-prices.index\":true,\"ecommerce.product-prices.edit\":true,\"ecommerce.product-inventory.index\":true,\"ecommerce.product-inventory.edit\":true,\"product-categories.index\":true,\"product-categories.create\":true,\"product-categories.edit\":true,\"product-categories.destroy\":true,\"product-tag.index\":true,\"product-tag.create\":true,\"product-tag.edit\":true,\"product-tag.destroy\":true,\"brands.index\":true,\"brands.create\":true,\"brands.edit\":true,\"brands.destroy\":true,\"product-collections.index\":true,\"product-collections.create\":true,\"product-collections.edit\":true,\"product-collections.destroy\":true,\"product-attribute-sets.index\":true,\"product-attribute-sets.create\":true,\"product-attribute-sets.edit\":true,\"product-attribute-sets.destroy\":true,\"product-attributes.index\":true,\"product-attributes.create\":true,\"product-attributes.edit\":true,\"product-attributes.destroy\":true,\"tax.index\":true,\"tax.create\":true,\"tax.edit\":true,\"tax.destroy\":true,\"reviews.index\":true,\"reviews.create\":true,\"reviews.destroy\":true,\"reviews.publish\":true,\"reviews.reply\":true,\"ecommerce.shipments.index\":true,\"ecommerce.shipments.create\":true,\"ecommerce.shipments.edit\":true,\"ecommerce.shipments.destroy\":true,\"orders.index\":true,\"orders.create\":true,\"orders.edit\":true,\"orders.destroy\":true,\"discounts.index\":true,\"discounts.create\":true,\"discounts.edit\":true,\"discounts.destroy\":true,\"customers.index\":true,\"customers.create\":true,\"customers.edit\":true,\"customers.destroy\":true,\"flash-sale.index\":true,\"flash-sale.create\":true,\"flash-sale.edit\":true,\"flash-sale.destroy\":true,\"product-label.index\":true,\"product-label.create\":true,\"product-label.edit\":true,\"product-label.destroy\":true,\"ecommerce.import.products.index\":true,\"ecommerce.export.products.index\":true,\"order_returns.index\":true,\"order_returns.edit\":true,\"order_returns.destroy\":true,\"global-option.index\":true,\"global-option.create\":true,\"global-option.edit\":true,\"global-option.destroy\":true,\"ecommerce.invoice.index\":true,\"ecommerce.invoice.edit\":true,\"ecommerce.invoice.destroy\":true,\"ecommerce.settings\":true,\"ecommerce.settings.general\":true,\"ecommerce.invoice-template.index\":true,\"ecommerce.settings.currencies\":true,\"ecommerce.settings.products\":true,\"ecommerce.settings.product-search\":true,\"ecommerce.settings.digital-products\":true,\"ecommerce.settings.store-locators\":true,\"ecommerce.settings.invoices\":true,\"ecommerce.settings.product-reviews\":true,\"ecommerce.settings.customers\":true,\"ecommerce.settings.shopping\":true,\"ecommerce.settings.taxes\":true,\"ecommerce.settings.shipping\":true,\"ecommerce.shipping-rule-items.index\":true,\"ecommerce.shipping-rule-items.create\":true,\"ecommerce.shipping-rule-items.edit\":true,\"ecommerce.shipping-rule-items.destroy\":true,\"ecommerce.shipping-rule-items.bulk-import\":true,\"ecommerce.settings.tracking\":true,\"ecommerce.settings.standard-and-format\":true,\"ecommerce.settings.checkout\":true,\"ecommerce.settings.return\":true,\"ecommerce.settings.flash-sale\":true,\"plugin.faq\":true,\"faq.index\":true,\"faq.create\":true,\"faq.edit\":true,\"faq.destroy\":true,\"faq_category.index\":true,\"faq_category.create\":true,\"faq_category.edit\":true,\"faq_category.destroy\":true,\"faqs.settings\":true,\"languages.index\":true,\"languages.create\":true,\"languages.edit\":true,\"languages.destroy\":true,\"plugin.location\":true,\"country.index\":true,\"country.create\":true,\"country.edit\":true,\"country.destroy\":true,\"state.index\":true,\"state.create\":true,\"state.edit\":true,\"state.destroy\":true,\"city.index\":true,\"city.create\":true,\"city.edit\":true,\"city.destroy\":true,\"marketplace.index\":true,\"marketplace.store.index\":true,\"marketplace.store.create\":true,\"marketplace.store.edit\":true,\"marketplace.store.destroy\":true,\"marketplace.store.view\":true,\"marketplace.store.revenue.create\":true,\"marketplace.withdrawal.index\":true,\"marketplace.withdrawal.edit\":true,\"marketplace.withdrawal.destroy\":true,\"marketplace.vendors.index\":true,\"marketplace.unverified-vendors.index\":true,\"marketplace.unverified-vendors.edit\":true,\"marketplace.reports\":true,\"marketplace.settings\":true,\"newsletter.index\":true,\"newsletter.destroy\":true,\"newsletter.settings\":true,\"payment.index\":true,\"payments.settings\":true,\"payment.destroy\":true,\"simple-slider.index\":true,\"simple-slider.create\":true,\"simple-slider.edit\":true,\"simple-slider.destroy\":true,\"simple-slider-item.index\":true,\"simple-slider-item.create\":true,\"simple-slider-item.edit\":true,\"simple-slider-item.destroy\":true,\"simple-slider.settings\":true,\"social-login.settings\":true,\"plugins.translation\":true,\"translations.locales\":true,\"translations.theme-translations\":true,\"translations.index\":true,\"theme-translations.export\":true,\"other-translations.export\":true,\"theme-translations.import\":true,\"other-translations.import\":true}','Admin users role',1,1,1,'2024-06-02 03:59:13','2024-06-02 03:59:13');

--
-- Table structure for table `settings`
--

CREATE TABLE `settings` (
  `id` bigint unsigned NOT NULL AUTO_INCREMENT,
  `key` varchar(191) COLLATE utf8mb4_unicode_ci NOT NULL,
  `value` text COLLATE utf8mb4_unicode_ci,
  `created_at` timestamp NULL DEFAULT NULL,
  `updated_at` timestamp NULL DEFAULT NULL,
  PRIMARY KEY (`id`),
  UNIQUE KEY `settings_key_unique` (`key`)
) ENGINE=InnoDB AUTO_INCREMENT=67 DEFAULT CHARSET=utf8mb4 COLLATE=utf8mb4_unicode_ci;

--
-- Dumping data for table `settings`
--

INSERT INTO `settings` VALUES (1,'media_random_hash','097452353a40501e60ad941fb49bd8db',NULL,'2024-06-02 03:59:16'),(2,'api_enabled','0',NULL,'2024-06-02 03:59:16'),(3,'activated_plugins','[\"language\",\"language-advanced\",\"ads\",\"analytics\",\"audit-log\",\"backup\",\"blog\",\"bottom-bar-menu\",\"captcha\",\"contact\",\"cookie-consent\",\"ecommerce\",\"faq\",\"location\",\"marketplace\",\"mollie\",\"newsletter\",\"payment\",\"paypal\",\"paypal-payout\",\"paystack\",\"razorpay\",\"shippo\",\"simple-slider\",\"social-login\",\"sslcommerz\",\"stripe\",\"translation\"]',NULL,'2024-06-02 03:59:16'),(4,'analytics_dashboard_widgets','0','2024-06-02 03:58:56','2024-06-02 03:58:56'),(5,'enable_recaptcha_botble_contact_forms_fronts_contact_form','1','2024-06-02 03:58:56','2024-06-02 03:58:56'),(6,'api_layer_api_key','',NULL,'2024-06-02 03:59:16'),(9,'enable_recaptcha_botble_newsletter_forms_fronts_newsletter_form','1','2024-06-02 03:58:58','2024-06-02 03:58:58'),(10,'theme','nest',NULL,'2024-06-02 03:59:16'),(11,'show_admin_bar','1',NULL,'2024-06-02 03:59:16'),(12,'language_hide_default','1',NULL,'2024-06-02 03:59:16'),(13,'language_switcher_display','dropdown',NULL,'2024-06-02 03:59:16'),(14,'language_display','all',NULL,'2024-06-02 03:59:16'),(15,'language_hide_languages','[]',NULL,'2024-06-02 03:59:16'),(16,'ecommerce_store_name','Nest',NULL,NULL),(17,'ecommerce_store_phone','18006268',NULL,NULL),(18,'ecommerce_store_address','North Link Building, 10 Admiralty Street',NULL,NULL),(19,'ecommerce_store_state','Singapore',NULL,NULL),(20,'ecommerce_store_city','Singapore',NULL,NULL),(21,'ecommerce_store_country','SG',NULL,NULL),(22,'payment_cod_status','1',NULL,'2024-06-02 03:59:16'),(23,'payment_bank_transfer_status','1',NULL,'2024-06-02 03:59:16'),(24,'admin_favicon','general/favicon.png',NULL,'2024-06-02 03:59:16'),(25,'admin_logo','general/logo.png',NULL,'2024-06-02 03:59:16'),(26,'permalink-botble-blog-models-post','blog',NULL,'2024-06-02 03:59:16'),(27,'permalink-botble-blog-models-category','blog',NULL,'2024-06-02 03:59:16'),(28,'payment_cod_description','Please pay money directly to the postman, if you choose cash on delivery method (COD).',NULL,'2024-06-02 03:59:16'),(29,'payment_bank_transfer_description','Please send money to our bank account: ACB - 69270 213 19.',NULL,'2024-06-02 03:59:16'),(30,'payment_stripe_payment_type','stripe_checkout',NULL,'2024-06-02 03:59:16'),(31,'plugins_ecommerce_customer_new_order_status','0',NULL,'2024-06-02 03:59:16'),(32,'plugins_ecommerce_admin_new_order_status','0',NULL,'2024-06-02 03:59:16'),(33,'ecommerce_is_enabled_support_digital_products','1',NULL,'2024-06-02 03:59:16'),(34,'ecommerce_load_countries_states_cities_from_location_plugin','0',NULL,'2024-06-02 03:59:16'),(35,'payment_bank_transfer_display_bank_info_at_the_checkout_success_page','1',NULL,'2024-06-02 03:59:16'),(36,'ecommerce_product_sku_format','NST-2443-[%S]',NULL,'2024-06-02 03:59:16'),(37,'theme-nest-site_title','Nest - Laravel Multipurpose eCommerce Script',NULL,NULL),(38,'theme-nest-seo_description','Nest is an attractive Laravel multi-vendor eCommerce script specially designed for the multipurpose shops like mega store, grocery store, supermarket, organic shop, and online stores selling products like beverages, vegetables, fruits, ice creams, paste, herbs, juice, meat, cold drinks, sausages, cocktails, soft drinks, cookies…',NULL,NULL),(39,'theme-nest-copyright','Copyright © %Y Nest all rights reserved. Powered by Botble.',NULL,NULL),(40,'theme-nest-favicon','general/favicon.png',NULL,NULL),(41,'theme-nest-logo','general/logo.png',NULL,NULL),(42,'theme-nest-seo_og_image','general/open-graph-image.png',NULL,NULL),(43,'theme-nest-address','562 Wellington Road, Street 32, San Francisco',NULL,NULL),(44,'theme-nest-hotline','1900 - 888',NULL,NULL),(45,'theme-nest-phone','+01 2222 365 /(+91) 01 2345 6789',NULL,NULL),(46,'theme-nest-working_hours','10:00 - 18:00, Mon - Sat',NULL,NULL),(47,'theme-nest-homepage_id','1',NULL,NULL),(48,'theme-nest-blog_page_id','5',NULL,NULL),(49,'theme-nest-cookie_consent_message','Your experience on this site will be improved by allowing cookies ',NULL,NULL),(50,'theme-nest-cookie_consent_learn_more_url','/cookie-policy',NULL,NULL),(51,'theme-nest-cookie_consent_learn_more_text','Cookie Policy',NULL,NULL),(52,'theme-nest-payment_methods','general/payment-methods.png',NULL,NULL),(53,'theme-nest-number_of_cross_sale_product','4',NULL,NULL),(54,'theme-nest-mobile-header-message','<span>Grand opening, <strong>up to 15%</strong> off all items. Only <strong>3 days</strong> left</span>',NULL,NULL),(55,'theme-nest-blog_page_background','general/header-bg.png',NULL,NULL),(56,'theme-nest-blog_page_icon','general/category-1.png',NULL,NULL),(57,'theme-nest-login_background','general/login-1.png',NULL,NULL),(58,'theme-nest-number_of_products_per_page','12',NULL,NULL),(59,'theme-nest-preloader_enabled','yes',NULL,NULL),(60,'theme-nest-preloader_version','v2',NULL,NULL),(61,'theme-nest-preloader_image','general/loading.gif',NULL,NULL),(62,'theme-nest-sticky_header_content_position','middle',NULL,NULL),(63,'theme-nest-social_links','[[{\"key\":\"social-name\",\"value\":\"Facebook\"},{\"key\":\"social-icon\",\"value\":\"general\\/facebook.png\"},{\"key\":\"social-url\",\"value\":\"https:\\/\\/www.facebook.com\"}],[{\"key\":\"social-name\",\"value\":\"Twitter\"},{\"key\":\"social-icon\",\"value\":\"general\\/twitter.png\"},{\"key\":\"social-url\",\"value\":\"https:\\/\\/www.twitter.com\"}],[{\"key\":\"social-name\",\"value\":\"Instagram\"},{\"key\":\"social-icon\",\"value\":\"general\\/instagram.png\"},{\"key\":\"social-url\",\"value\":\"https:\\/\\/www.instagram.com\"}],[{\"key\":\"social-name\",\"value\":\"Pinterest\"},{\"key\":\"social-icon\",\"value\":\"general\\/pinterest.png\"},{\"key\":\"social-url\",\"value\":\"https:\\/\\/www.pinterest.com\"}],[{\"key\":\"social-name\",\"value\":\"Youtube\"},{\"key\":\"social-icon\",\"value\":\"general\\/youtube.png\"},{\"key\":\"social-url\",\"value\":\"https:\\/\\/www.youtube.com\"}]]',NULL,NULL),(64,'theme-nest-header_messages','[[{\"key\":\"icon\",\"value\":\"fi-rs-bell\"},{\"key\":\"message\",\"value\":\"<b class=\\\"text-success\\\"> Trendy 25<\\/b> silver jewelry, save up 35% off today\"},{\"key\":\"link\",\"value\":\"\\/products\"},{\"key\":\"link_text\",\"value\":\"Shop now\"}],[{\"key\":\"icon\",\"value\":\"fi-rs-asterisk\"},{\"key\":\"message\",\"value\":\"<b class=\\\"text-danger\\\">Super Value Deals<\\/b> - Save more with coupons\"},{\"key\":\"link\",\"value\":\"\\/products\"},{\"key\":\"link_text\",\"value\":null}],[{\"key\":\"icon\",\"value\":\"fi-rs-angle-double-right\"},{\"key\":\"message\",\"value\":\"Get great devices up to 50% off\"},{\"key\":\"link\",\"value\":\"\\/products\"},{\"key\":\"link_text\",\"value\":\"View details\"}]]',NULL,NULL),(65,'theme-nest-contact_info_boxes','[[{\"key\":\"name\",\"value\":\"Head Office\"},{\"key\":\"address\",\"value\":\"205 North Michigan Avenue, Suite 810, Chicago, 60601, USA\"},{\"key\":\"phone\",\"value\":\"(+01) 234 567\"},{\"key\":\"email\",\"value\":\"office@botble.com\"}],[{\"key\":\"name\",\"value\":\"Our Studio\"},{\"key\":\"address\",\"value\":\"205 North Michigan Avenue, Suite 810, Chicago, 60601, USA\"},{\"key\":\"phone\",\"value\":\"(+01) 234 567\"},{\"key\":\"email\",\"value\":\"studio@botble.com\"}],[{\"key\":\"name\",\"value\":\"Our Shop\"},{\"key\":\"address\",\"value\":\"205 North Michigan Avenue, Suite 810, Chicago, 60601, USA\"},{\"key\":\"phone\",\"value\":\"(+01) 234 567\"},{\"key\":\"email\",\"value\":\"shop@botble.com\"}]]',NULL,NULL),(66,'theme-nest-number_of_products_per_row','5',NULL,NULL);

--
-- Table structure for table `simple_slider_items`
--

CREATE TABLE `simple_slider_items` (
  `id` bigint unsigned NOT NULL AUTO_INCREMENT,
  `simple_slider_id` bigint unsigned NOT NULL,
  `title` varchar(191) COLLATE utf8mb4_unicode_ci DEFAULT NULL,
  `image` varchar(191) COLLATE utf8mb4_unicode_ci NOT NULL,
  `link` varchar(191) COLLATE utf8mb4_unicode_ci DEFAULT NULL,
  `description` text COLLATE utf8mb4_unicode_ci,
  `order` int unsigned NOT NULL DEFAULT '0',
  `created_at` timestamp NULL DEFAULT NULL,
  `updated_at` timestamp NULL DEFAULT NULL,
  PRIMARY KEY (`id`)
) ENGINE=InnoDB AUTO_INCREMENT=18 DEFAULT CHARSET=utf8mb4 COLLATE=utf8mb4_unicode_ci;

--
-- Dumping data for table `simple_slider_items`
--

INSERT INTO `simple_slider_items` VALUES (1,1,'Don’t miss amazing<br> grocery deals','sliders/1-1.png','/products','Sign up for the daily newsletter',1,'2024-06-02 03:59:11','2024-06-02 03:59:11'),(2,1,'Fresh Vegetables<br>\n										Big discount','sliders/1-2.png','/products','Save up to 50% off on your first order',2,'2024-06-02 03:59:11','2024-06-02 03:59:11'),(3,2,'Don’t miss amazing<br> grocery deals','sliders/2-1.png','/products','Sign up for the daily newsletter',1,'2024-06-02 03:59:11','2024-06-02 03:59:11'),(4,2,'Fresh Vegetables<br>\n										Big discount','sliders/2-2.png','/products','Save up to 50% off on your first order',2,'2024-06-02 03:59:11','2024-06-02 03:59:11'),(5,3,'Don’t miss amazing<br> grocery deals','sliders/3-1.png','/products','Sign up for the daily newsletter',1,'2024-06-02 03:59:11','2024-06-02 03:59:11'),(6,3,'Fresh Vegetables<br>\n										Big discount','sliders/3-2.png','/products','Save up to 50% off on your first order',2,'2024-06-02 03:59:11','2024-06-02 03:59:11'),(7,4,'Don’t miss amazing<br> grocery deals','sliders/4-1.png','/products','Sign up for the daily newsletter',1,'2024-06-02 03:59:11','2024-06-02 03:59:11'),(8,4,'Fresh Vegetables<br>\n										Big discount','sliders/4-2.png','/products','Save up to 50% off on your first order',2,'2024-06-02 03:59:11','2024-06-02 03:59:11'),(9,5,'Don’t miss amazing<br> grocery deals','sliders/5-1.png','/products','Sign up for the daily newsletter',1,'2024-06-02 03:59:11','2024-06-02 03:59:11'),(10,5,'Fresh Vegetables<br>\n										Big discount','sliders/5-2.png','/products','Save up to 50% off on your first order',2,'2024-06-02 03:59:11','2024-06-02 03:59:11'),(11,6,'Don’t miss amazing<br> grocery deals','sliders/6-1.png','/products','Sign up for the daily newsletter',1,'2024-06-02 03:59:11','2024-06-02 03:59:11'),(12,7,NULL,'sliders/thumbnail-1.jpg',NULL,NULL,1,'2024-06-02 03:59:11','2024-06-02 03:59:11'),(13,7,NULL,'sliders/thumbnail-2.jpg',NULL,NULL,2,'2024-06-02 03:59:11','2024-06-02 03:59:11'),(14,7,NULL,'sliders/thumbnail-3.jpg',NULL,NULL,3,'2024-06-02 03:59:11','2024-06-02 03:59:11'),(15,7,NULL,'sliders/thumbnail-4.jpg',NULL,NULL,4,'2024-06-02 03:59:11','2024-06-02 03:59:11'),(16,7,NULL,'sliders/thumbnail-5.jpg',NULL,NULL,5,'2024-06-02 03:59:11','2024-06-02 03:59:11'),(17,7,NULL,'sliders/thumbnail-6.jpg',NULL,NULL,6,'2024-06-02 03:59:11','2024-06-02 03:59:11');

--
-- Table structure for table `simple_sliders`
--

CREATE TABLE `simple_sliders` (
  `id` bigint unsigned NOT NULL AUTO_INCREMENT,
  `name` varchar(120) COLLATE utf8mb4_unicode_ci NOT NULL,
  `key` varchar(120) COLLATE utf8mb4_unicode_ci NOT NULL,
  `description` varchar(400) COLLATE utf8mb4_unicode_ci DEFAULT NULL,
  `status` varchar(60) COLLATE utf8mb4_unicode_ci NOT NULL DEFAULT 'published',
  `created_at` timestamp NULL DEFAULT NULL,
  `updated_at` timestamp NULL DEFAULT NULL,
  PRIMARY KEY (`id`)
) ENGINE=InnoDB AUTO_INCREMENT=8 DEFAULT CHARSET=utf8mb4 COLLATE=utf8mb4_unicode_ci;

--
-- Dumping data for table `simple_sliders`
--

INSERT INTO `simple_sliders` VALUES (1,'Home slider 1','home-slider-1',NULL,'published','2024-06-02 03:59:11','2024-06-02 03:59:11'),(2,'Home slider 2','home-slider-2',NULL,'published','2024-06-02 03:59:11','2024-06-02 03:59:11'),(3,'Home slider 3','home-slider-3',NULL,'published','2024-06-02 03:59:11','2024-06-02 03:59:11'),(4,'Home slider 4','home-slider-4',NULL,'published','2024-06-02 03:59:11','2024-06-02 03:59:11'),(5,'Home slider 5','home-slider-5',NULL,'published','2024-06-02 03:59:11','2024-06-02 03:59:11'),(6,'Home slider 6','home-slider-6',NULL,'published','2024-06-02 03:59:11','2024-06-02 03:59:11'),(7,'Blog slider 1','blog-slider-1',NULL,'published','2024-06-02 03:59:11','2024-06-02 03:59:11');

--
-- Table structure for table `slugs`
--

CREATE TABLE `slugs` (
  `id` bigint unsigned NOT NULL AUTO_INCREMENT,
  `key` varchar(191) COLLATE utf8mb4_unicode_ci NOT NULL,
  `reference_id` bigint unsigned NOT NULL,
  `reference_type` varchar(191) COLLATE utf8mb4_unicode_ci NOT NULL,
  `prefix` varchar(120) COLLATE utf8mb4_unicode_ci DEFAULT '',
  `created_at` timestamp NULL DEFAULT NULL,
  `updated_at` timestamp NULL DEFAULT NULL,
  PRIMARY KEY (`id`),
  KEY `slugs_reference_id_index` (`reference_id`),
  KEY `slugs_key_index` (`key`),
  KEY `slugs_prefix_index` (`prefix`),
  KEY `slugs_reference_index` (`reference_id`,`reference_type`)
) ENGINE=InnoDB AUTO_INCREMENT=141 DEFAULT CHARSET=utf8mb4 COLLATE=utf8mb4_unicode_ci;

--
-- Dumping data for table `slugs`
--

INSERT INTO `slugs` VALUES (1,'perxsion',1,'Botble\\Ecommerce\\Models\\Brand','brands','2024-06-02 03:58:58','2024-06-02 03:58:58'),(2,'hiching',2,'Botble\\Ecommerce\\Models\\Brand','brands','2024-06-02 03:58:58','2024-06-02 03:58:58'),(3,'kepslo',3,'Botble\\Ecommerce\\Models\\Brand','brands','2024-06-02 03:58:58','2024-06-02 03:58:58'),(4,'groneba',4,'Botble\\Ecommerce\\Models\\Brand','brands','2024-06-02 03:58:58','2024-06-02 03:58:58'),(5,'babian',5,'Botble\\Ecommerce\\Models\\Brand','brands','2024-06-02 03:58:58','2024-06-02 03:58:58'),(6,'valorant',6,'Botble\\Ecommerce\\Models\\Brand','brands','2024-06-02 03:58:58','2024-06-02 03:58:58'),(7,'pure',7,'Botble\\Ecommerce\\Models\\Brand','brands','2024-06-02 03:58:58','2024-06-02 03:58:58'),(8,'milks-and-dairies',1,'Botble\\Ecommerce\\Models\\ProductCategory','product-categories','2024-06-02 03:59:00','2024-06-02 03:59:00'),(9,'clothing-beauty',2,'Botble\\Ecommerce\\Models\\ProductCategory','product-categories','2024-06-02 03:59:00','2024-06-02 03:59:00'),(10,'pet-toy',3,'Botble\\Ecommerce\\Models\\ProductCategory','product-categories','2024-06-02 03:59:00','2024-06-02 03:59:00'),(11,'baking-material',4,'Botble\\Ecommerce\\Models\\ProductCategory','product-categories','2024-06-02 03:59:00','2024-06-02 03:59:00'),(12,'fresh-fruit',5,'Botble\\Ecommerce\\Models\\ProductCategory','product-categories','2024-06-02 03:59:00','2024-06-02 03:59:00'),(13,'wines-drinks',6,'Botble\\Ecommerce\\Models\\ProductCategory','product-categories','2024-06-02 03:59:00','2024-06-02 03:59:00'),(14,'fresh-seafood',7,'Botble\\Ecommerce\\Models\\ProductCategory','product-categories','2024-06-02 03:59:00','2024-06-02 03:59:00'),(15,'fast-food',8,'Botble\\Ecommerce\\Models\\ProductCategory','product-categories','2024-06-02 03:59:00','2024-06-02 03:59:00'),(16,'vegetables',9,'Botble\\Ecommerce\\Models\\ProductCategory','product-categories','2024-06-02 03:59:00','2024-06-02 03:59:00'),(17,'bread-and-juice',10,'Botble\\Ecommerce\\Models\\ProductCategory','product-categories','2024-06-02 03:59:00','2024-06-02 03:59:00'),(18,'cake-milk',11,'Botble\\Ecommerce\\Models\\ProductCategory','product-categories','2024-06-02 03:59:00','2024-06-02 03:59:00'),(19,'coffee-teas',12,'Botble\\Ecommerce\\Models\\ProductCategory','product-categories','2024-06-02 03:59:00','2024-06-02 03:59:00'),(20,'pet-foods',13,'Botble\\Ecommerce\\Models\\ProductCategory','product-categories','2024-06-02 03:59:00','2024-06-02 03:59:00'),(21,'diet-foods',14,'Botble\\Ecommerce\\Models\\ProductCategory','product-categories','2024-06-02 03:59:00','2024-06-02 03:59:00'),(22,'wallet',1,'Botble\\Ecommerce\\Models\\ProductTag','product-tags','2024-06-02 03:59:00','2024-06-02 03:59:00'),(23,'bags',2,'Botble\\Ecommerce\\Models\\ProductTag','product-tags','2024-06-02 03:59:00','2024-06-02 03:59:00'),(24,'shoes',3,'Botble\\Ecommerce\\Models\\ProductTag','product-tags','2024-06-02 03:59:00','2024-06-02 03:59:00'),(25,'clothes',4,'Botble\\Ecommerce\\Models\\ProductTag','product-tags','2024-06-02 03:59:00','2024-06-02 03:59:00'),(26,'hand-bag',5,'Botble\\Ecommerce\\Models\\ProductTag','product-tags','2024-06-02 03:59:00','2024-06-02 03:59:00'),(27,'seeds-of-change-organic-quinoe',1,'Botble\\Ecommerce\\Models\\Product','products','2024-06-02 03:59:04','2024-06-02 03:59:04'),(28,'all-natural-italian-style-chicken-meatballs',2,'Botble\\Ecommerce\\Models\\Product','products','2024-06-02 03:59:04','2024-06-02 03:59:04'),(29,'angies-boomchickapop-sweet-salty-kettle-corn',3,'Botble\\Ecommerce\\Models\\Product','products','2024-06-02 03:59:04','2024-06-02 03:59:04'),(30,'foster-farms-takeout-crispy-classic-digital',4,'Botble\\Ecommerce\\Models\\Product','products','2024-06-02 03:59:04','2024-06-02 03:59:19'),(31,'blue-diamond-almonds-lightly',5,'Botble\\Ecommerce\\Models\\Product','products','2024-06-02 03:59:04','2024-06-02 03:59:04'),(32,'chobani-complete-vanilla-greek',6,'Botble\\Ecommerce\\Models\\Product','products','2024-06-02 03:59:04','2024-06-02 03:59:04'),(33,'canada-dry-ginger-ale-2-l-bottle',7,'Botble\\Ecommerce\\Models\\Product','products','2024-06-02 03:59:04','2024-06-02 03:59:04'),(34,'encore-seafoods-stuffed-alaskan-digital',8,'Botble\\Ecommerce\\Models\\Product','products','2024-06-02 03:59:04','2024-06-02 03:59:19'),(35,'gortons-beer-battered-fish-fillets',9,'Botble\\Ecommerce\\Models\\Product','products','2024-06-02 03:59:04','2024-06-02 03:59:04'),(36,'haagen-dazs-caramel-cone-ice-cream',10,'Botble\\Ecommerce\\Models\\Product','products','2024-06-02 03:59:04','2024-06-02 03:59:04'),(37,'nestle-original-coffee-mate-coffee-creamer',11,'Botble\\Ecommerce\\Models\\Product','products','2024-06-02 03:59:04','2024-06-02 03:59:04'),(38,'naturally-flavored-cinnamon-vanilla-light-roast-coffee-digital',12,'Botble\\Ecommerce\\Models\\Product','products','2024-06-02 03:59:04','2024-06-02 03:59:19'),(39,'pepperidge-farm-farmhouse-hearty-white-bread',13,'Botble\\Ecommerce\\Models\\Product','products','2024-06-02 03:59:04','2024-06-02 03:59:04'),(40,'organic-frozen-triple-berry-blend',14,'Botble\\Ecommerce\\Models\\Product','products','2024-06-02 03:59:04','2024-06-02 03:59:04'),(41,'oroweat-country-buttermilk-bread',15,'Botble\\Ecommerce\\Models\\Product','products','2024-06-02 03:59:04','2024-06-02 03:59:04'),(42,'foster-farms-takeout-crispy-classic-buffalo-wings-digital',16,'Botble\\Ecommerce\\Models\\Product','products','2024-06-02 03:59:04','2024-06-02 03:59:19'),(43,'angies-boomchickapop-sweet-salty-kettle-corn',17,'Botble\\Ecommerce\\Models\\Product','products','2024-06-02 03:59:04','2024-06-02 03:59:04'),(44,'all-natural-italian-style-chicken-meatballs',18,'Botble\\Ecommerce\\Models\\Product','products','2024-06-02 03:59:04','2024-06-02 03:59:04'),(45,'simply-lemonade-with-raspberry-juice',19,'Botble\\Ecommerce\\Models\\Product','products','2024-06-02 03:59:04','2024-06-02 03:59:04'),(46,'perdue-simply-smart-organics-gluten-free-digital',20,'Botble\\Ecommerce\\Models\\Product','products','2024-06-02 03:59:04','2024-06-02 03:59:19'),(47,'chen-watermelon',21,'Botble\\Ecommerce\\Models\\Product','products','2024-06-02 03:59:04','2024-06-02 03:59:04'),(48,'organic-cage-free-grade-a-large-brown-eggs',22,'Botble\\Ecommerce\\Models\\Product','products','2024-06-02 03:59:04','2024-06-02 03:59:04'),(49,'colorful-banana',23,'Botble\\Ecommerce\\Models\\Product','products','2024-06-02 03:59:04','2024-06-02 03:59:04'),(50,'signature-wood-fired-mushroom-and-caramelized-digital',24,'Botble\\Ecommerce\\Models\\Product','products','2024-06-02 03:59:04','2024-06-02 03:59:19'),(51,'ecommerce',1,'Botble\\Blog\\Models\\Category','blog','2024-06-02 03:59:12','2024-06-02 03:59:15'),(52,'fashion',2,'Botble\\Blog\\Models\\Category','blog','2024-06-02 03:59:12','2024-06-02 03:59:15'),(53,'electronic',3,'Botble\\Blog\\Models\\Category','blog','2024-06-02 03:59:12','2024-06-02 03:59:15'),(54,'commercial',4,'Botble\\Blog\\Models\\Category','blog','2024-06-02 03:59:12','2024-06-02 03:59:15'),(55,'general',1,'Botble\\Blog\\Models\\Tag','tag','2024-06-02 03:59:12','2024-06-02 03:59:12'),(56,'design',2,'Botble\\Blog\\Models\\Tag','tag','2024-06-02 03:59:12','2024-06-02 03:59:12'),(57,'fashion',3,'Botble\\Blog\\Models\\Tag','tag','2024-06-02 03:59:12','2024-06-02 03:59:12'),(58,'branding',4,'Botble\\Blog\\Models\\Tag','tag','2024-06-02 03:59:12','2024-06-02 03:59:12'),(59,'modern',5,'Botble\\Blog\\Models\\Tag','tag','2024-06-02 03:59:12','2024-06-02 03:59:12'),(60,'4-expert-tips-on-how-to-choose-the-right-mens-wallet',1,'Botble\\Blog\\Models\\Post','blog','2024-06-02 03:59:12','2024-06-02 03:59:15'),(61,'sexy-clutches-how-to-buy-wear-a-designer-clutch-bag',2,'Botble\\Blog\\Models\\Post','blog','2024-06-02 03:59:12','2024-06-02 03:59:15'),(62,'the-top-2020-handbag-trends-to-know',3,'Botble\\Blog\\Models\\Post','blog','2024-06-02 03:59:12','2024-06-02 03:59:15'),(63,'how-to-match-the-color-of-your-handbag-with-an-outfit',4,'Botble\\Blog\\Models\\Post','blog','2024-06-02 03:59:12','2024-06-02 03:59:15'),(64,'how-to-care-for-leather-bags',5,'Botble\\Blog\\Models\\Post','blog','2024-06-02 03:59:12','2024-06-02 03:59:15'),(65,'were-crushing-hard-on-summers-10-biggest-bag-trends',6,'Botble\\Blog\\Models\\Post','blog','2024-06-02 03:59:12','2024-06-02 03:59:15'),(66,'essential-qualities-of-highly-successful-music',7,'Botble\\Blog\\Models\\Post','blog','2024-06-02 03:59:12','2024-06-02 03:59:15'),(67,'9-things-i-love-about-shaving-my-head',8,'Botble\\Blog\\Models\\Post','blog','2024-06-02 03:59:12','2024-06-02 03:59:15'),(68,'why-teamwork-really-makes-the-dream-work',9,'Botble\\Blog\\Models\\Post','blog','2024-06-02 03:59:12','2024-06-02 03:59:15'),(69,'the-world-caters-to-average-people',10,'Botble\\Blog\\Models\\Post','blog','2024-06-02 03:59:12','2024-06-02 03:59:15'),(70,'the-litigants-on-the-screen-are-not-actors',11,'Botble\\Blog\\Models\\Post','blog','2024-06-02 03:59:12','2024-06-02 03:59:15'),(71,'homepage',1,'Botble\\Page\\Models\\Page','','2024-06-02 03:59:12','2024-06-02 03:59:12'),(72,'homepage-2',2,'Botble\\Page\\Models\\Page','','2024-06-02 03:59:12','2024-06-02 03:59:12'),(73,'homepage-3',3,'Botble\\Page\\Models\\Page','','2024-06-02 03:59:12','2024-06-02 03:59:12'),(74,'homepage-4',4,'Botble\\Page\\Models\\Page','','2024-06-02 03:59:12','2024-06-02 03:59:12'),(75,'blog',5,'Botble\\Page\\Models\\Page','','2024-06-02 03:59:12','2024-06-02 03:59:12'),(76,'contact',6,'Botble\\Page\\Models\\Page','','2024-06-02 03:59:12','2024-06-02 03:59:12'),(77,'about-us',7,'Botble\\Page\\Models\\Page','','2024-06-02 03:59:12','2024-06-02 03:59:12'),(78,'cookie-policy',8,'Botble\\Page\\Models\\Page','','2024-06-02 03:59:12','2024-06-02 03:59:12'),(79,'terms-conditions',9,'Botble\\Page\\Models\\Page','','2024-06-02 03:59:12','2024-06-02 03:59:12'),(80,'returns-exchanges',10,'Botble\\Page\\Models\\Page','','2024-06-02 03:59:12','2024-06-02 03:59:12'),(81,'shipping-delivery',11,'Botble\\Page\\Models\\Page','','2024-06-02 03:59:12','2024-06-02 03:59:12'),(82,'privacy-policy',12,'Botble\\Page\\Models\\Page','','2024-06-02 03:59:12','2024-06-02 03:59:12'),(83,'blog-list',13,'Botble\\Page\\Models\\Page','','2024-06-02 03:59:12','2024-06-02 03:59:12'),(84,'blog-big',14,'Botble\\Page\\Models\\Page','','2024-06-02 03:59:12','2024-06-02 03:59:12'),(85,'blog-wide',15,'Botble\\Page\\Models\\Page','','2024-06-02 03:59:12','2024-06-02 03:59:12'),(86,'homepage-5',16,'Botble\\Page\\Models\\Page','','2024-06-02 03:59:12','2024-06-02 03:59:12'),(87,'homepage-6',17,'Botble\\Page\\Models\\Page','','2024-06-02 03:59:12','2024-06-02 03:59:12'),(88,'faq',18,'Botble\\Page\\Models\\Page','','2024-06-02 03:59:12','2024-06-02 03:59:12'),(89,'gopro',1,'Botble\\Marketplace\\Models\\Store','stores','2024-06-02 03:59:19','2024-06-02 03:59:19'),(90,'global-office',2,'Botble\\Marketplace\\Models\\Store','stores','2024-06-02 03:59:19','2024-06-02 03:59:19'),(91,'young-shop',3,'Botble\\Marketplace\\Models\\Store','stores','2024-06-02 03:59:19','2024-06-02 03:59:19'),(92,'global-store',4,'Botble\\Marketplace\\Models\\Store','stores','2024-06-02 03:59:19','2024-06-02 03:59:19'),(93,'roberts-store',5,'Botble\\Marketplace\\Models\\Store','stores','2024-06-02 03:59:19','2024-06-02 03:59:19'),(94,'stouffer',6,'Botble\\Marketplace\\Models\\Store','stores','2024-06-02 03:59:19','2024-06-02 03:59:19'),(95,'seeds-of-change-organic-quinoe',25,'Botble\\Ecommerce\\Models\\Product','products','2024-06-02 03:59:19','2024-06-02 03:59:19'),(96,'seeds-of-change-organic-quinoe',26,'Botble\\Ecommerce\\Models\\Product','products','2024-06-02 03:59:19','2024-06-02 03:59:19'),(97,'seeds-of-change-organic-quinoe',27,'Botble\\Ecommerce\\Models\\Product','products','2024-06-02 03:59:19','2024-06-02 03:59:19'),(98,'all-natural-italian-style-chicken-meatballs',28,'Botble\\Ecommerce\\Models\\Product','products','2024-06-02 03:59:19','2024-06-02 03:59:19'),(99,'all-natural-italian-style-chicken-meatballs',29,'Botble\\Ecommerce\\Models\\Product','products','2024-06-02 03:59:19','2024-06-02 03:59:19'),(100,'angies-boomchickapop-sweet-salty-kettle-corn',30,'Botble\\Ecommerce\\Models\\Product','products','2024-06-02 03:59:19','2024-06-02 03:59:19'),(101,'angies-boomchickapop-sweet-salty-kettle-corn',31,'Botble\\Ecommerce\\Models\\Product','products','2024-06-02 03:59:19','2024-06-02 03:59:19'),(102,'angies-boomchickapop-sweet-salty-kettle-corn',32,'Botble\\Ecommerce\\Models\\Product','products','2024-06-02 03:59:19','2024-06-02 03:59:19'),(103,'foster-farms-takeout-crispy-classic-digital',33,'Botble\\Ecommerce\\Models\\Product','products','2024-06-02 03:59:19','2024-06-02 03:59:19'),(104,'foster-farms-takeout-crispy-classic-digital',34,'Botble\\Ecommerce\\Models\\Product','products','2024-06-02 03:59:19','2024-06-02 03:59:19'),(105,'foster-farms-takeout-crispy-classic-digital',35,'Botble\\Ecommerce\\Models\\Product','products','2024-06-02 03:59:19','2024-06-02 03:59:19'),(106,'foster-farms-takeout-crispy-classic-digital',36,'Botble\\Ecommerce\\Models\\Product','products','2024-06-02 03:59:19','2024-06-02 03:59:19'),(107,'blue-diamond-almonds-lightly',37,'Botble\\Ecommerce\\Models\\Product','products','2024-06-02 03:59:19','2024-06-02 03:59:19'),(108,'blue-diamond-almonds-lightly',38,'Botble\\Ecommerce\\Models\\Product','products','2024-06-02 03:59:19','2024-06-02 03:59:19'),(109,'chobani-complete-vanilla-greek',39,'Botble\\Ecommerce\\Models\\Product','products','2024-06-02 03:59:19','2024-06-02 03:59:19'),(110,'canada-dry-ginger-ale-2-l-bottle',40,'Botble\\Ecommerce\\Models\\Product','products','2024-06-02 03:59:19','2024-06-02 03:59:19'),(111,'canada-dry-ginger-ale-2-l-bottle',41,'Botble\\Ecommerce\\Models\\Product','products','2024-06-02 03:59:19','2024-06-02 03:59:19'),(112,'nestle-original-coffee-mate-coffee-creamer',42,'Botble\\Ecommerce\\Models\\Product','products','2024-06-02 03:59:19','2024-06-02 03:59:19'),(113,'nestle-original-coffee-mate-coffee-creamer',43,'Botble\\Ecommerce\\Models\\Product','products','2024-06-02 03:59:19','2024-06-02 03:59:19'),(114,'nestle-original-coffee-mate-coffee-creamer',44,'Botble\\Ecommerce\\Models\\Product','products','2024-06-02 03:59:19','2024-06-02 03:59:19'),(115,'pepperidge-farm-farmhouse-hearty-white-bread',45,'Botble\\Ecommerce\\Models\\Product','products','2024-06-02 03:59:19','2024-06-02 03:59:19'),(116,'pepperidge-farm-farmhouse-hearty-white-bread',46,'Botble\\Ecommerce\\Models\\Product','products','2024-06-02 03:59:19','2024-06-02 03:59:19'),(117,'pepperidge-farm-farmhouse-hearty-white-bread',47,'Botble\\Ecommerce\\Models\\Product','products','2024-06-02 03:59:19','2024-06-02 03:59:19'),(118,'organic-frozen-triple-berry-blend',48,'Botble\\Ecommerce\\Models\\Product','products','2024-06-02 03:59:19','2024-06-02 03:59:19'),(119,'organic-frozen-triple-berry-blend',49,'Botble\\Ecommerce\\Models\\Product','products','2024-06-02 03:59:19','2024-06-02 03:59:19'),(120,'organic-frozen-triple-berry-blend',50,'Botble\\Ecommerce\\Models\\Product','products','2024-06-02 03:59:19','2024-06-02 03:59:19'),(121,'organic-frozen-triple-berry-blend',51,'Botble\\Ecommerce\\Models\\Product','products','2024-06-02 03:59:19','2024-06-02 03:59:19'),(122,'organic-frozen-triple-berry-blend',52,'Botble\\Ecommerce\\Models\\Product','products','2024-06-02 03:59:19','2024-06-02 03:59:19'),(123,'oroweat-country-buttermilk-bread',53,'Botble\\Ecommerce\\Models\\Product','products','2024-06-02 03:59:19','2024-06-02 03:59:19'),(124,'oroweat-country-buttermilk-bread',54,'Botble\\Ecommerce\\Models\\Product','products','2024-06-02 03:59:19','2024-06-02 03:59:19'),(125,'oroweat-country-buttermilk-bread',55,'Botble\\Ecommerce\\Models\\Product','products','2024-06-02 03:59:19','2024-06-02 03:59:19'),(126,'foster-farms-takeout-crispy-classic-buffalo-wings-digital',56,'Botble\\Ecommerce\\Models\\Product','products','2024-06-02 03:59:19','2024-06-02 03:59:19'),(127,'foster-farms-takeout-crispy-classic-buffalo-wings-digital',57,'Botble\\Ecommerce\\Models\\Product','products','2024-06-02 03:59:19','2024-06-02 03:59:19'),(128,'foster-farms-takeout-crispy-classic-buffalo-wings-digital',58,'Botble\\Ecommerce\\Models\\Product','products','2024-06-02 03:59:19','2024-06-02 03:59:19'),(129,'angies-boomchickapop-sweet-salty-kettle-corn',59,'Botble\\Ecommerce\\Models\\Product','products','2024-06-02 03:59:19','2024-06-02 03:59:19'),(130,'angies-boomchickapop-sweet-salty-kettle-corn',60,'Botble\\Ecommerce\\Models\\Product','products','2024-06-02 03:59:19','2024-06-02 03:59:19'),(131,'angies-boomchickapop-sweet-salty-kettle-corn',61,'Botble\\Ecommerce\\Models\\Product','products','2024-06-02 03:59:19','2024-06-02 03:59:19'),(132,'all-natural-italian-style-chicken-meatballs',62,'Botble\\Ecommerce\\Models\\Product','products','2024-06-02 03:59:19','2024-06-02 03:59:19'),(133,'simply-lemonade-with-raspberry-juice',63,'Botble\\Ecommerce\\Models\\Product','products','2024-06-02 03:59:19','2024-06-02 03:59:19'),(134,'chen-watermelon',64,'Botble\\Ecommerce\\Models\\Product','products','2024-06-02 03:59:19','2024-06-02 03:59:19'),(135,'chen-watermelon',65,'Botble\\Ecommerce\\Models\\Product','products','2024-06-02 03:59:19','2024-06-02 03:59:19'),(136,'chen-watermelon',66,'Botble\\Ecommerce\\Models\\Product','products','2024-06-02 03:59:19','2024-06-02 03:59:19'),(137,'colorful-banana',67,'Botble\\Ecommerce\\Models\\Product','products','2024-06-02 03:59:19','2024-06-02 03:59:19'),(138,'colorful-banana',68,'Botble\\Ecommerce\\Models\\Product','products','2024-06-02 03:59:19','2024-06-02 03:59:19'),(139,'signature-wood-fired-mushroom-and-caramelized-digital',69,'Botble\\Ecommerce\\Models\\Product','products','2024-06-02 03:59:19','2024-06-02 03:59:19'),(140,'signature-wood-fired-mushroom-and-caramelized-digital',70,'Botble\\Ecommerce\\Models\\Product','products','2024-06-02 03:59:19','2024-06-02 03:59:19');

--
-- Table structure for table `slugs_translations`
--

CREATE TABLE `slugs_translations` (
  `lang_code` varchar(20) COLLATE utf8mb4_unicode_ci NOT NULL,
  `slugs_id` bigint unsigned NOT NULL,
  `key` varchar(191) COLLATE utf8mb4_unicode_ci DEFAULT NULL,
  `prefix` varchar(120) COLLATE utf8mb4_unicode_ci DEFAULT '',
  PRIMARY KEY (`lang_code`,`slugs_id`)
) ENGINE=InnoDB DEFAULT CHARSET=utf8mb4 COLLATE=utf8mb4_unicode_ci;

--
-- Dumping data for table `slugs_translations`
--


--
-- Table structure for table `states`
--

CREATE TABLE `states` (
  `id` bigint unsigned NOT NULL AUTO_INCREMENT,
  `name` varchar(120) COLLATE utf8mb4_unicode_ci NOT NULL,
  `slug` varchar(120) COLLATE utf8mb4_unicode_ci DEFAULT NULL,
  `abbreviation` varchar(10) COLLATE utf8mb4_unicode_ci DEFAULT NULL,
  `country_id` bigint unsigned DEFAULT NULL,
  `order` tinyint NOT NULL DEFAULT '0',
  `image` varchar(191) COLLATE utf8mb4_unicode_ci DEFAULT NULL,
  `is_default` tinyint unsigned NOT NULL DEFAULT '0',
  `status` varchar(60) COLLATE utf8mb4_unicode_ci NOT NULL DEFAULT 'published',
  `created_at` timestamp NULL DEFAULT NULL,
  `updated_at` timestamp NULL DEFAULT NULL,
  PRIMARY KEY (`id`),
  UNIQUE KEY `states_slug_unique` (`slug`)
) ENGINE=InnoDB DEFAULT CHARSET=utf8mb4 COLLATE=utf8mb4_unicode_ci;

--
-- Dumping data for table `states`
--


--
-- Table structure for table `states_translations`
--

CREATE TABLE `states_translations` (
  `lang_code` varchar(20) COLLATE utf8mb4_unicode_ci NOT NULL,
  `states_id` bigint unsigned NOT NULL,
  `name` varchar(120) COLLATE utf8mb4_unicode_ci DEFAULT NULL,
  `slug` varchar(120) COLLATE utf8mb4_unicode_ci DEFAULT NULL,
  `abbreviation` varchar(10) COLLATE utf8mb4_unicode_ci DEFAULT NULL,
  PRIMARY KEY (`lang_code`,`states_id`)
) ENGINE=InnoDB DEFAULT CHARSET=utf8mb4 COLLATE=utf8mb4_unicode_ci;

--
-- Dumping data for table `states_translations`
--


--
-- Table structure for table `tags`
--

CREATE TABLE `tags` (
  `id` bigint unsigned NOT NULL AUTO_INCREMENT,
  `name` varchar(120) COLLATE utf8mb4_unicode_ci NOT NULL,
  `author_id` bigint unsigned DEFAULT NULL,
  `author_type` varchar(191) COLLATE utf8mb4_unicode_ci NOT NULL DEFAULT 'Botble\\ACL\\Models\\User',
  `description` varchar(400) COLLATE utf8mb4_unicode_ci DEFAULT NULL,
  `status` varchar(60) COLLATE utf8mb4_unicode_ci NOT NULL DEFAULT 'published',
  `created_at` timestamp NULL DEFAULT NULL,
  `updated_at` timestamp NULL DEFAULT NULL,
  PRIMARY KEY (`id`)
) ENGINE=InnoDB AUTO_INCREMENT=6 DEFAULT CHARSET=utf8mb4 COLLATE=utf8mb4_unicode_ci;

--
-- Dumping data for table `tags`
--

INSERT INTO `tags` VALUES (1,'General',NULL,'Botble\\ACL\\Models\\User',NULL,'published','2024-06-02 03:59:12','2024-06-02 03:59:12'),(2,'Design',NULL,'Botble\\ACL\\Models\\User',NULL,'published','2024-06-02 03:59:12','2024-06-02 03:59:12'),(3,'Fashion',NULL,'Botble\\ACL\\Models\\User',NULL,'published','2024-06-02 03:59:12','2024-06-02 03:59:12'),(4,'Branding',NULL,'Botble\\ACL\\Models\\User',NULL,'published','2024-06-02 03:59:12','2024-06-02 03:59:12'),(5,'Modern',NULL,'Botble\\ACL\\Models\\User',NULL,'published','2024-06-02 03:59:12','2024-06-02 03:59:12');

--
-- Table structure for table `tags_translations`
--

CREATE TABLE `tags_translations` (
  `lang_code` varchar(20) COLLATE utf8mb4_unicode_ci NOT NULL,
  `tags_id` bigint unsigned NOT NULL,
  `name` varchar(191) COLLATE utf8mb4_unicode_ci DEFAULT NULL,
  `description` varchar(400) COLLATE utf8mb4_unicode_ci DEFAULT NULL,
  PRIMARY KEY (`lang_code`,`tags_id`)
) ENGINE=InnoDB DEFAULT CHARSET=utf8mb4 COLLATE=utf8mb4_unicode_ci;

--
-- Dumping data for table `tags_translations`
--


--
-- Table structure for table `user_meta`
--

CREATE TABLE `user_meta` (
  `id` bigint unsigned NOT NULL AUTO_INCREMENT,
  `key` varchar(120) COLLATE utf8mb4_unicode_ci DEFAULT NULL,
  `value` text COLLATE utf8mb4_unicode_ci,
  `user_id` bigint unsigned NOT NULL,
  `created_at` timestamp NULL DEFAULT NULL,
  `updated_at` timestamp NULL DEFAULT NULL,
  PRIMARY KEY (`id`),
  KEY `user_meta_user_id_index` (`user_id`)
) ENGINE=InnoDB DEFAULT CHARSET=utf8mb4 COLLATE=utf8mb4_unicode_ci;

--
-- Dumping data for table `user_meta`
--


--
-- Table structure for table `users`
--

CREATE TABLE `users` (
  `id` bigint unsigned NOT NULL AUTO_INCREMENT,
  `email` varchar(191) COLLATE utf8mb4_unicode_ci NOT NULL,
  `email_verified_at` timestamp NULL DEFAULT NULL,
  `password` varchar(120) COLLATE utf8mb4_unicode_ci DEFAULT NULL,
  `remember_token` varchar(100) COLLATE utf8mb4_unicode_ci DEFAULT NULL,
  `created_at` timestamp NULL DEFAULT NULL,
  `updated_at` timestamp NULL DEFAULT NULL,
  `first_name` varchar(120) COLLATE utf8mb4_unicode_ci DEFAULT NULL,
  `last_name` varchar(120) COLLATE utf8mb4_unicode_ci DEFAULT NULL,
  `username` varchar(60) COLLATE utf8mb4_unicode_ci DEFAULT NULL,
  `avatar_id` bigint unsigned DEFAULT NULL,
  `super_user` tinyint(1) NOT NULL DEFAULT '0',
  `manage_supers` tinyint(1) NOT NULL DEFAULT '0',
  `permissions` text COLLATE utf8mb4_unicode_ci,
  `last_login` timestamp NULL DEFAULT NULL,
  PRIMARY KEY (`id`),
  UNIQUE KEY `users_email_unique` (`email`),
  UNIQUE KEY `users_username_unique` (`username`)
) ENGINE=InnoDB AUTO_INCREMENT=2 DEFAULT CHARSET=utf8mb4 COLLATE=utf8mb4_unicode_ci;

--
-- Dumping data for table `users`
--

INSERT INTO `users` VALUES (1,'ransom06@rogahn.biz',NULL,'$2y$12$8D02vHDTwMT2E.iKfhJwjeMYV5op3273uRNJ6rVn6Vq109Mamy9YW',NULL,'2024-06-02 03:59:13','2024-06-02 03:59:13','Allene','Mertz','admin',NULL,1,1,NULL,NULL);

--
-- Table structure for table `widgets`
--

CREATE TABLE `widgets` (
  `id` bigint unsigned NOT NULL AUTO_INCREMENT,
  `widget_id` varchar(120) COLLATE utf8mb4_unicode_ci NOT NULL,
  `sidebar_id` varchar(120) COLLATE utf8mb4_unicode_ci NOT NULL,
  `theme` varchar(120) COLLATE utf8mb4_unicode_ci NOT NULL,
  `position` tinyint unsigned NOT NULL DEFAULT '0',
  `data` text COLLATE utf8mb4_unicode_ci,
  `created_at` timestamp NULL DEFAULT NULL,
  `updated_at` timestamp NULL DEFAULT NULL,
  PRIMARY KEY (`id`)
) ENGINE=InnoDB AUTO_INCREMENT=17 DEFAULT CHARSET=utf8mb4 COLLATE=utf8mb4_unicode_ci;

--
-- Dumping data for table `widgets`
--

INSERT INTO `widgets` VALUES (1,'SiteInfoWidget','footer_sidebar','nest',0,'{\"id\":\"SiteInfoWidget\",\"name\":\"Site information\",\"about\":\"Awesome grocery store website template\",\"phone\":\"(+91) - 540-025-124553\",\"address\":\"5171 W Campbell Ave undefined Kent, Utah 53127 United States\",\"email\":\"sale@Nest.com\",\"working_hours\":\"10:00 - 18:00, Mon - Sat\"}','2024-06-02 03:59:16','2024-06-02 03:59:16'),(2,'CustomMenuWidget','footer_sidebar','nest',1,'{\"id\":\"CustomMenuWidget\",\"name\":\"Company\",\"menu_id\":\"company\"}','2024-06-02 03:59:16','2024-06-02 03:59:16'),(3,'CustomMenuWidget','footer_sidebar','nest',2,'{\"id\":\"CustomMenuWidget\",\"name\":\"Categories\",\"menu_id\":\"product-categories\"}','2024-06-02 03:59:16','2024-06-02 03:59:16'),(4,'CustomMenuWidget','footer_sidebar','nest',3,'{\"id\":\"CustomMenuWidget\",\"name\":\"Information\",\"menu_id\":\"information\"}','2024-06-02 03:59:16','2024-06-02 03:59:16'),(5,'InstallAppWidget','footer_sidebar','nest',3,'{\"id\":\"InstallAppWidget\",\"name\":\"Install App\",\"apps_description\":\"From App Store or Google Play\",\"ios_app_url\":\"#\",\"ios_app_image\":\"general\\/app-store.jpg\",\"android_app_url\":\"#\",\"android_app_image\":\"general\\/google-play.jpg\",\"payment_gateway_description\":\"Secured Payment Gateways\",\"payment_gateway_image\":\"general\\/payment-methods.png\"}','2024-06-02 03:59:16','2024-06-02 03:59:16'),(6,'BlogSearchWidget','primary_sidebar','nest',0,'{\"id\":\"BlogSearchWidget\",\"name\":\"Search\"}','2024-06-02 03:59:16','2024-06-02 03:59:16'),(7,'ProductCategoriesWidget','primary_sidebar','nest',1,'{\"id\":\"ProductCategoriesWidget\",\"name\":\"Categories\"}','2024-06-02 03:59:16','2024-06-02 03:59:16'),(8,'TrendingProductsWidget','primary_sidebar','nest',2,'{\"id\":\"TrendingProductsWidget\",\"name\":\"Trending Now\",\"number_display\":4}','2024-06-02 03:59:16','2024-06-02 03:59:16'),(9,'GalleryWidget','primary_sidebar','nest',3,'{\"id\":\"GalleryWidget\",\"name\":\"Gallery\",\"slider_key\":\"slider-blog-1\"}','2024-06-02 03:59:16','2024-06-02 03:59:16'),(10,'TagsWidget','primary_sidebar','nest',4,'{\"id\":\"TagsWidget\",\"name\":\"Popular Tags\"}','2024-06-02 03:59:16','2024-06-02 03:59:16'),(11,'AdsWidget','primary_sidebar','nest',5,'{\"id\":\"AdsWidget\",\"name\":\"Oganic\",\"ads_key\":\"IZ6WU8KUALYI\"}','2024-06-02 03:59:16','2024-06-02 03:59:16'),(12,'ProductCategoriesWidget','product_sidebar','nest',1,'{\"id\":\"ProductCategoriesWidget\",\"name\":\"Categories\"}','2024-06-02 03:59:16','2024-06-02 03:59:16'),(13,'NewProductsWidget','product_sidebar','nest',3,'{\"id\":\"NewProductsWidget\",\"name\":\"New products\"}','2024-06-02 03:59:16','2024-06-02 03:59:16'),(14,'AdsWidget','product_sidebar','nest',4,'{\"id\":\"AdsWidget\",\"name\":\"Oganic\",\"ads_key\":\"IZ6WU8KUALYI\"}','2024-06-02 03:59:16','2024-06-02 03:59:16'),(15,'NewsletterWidget','pre_footer_sidebar','nest',0,'{\"id\":\"NewsletterWidget\",\"title\":\"Stay home & get your daily <br \\/>needs from our shop\",\"subtitle\":\"Start Your Daily Shopping with <span>Nest Mart<\\/span>\",\"image\":\"general\\/newsletter-image.png\",\"background_image\":\"general\\/newsletter-background-image.png\"}','2024-06-02 03:59:16','2024-06-02 03:59:16'),(16,'SiteFeaturesWidget','pre_footer_sidebar','nest',1,'{\"id\":\"SiteFeaturesWidget\",\"title\":\"Site Features\",\"data\":{\"1\":{\"icon\":\"general\\/icon-1.png\",\"title\":\"Best prices & offers\",\"subtitle\":\"Orders $50 or more\"},\"2\":{\"icon\":\"general\\/icon-2.png\",\"title\":\"Free delivery\",\"subtitle\":\"24\\/7 amazing services\"},\"3\":{\"icon\":\"general\\/icon-3.png\",\"title\":\"Great daily deal\",\"subtitle\":\"When you sign up\"},\"4\":{\"icon\":\"general\\/icon-4.png\",\"title\":\"Wide assortment\",\"subtitle\":\"Mega Discounts\"},\"5\":{\"icon\":\"general\\/icon-5.png\",\"title\":\"Easy returns\",\"subtitle\":\"Within 30 days\"}}}','2024-06-02 03:59:16','2024-06-02 03:59:16');


